{"id":73,"date":"2022-02-21T20:53:24","date_gmt":"2022-02-22T08:53:24","guid":{"rendered":"https:\/\/0-zz.com\/04\/?page_id=73"},"modified":"2022-03-16T05:17:48","modified_gmt":"2022-03-16T17:17:48","slug":"q","status":"publish","type":"page","link":"https:\/\/0-zz.com\/04\/q\/","title":{"rendered":"Q"},"content":{"rendered":"\n<h2 class=\"wp-block-heading\" id=\"q-04-q-04q\">q &#8211; 04\/q &#8211; 04Q<\/h2>\n\n\n\n<figure class=\"wp-block-embed is-type-video is-provider-youtube wp-block-embed-youtube wp-embed-aspect-16-9 wp-has-aspect-ratio\"><div class=\"wp-block-embed__wrapper\">\n<iframe loading=\"lazy\" title=\"Human - S\u0142o\u0144ce moje (Official Audio)\" width=\"580\" height=\"326\" src=\"https:\/\/www.youtube.com\/embed\/CAAhepHEzEM?feature=oembed\" frameborder=\"0\" allow=\"accelerometer; autoplay; clipboard-write; encrypted-media; gyroscope; picture-in-picture; web-share\" referrerpolicy=\"strict-origin-when-cross-origin\" allowfullscreen><\/iframe>\n<\/div><\/figure>\n\n\n\n<h2 class=\"wp-block-heading\" id=\"human-slonce-moje-official-audio\">Human &#8211; S\u0142o\u0144ce moje (Official Audio)<\/h2>\n\n\n\n<p>2.7M views&nbsp;\u00b7&nbsp;7 years ago<\/p>\n\n\n\n<h2 class=\"wp-block-heading\" id=\"mjm-music-pl\">MJM Music PL<\/h2>\n\n\n\n<p>SUBSCRIBED 46.7K subscribers<\/p>\n\n\n\n<p><a href=\"https:\/\/m.youtube.com\/channel\/UCpW8I_9qljdQKe92EhrCIMw\">https:\/\/m.youtube.com\/channel\/UCpW8I_9qljdQKe92EhrCIMw<\/a><\/p>\n\n\n\n<p>To by\u0142o jak kr\u00f3tki sen, kocha\u0142em tak jeden raz<br>Wierzy\u0142em w t\u0119 mi\u0142o\u015b\u0107 tak i nagle rozpad\u0142 si\u0119 \u015bwiat<br>Bo kocha\u0107 to jedno jest a drugie kochanym by\u0107<br>Ooo ca\u0142a mi\u0142o\u015b\u0107 ma dla Ciebie jest.<\/p>\n\n\n\n<p>Pami\u0119tam dok\u0142adnie twarz, w jej oczach widzia\u0142em raj<br>Chodzili\u015bmy po\u015br\u00f3d drzew, kochali\u015bmy ca\u0142y \u015bwiat<br>Co wart jest cz\u0142owiek sam, jak kr\u00f3tka jego droga<br>Co warty cz\u0142owiek jest, gdy nie ma w sercu Boga<\/p>\n\n\n\n<p>To by\u0142o jak kr\u00f3tki sen, kocha\u0142em tak tylko raz<br>Chodzili\u015bmy po\u015br\u00f3d drzew, ja chcia\u0142em da\u0107 jej ca\u0142y \u015bwiat<br>A kiedy wybior\u0119 si\u0119 w t\u0119 drog\u0119, ostatni\u0105 z dr\u00f3g<br>Zabior\u0119 ze sob\u0105 bzy, tak je kocha\u0142a\u015b, wi\u0119c dam, dam je ci, s\u0142o\u0144ce moje<\/p>\n\n\n\n<p><a href=\"https:\/\/www.tekstowo.pl\/piosenka,human,slo_ce.html\">https:\/\/www.tekstowo.pl\/piosenka,human,slo_ce.html<\/a><\/p>\n\n\n\n<hr class=\"wp-block-separator\"\/>\n\n\n\n<h4 class=\"wp-block-heading\">0-zz.com\/0 &#8211; 0-zz.com\/z :<\/h4>\n\n\n\n<p><small><strong><a href=\"http:\/\/0-zz.com\/0\">1\ufe0f\u20e31\ufe0f\u20e3-0<\/a> |<a href=\"http:\/\/0-zz.com\/1\">1\ufe0f\u20e32\ufe0f\u20e3-1<\/a> |<a href=\"http:\/\/0-zz.com\/2\">1\ufe0f\u20e33\ufe0f\u20e3-2<\/a> |<a href=\"http:\/\/0-zz.com\/3\">1\ufe0f\u20e34\ufe0f\u20e3-3<\/a> |<a href=\"http:\/\/0-zz.com\/4\">1\ufe0f\u20e35\ufe0f\u20e3-4<\/a> |<a href=\"http:\/\/0-zz.com\/5\">1\ufe0f\u20e36\ufe0f\u20e3-5<\/a> <\/strong><\/small><br><small> <strong><a href=\"http:\/\/0-zz.com\/6\">2\ufe0f\u20e31\ufe0f\u20e3-6<\/a> |<a href=\"http:\/\/0-zz.com\/7\">2\ufe0f\u20e32\ufe0f\u20e3-7<\/a> |<a href=\"http:\/\/0-zz.com\/8\">2\ufe0f\u20e33\ufe0f\u20e3-8<\/a> |<a href=\"http:\/\/0-zz.com\/9\">2\ufe0f\u20e34\ufe0f\u20e3-9<\/a> |<a href=\"http:\/\/0-zz.com\/a\">2\ufe0f\u20e35\ufe0f\u20e3-A<\/a> |<a href=\"http:\/\/0-zz.com\/b\">2\ufe0f\u20e36\ufe0f\u20e3-B<\/a><\/strong><\/small><br><small> <strong><a href=\"http:\/\/0-zz.com\/c\">3\ufe0f\u20e31\ufe0f\u20e3-C<\/a> |<a href=\"http:\/\/0-zz.com\/d\">3\ufe0f\u20e32\ufe0f\u20e3-D<\/a> |<a href=\"http:\/\/0-zz.com\/e\">3\ufe0f\u20e33\ufe0f\u20e3-E<\/a> |<a href=\"http:\/\/0-zz.com\/f\">3\ufe0f\u20e34\ufe0f\u20e3-F<\/a> |<a href=\"http:\/\/0-zz.com\/g\">3\ufe0f\u20e35\ufe0f\u20e3-G<\/a> |<a href=\"http:\/\/0-zz.com\/h\">3\ufe0f\u20e36\ufe0f\u20e3-H<\/a><\/strong><\/small><br><small> <strong><a href=\"http:\/\/0-zz.com\/i\">4\ufe0f\u20e31\ufe0f\u20e3-I<\/a> |<a href=\"http:\/\/0-zz.com\/j\">4\ufe0f\u20e32\ufe0f\u20e3-J<\/a> |<a href=\"http:\/\/0-zz.com\/k\">4\ufe0f\u20e33\ufe0f\u20e3-K<\/a> |<a href=\"http:\/\/0-zz.com\/l\">4\ufe0f\u20e34\ufe0f\u20e3-L<\/a> |<a href=\"http:\/\/0-zz.com\/m\">4\ufe0f\u20e35\ufe0f\u20e3-M<\/a> |<a href=\"http:\/\/0-zz.com\/n\">4\ufe0f\u20e36\ufe0f\u20e3-N<\/a><\/strong><\/small><br><small> <strong><a href=\"http:\/\/0-zz.com\/o\">5\ufe0f\u20e31\ufe0f\u20e3-O<\/a> |<a href=\"http:\/\/0-zz.com\/p\">5\ufe0f\u20e32\ufe0f\u20e3-P<\/a> |<a href=\"http:\/\/0-zz.com\/q\">5\ufe0f\u20e33\ufe0f\u20e3-Q<\/a> |<a href=\"http:\/\/0-zz.com\/r\">5\ufe0f\u20e34\ufe0f\u20e3-R<\/a> |<a href=\"http:\/\/0-zz.com\/s\">5\ufe0f\u20e35\ufe0f\u20e3-S<\/a> |<a href=\"http:\/\/0-zz.com\/t\">5\ufe0f\u20e36\ufe0f\u20e3-T<\/a><\/strong><\/small><br><small> <strong><a href=\"http:\/\/0-zz.com\/u\">6\ufe0f\u20e31\ufe0f\u20e3-U<\/a> |<a href=\"http:\/\/0-zz.com\/v\">6\ufe0f\u20e32\ufe0f\u20e3-V<\/a> |<a href=\"http:\/\/0-zz.com\/w\">6\ufe0f\u20e33\ufe0f\u20e3-W<\/a> |<a href=\"http:\/\/0-zz.com\/x\">6\ufe0f\u20e34\ufe0f\u20e3-X<\/a> |<a href=\"http:\/\/0-zz.com\/y\">6\ufe0f\u20e35\ufe0f\u20e3-Y<\/a> |<a href=\"http:\/\/0-zz.com\/z\">6\ufe0f\u20e36\ufe0f\u20e3-Z<\/a><\/strong><\/small><\/p>\n\n\n\n<p>Roll 2 dice ?? 1\ufe0f\u20e32\ufe0f\u20e33\ufe0f\u20e34\ufe0f\u20e35\ufe0f\u20e36\ufe0f\u20e3<\/p>\n\n\n\n<p><a href=\"https:\/\/www.random.org\/dice\/\">https:\/\/www.random.org\/dice\/<\/a><\/p>\n\n\n\n<p><a href=\"https:\/\/www.google.com\/search?q=dice+roller\">https:\/\/www.google.com\/search?q=dice+roller<\/a><\/p>\n\n\n\n<hr class=\"wp-block-separator\"\/>\n\n\n\n<p><a href=\"https:\/\/12r.pl\/ea\/\">12r.pl\/ea<\/a>&nbsp;-&gt;&nbsp;<a href=\"https:\/\/12r.uk\/ea\/\">12r.uk\/ea<\/a>&nbsp;-&gt;&nbsp;<a href=\"https:\/\/7hi7.com\/ea\/\">7hi7.com\/ea<\/a><\/p>\n\n\n\n<p>Wikipedia.org &#8211; Play game &#8211; portals, categories, states, cities, capital cities<\/p>\n","protected":false},"excerpt":{"rendered":"<p>q &#8211; 04\/q &#8211; 04Q Human &#8211; S\u0142o\u0144ce moje (Official Audio) 2.7M views&nbsp;\u00b7&nbsp;7 years ago MJM Music PL SUBSCRIBED 46.7K subscribers https:\/\/m.youtube.com\/channel\/UCpW8I_9qljdQKe92EhrCIMw To by\u0142o jak kr\u00f3tki sen, kocha\u0142em tak jeden razWierzy\u0142em w t\u0119 mi\u0142o\u015b\u0107 tak i nagle rozpad\u0142 si\u0119 \u015bwiatBo kocha\u0107 to jedno jest a drugie kochanym by\u0107Ooo ca\u0142a mi\u0142o\u015b\u0107 ma dla Ciebie jest. Pami\u0119tam [&hellip;]<\/p>\n","protected":false},"author":1,"featured_media":0,"parent":0,"menu_order":0,"comment_status":"closed","ping_status":"closed","template":"","meta":{"footnotes":""},"class_list":["post-73","page","type-page","status-publish","hentry"],"_links":{"self":[{"href":"https:\/\/0-zz.com\/04\/wp-json\/wp\/v2\/pages\/73","targetHints":{"allow":["GET"]}}],"collection":[{"href":"https:\/\/0-zz.com\/04\/wp-json\/wp\/v2\/pages"}],"about":[{"href":"https:\/\/0-zz.com\/04\/wp-json\/wp\/v2\/types\/page"}],"author":[{"embeddable":true,"href":"https:\/\/0-zz.com\/04\/wp-json\/wp\/v2\/users\/1"}],"replies":[{"embeddable":true,"href":"https:\/\/0-zz.com\/04\/wp-json\/wp\/v2\/comments?post=73"}],"version-history":[{"count":2,"href":"https:\/\/0-zz.com\/04\/wp-json\/wp\/v2\/pages\/73\/revisions"}],"predecessor-version":[{"id":125,"href":"https:\/\/0-zz.com\/04\/wp-json\/wp\/v2\/pages\/73\/revisions\/125"}],"wp:attachment":[{"href":"https:\/\/0-zz.com\/04\/wp-json\/wp\/v2\/media?parent=73"}],"curies":[{"name":"wp","href":"https:\/\/api.w.org\/{rel}","templated":true}]}}