{"id":60,"date":"2022-02-21T19:16:02","date_gmt":"2022-02-22T07:16:02","guid":{"rendered":"https:\/\/0-zz.com\/04\/?page_id=60"},"modified":"2022-04-28T22:20:13","modified_gmt":"2022-04-29T10:20:13","slug":"k","status":"publish","type":"page","link":"https:\/\/0-zz.com\/04\/k\/","title":{"rendered":"K"},"content":{"rendered":"\n<h2 class=\"wp-block-heading\" id=\"k-04-k-04k\">k &#8211; 04\/k &#8211; 04K<\/h2>\n\n\n\n<figure class=\"wp-block-embed is-type-video is-provider-youtube wp-block-embed-youtube wp-embed-aspect-16-9 wp-has-aspect-ratio\"><div class=\"wp-block-embed__wrapper\">\n<iframe loading=\"lazy\" title=\"Maryla Rodowicz- Niech \u017cyje bal\" width=\"580\" height=\"326\" src=\"https:\/\/www.youtube.com\/embed\/opD39_XuKgI?feature=oembed\" frameborder=\"0\" allow=\"accelerometer; autoplay; clipboard-write; encrypted-media; gyroscope; picture-in-picture; web-share\" referrerpolicy=\"strict-origin-when-cross-origin\" allowfullscreen><\/iframe>\n<\/div><\/figure>\n\n\n\n<h2 class=\"wp-block-heading\" id=\"maryla-rodowicz-niech-zyje-bal\">Maryla Rodowicz- Niech \u017cyje bal<\/h2>\n\n\n\n<p>1.4M views&nbsp;\u00b7&nbsp;8 years ago<\/p>\n\n\n\n<h2 class=\"wp-block-heading\" id=\"krzysztof-krawczyk\">Krzysztof Krawczyk<\/h2>\n\n\n\n<p>SUBSCRIBED 11.6K subscribers<\/p>\n\n\n\n<p><a href=\"https:\/\/m.youtube.com\/channel\/UCL4USO_uAAuQ4h2DrEmByXw\">https:\/\/m.youtube.com\/channel\/UCL4USO_uAAuQ4h2DrEmByXw<\/a><\/p>\n\n\n\n<p>\u017bycie kochanie trwa tyle co taniec,<br>fandango, bolero, be-bop,<br>manna, hosanna, r\u00f3\u017caniec i szaniec,<br>i jazda, i basta, i stop.<\/p>\n\n\n\n<p>Bal to najd\u0142u\u017cszy na jaki nas prosz\u0105,<br>nie graj\u0105 na bis, chocia\u017c \u017cal.<br>Zanim wi\u0119c serca upad\u0142o\u015b\u0107 og\u0142osz\u0105<br>na bal, marsz na bal.<\/p>\n\n\n\n<p>Szalejcie aorty, ja id\u0119 na korty,<br>Roboto ty w r\u0119kach si\u0119 pal.<br>Miasta nieczu\u0142e mijajcie jak porty,<br>Bo \u017cycie, bo \u017cycie to bal.<\/p>\n\n\n\n<p>Bufet jak bufet jest zaopatrzony,<br>Zale\u017cy czy tu, czy gdzie\u015b tam.<br>Ta\u0144cz p\u00f3ki \u017cyjesz i \u015bmiej si\u0119 do \u017cony,<br>I pij&#8230; zdrowie dam!<\/p>\n\n\n\n<p>Ref.<br>Niech \u017cyje Bal!<br>Bo to \u017cycie, to Bal jest nad Bale!<br>Niech \u017cyje Bal!<br>Drugi raz nie zaprosz\u0105 nas wcale!<br>Orkiestra gra!<br>Jeszcze ta\u0144cz\u0105 i drzwi s\u0105 otwarte!<br>Dzie\u0144 warty dnia!<br>A to \u017cycie zachodu jest warte!<\/p>\n\n\n\n<p>Ch\u0142opo-robotnik i boa grzechotnik,<br>z niebytu wynurza si\u0119 fal,<br>wiedzie swa mam\u0119 i tat\u0119, i \u017conk\u0119,<br>i rusza, wyrusza na bal.<\/p>\n\n\n\n<p>Sucha kostucha &#8211; ta Miss Wykidaj\u0142o,<br>wy\u0142\u0105czy nam pr\u0105d w \u015brodku dnia.<br>Pchajmy wiec taczki ob\u0142\u0119du, jak Byron,<br>bo raz mamy Bal!<\/p>\n\n\n\n<p>Ref.<br>Niech \u017cyje Bal!<br>Bo to \u017cycie to Bal jest nad Bale!<br>Niech \u017cyje Bal!<br>Drugi raz nie zaprosz\u0105 nas wcale!<br>Orkiestra gra!<br>Jeszcze ta\u0144cz\u0105 i drzwi s\u0105 otwarte!<br>Dzie\u0144 warty dnia!<br>A to \u017cycie zachodu jest warte!<\/p>\n\n\n\n<figure class=\"wp-block-table\"><table><tbody><tr><th>Autor tekstu:<\/th><td>Agnieszka Osiecka<\/td><\/tr><tr><th>Kompozytor:<\/th><td>Seweryn Krajewski<\/td><\/tr><\/tbody><\/table><\/figure>\n\n\n\n<p><a href=\"https:\/\/www.tekstowo.pl\/piosenka,maryla_rodowicz,niech_zyje_bal.html\">https:\/\/www.tekstowo.pl\/piosenka,maryla_rodowicz,niech_zyje_bal.html<\/a><\/p>\n\n\n\n<hr class=\"wp-block-separator\"\/>\n\n\n\n<h4 class=\"wp-block-heading\">0-zz.com\/0 &#8211; 0-zz.com\/z :<\/h4>\n\n\n\n<p><small><strong><a href=\"http:\/\/0-zz.com\/0\">1\ufe0f\u20e31\ufe0f\u20e3-0<\/a> |<a href=\"http:\/\/0-zz.com\/1\">1\ufe0f\u20e32\ufe0f\u20e3-1<\/a> |<a href=\"http:\/\/0-zz.com\/2\">1\ufe0f\u20e33\ufe0f\u20e3-2<\/a> |<a href=\"http:\/\/0-zz.com\/3\">1\ufe0f\u20e34\ufe0f\u20e3-3<\/a> |<a href=\"http:\/\/0-zz.com\/4\">1\ufe0f\u20e35\ufe0f\u20e3-4<\/a> |<a href=\"http:\/\/0-zz.com\/5\">1\ufe0f\u20e36\ufe0f\u20e3-5<\/a> <\/strong><\/small><br><small> <strong><a href=\"http:\/\/0-zz.com\/6\">2\ufe0f\u20e31\ufe0f\u20e3-6<\/a> |<a href=\"http:\/\/0-zz.com\/7\">2\ufe0f\u20e32\ufe0f\u20e3-7<\/a> |<a href=\"http:\/\/0-zz.com\/8\">2\ufe0f\u20e33\ufe0f\u20e3-8<\/a> |<a href=\"http:\/\/0-zz.com\/9\">2\ufe0f\u20e34\ufe0f\u20e3-9<\/a> |<a href=\"http:\/\/0-zz.com\/a\">2\ufe0f\u20e35\ufe0f\u20e3-A<\/a> |<a href=\"http:\/\/0-zz.com\/b\">2\ufe0f\u20e36\ufe0f\u20e3-B<\/a><\/strong><\/small><br><small> <strong><a href=\"http:\/\/0-zz.com\/c\">3\ufe0f\u20e31\ufe0f\u20e3-C<\/a> |<a href=\"http:\/\/0-zz.com\/d\">3\ufe0f\u20e32\ufe0f\u20e3-D<\/a> |<a href=\"http:\/\/0-zz.com\/e\">3\ufe0f\u20e33\ufe0f\u20e3-E<\/a> |<a href=\"http:\/\/0-zz.com\/f\">3\ufe0f\u20e34\ufe0f\u20e3-F<\/a> |<a href=\"http:\/\/0-zz.com\/g\">3\ufe0f\u20e35\ufe0f\u20e3-G<\/a> |<a href=\"http:\/\/0-zz.com\/h\">3\ufe0f\u20e36\ufe0f\u20e3-H<\/a><\/strong><\/small><br><small> <strong><a href=\"http:\/\/0-zz.com\/i\">4\ufe0f\u20e31\ufe0f\u20e3-I<\/a> |<a href=\"http:\/\/0-zz.com\/j\">4\ufe0f\u20e32\ufe0f\u20e3-J<\/a> |<a href=\"http:\/\/0-zz.com\/k\">4\ufe0f\u20e33\ufe0f\u20e3-K<\/a> |<a href=\"http:\/\/0-zz.com\/l\">4\ufe0f\u20e34\ufe0f\u20e3-L<\/a> |<a href=\"http:\/\/0-zz.com\/m\">4\ufe0f\u20e35\ufe0f\u20e3-M<\/a> |<a href=\"http:\/\/0-zz.com\/n\">4\ufe0f\u20e36\ufe0f\u20e3-N<\/a><\/strong><\/small><br><small> <strong><a href=\"http:\/\/0-zz.com\/o\">5\ufe0f\u20e31\ufe0f\u20e3-O<\/a> |<a href=\"http:\/\/0-zz.com\/p\">5\ufe0f\u20e32\ufe0f\u20e3-P<\/a> |<a href=\"http:\/\/0-zz.com\/q\">5\ufe0f\u20e33\ufe0f\u20e3-Q<\/a> |<a href=\"http:\/\/0-zz.com\/r\">5\ufe0f\u20e34\ufe0f\u20e3-R<\/a> |<a href=\"http:\/\/0-zz.com\/s\">5\ufe0f\u20e35\ufe0f\u20e3-S<\/a> |<a href=\"http:\/\/0-zz.com\/t\">5\ufe0f\u20e36\ufe0f\u20e3-T<\/a><\/strong><\/small><br><small> <strong><a href=\"http:\/\/0-zz.com\/u\">6\ufe0f\u20e31\ufe0f\u20e3-U<\/a> |<a href=\"http:\/\/0-zz.com\/v\">6\ufe0f\u20e32\ufe0f\u20e3-V<\/a> |<a href=\"http:\/\/0-zz.com\/w\">6\ufe0f\u20e33\ufe0f\u20e3-W<\/a> |<a href=\"http:\/\/0-zz.com\/x\">6\ufe0f\u20e34\ufe0f\u20e3-X<\/a> |<a href=\"http:\/\/0-zz.com\/y\">6\ufe0f\u20e35\ufe0f\u20e3-Y<\/a> |<a href=\"http:\/\/0-zz.com\/z\">6\ufe0f\u20e36\ufe0f\u20e3-Z<\/a><\/strong><\/small><\/p>\n\n\n\n<p>Roll 2 dice ?? 1\ufe0f\u20e32\ufe0f\u20e33\ufe0f\u20e34\ufe0f\u20e35\ufe0f\u20e36\ufe0f\u20e3<\/p>\n\n\n\n<p><a href=\"https:\/\/www.random.org\/dice\/\">https:\/\/www.random.org\/dice\/<\/a><\/p>\n\n\n\n<p><a href=\"https:\/\/www.google.com\/search?q=dice+roller\">https:\/\/www.google.com\/search?q=dice+roller<\/a><\/p>\n\n\n\n<hr class=\"wp-block-separator\"\/>\n\n\n\n<p><a href=\"https:\/\/12r.pl\/ea\/\">12r.pl\/ea<\/a>&nbsp;-&gt;&nbsp;<a href=\"https:\/\/12r.uk\/ea\/\">12r.uk\/ea<\/a>&nbsp;-&gt;&nbsp;<a href=\"https:\/\/7hi7.com\/ea\/\">7hi7.com\/ea<\/a><\/p>\n\n\n\n<p>Wikipedia.org &#8211; Play game &#8211; portals, categories, states, cities, capital cities<\/p>\n","protected":false},"excerpt":{"rendered":"<p>k &#8211; 04\/k &#8211; 04K Maryla Rodowicz- Niech \u017cyje bal 1.4M views&nbsp;\u00b7&nbsp;8 years ago Krzysztof Krawczyk SUBSCRIBED 11.6K subscribers https:\/\/m.youtube.com\/channel\/UCL4USO_uAAuQ4h2DrEmByXw \u017bycie kochanie trwa tyle co taniec,fandango, bolero, be-bop,manna, hosanna, r\u00f3\u017caniec i szaniec,i jazda, i basta, i stop. Bal to najd\u0142u\u017cszy na jaki nas prosz\u0105,nie graj\u0105 na bis, chocia\u017c \u017cal.Zanim wi\u0119c serca upad\u0142o\u015b\u0107 og\u0142osz\u0105na bal, marsz [&hellip;]<\/p>\n","protected":false},"author":1,"featured_media":0,"parent":0,"menu_order":0,"comment_status":"closed","ping_status":"closed","template":"","meta":{"footnotes":""},"class_list":["post-60","page","type-page","status-publish","hentry"],"_links":{"self":[{"href":"https:\/\/0-zz.com\/04\/wp-json\/wp\/v2\/pages\/60","targetHints":{"allow":["GET"]}}],"collection":[{"href":"https:\/\/0-zz.com\/04\/wp-json\/wp\/v2\/pages"}],"about":[{"href":"https:\/\/0-zz.com\/04\/wp-json\/wp\/v2\/types\/page"}],"author":[{"embeddable":true,"href":"https:\/\/0-zz.com\/04\/wp-json\/wp\/v2\/users\/1"}],"replies":[{"embeddable":true,"href":"https:\/\/0-zz.com\/04\/wp-json\/wp\/v2\/comments?post=60"}],"version-history":[{"count":3,"href":"https:\/\/0-zz.com\/04\/wp-json\/wp\/v2\/pages\/60\/revisions"}],"predecessor-version":[{"id":158,"href":"https:\/\/0-zz.com\/04\/wp-json\/wp\/v2\/pages\/60\/revisions\/158"}],"wp:attachment":[{"href":"https:\/\/0-zz.com\/04\/wp-json\/wp\/v2\/media?parent=60"}],"curies":[{"name":"wp","href":"https:\/\/api.w.org\/{rel}","templated":true}]}}