{"id":56,"date":"2022-02-21T18:51:40","date_gmt":"2022-02-22T06:51:40","guid":{"rendered":"https:\/\/0-zz.com\/04\/?page_id=56"},"modified":"2022-04-28T22:17:33","modified_gmt":"2022-04-29T10:17:33","slug":"i","status":"publish","type":"page","link":"https:\/\/0-zz.com\/04\/i\/","title":{"rendered":"I"},"content":{"rendered":"\n<h2 class=\"wp-block-heading\" id=\"i-04-i-04i\">i &#8211; 04\/i &#8211; 04I<\/h2>\n\n\n\n<figure class=\"wp-block-embed is-type-video is-provider-youtube wp-block-embed-youtube wp-embed-aspect-16-9 wp-has-aspect-ratio\"><div class=\"wp-block-embed__wrapper\">\n<iframe loading=\"lazy\" title=\"Marek Grechuta \/ Anawa - \u015awiecie nasz [Official Audio]\" width=\"580\" height=\"326\" src=\"https:\/\/www.youtube.com\/embed\/fhw117j7LLg?feature=oembed\" frameborder=\"0\" allow=\"accelerometer; autoplay; clipboard-write; encrypted-media; gyroscope; picture-in-picture; web-share\" referrerpolicy=\"strict-origin-when-cross-origin\" allowfullscreen><\/iframe>\n<\/div><\/figure>\n\n\n\n<h2 class=\"wp-block-heading\" id=\"marek-grechuta-anawa-swiecie-nasz-official-audio\">Marek Grechuta \/ Anawa &#8211; \u015awiecie nasz [Official Audio]<\/h2>\n\n\n\n<p>716K views&nbsp;\u00b7&nbsp;2 years ago<\/p>\n\n\n\n<h2 class=\"wp-block-heading\" id=\"polskie-nagrania\">Polskie Nagrania<\/h2>\n\n\n\n<p>SUBSCRIBED 108K subscribers<\/p>\n\n\n\n<p><a href=\"https:\/\/m.youtube.com\/channel\/UCeAFhL7tQmtLp9zk7uQpNoQ\">https:\/\/m.youtube.com\/channel\/UCeAFhL7tQmtLp9zk7uQpNoQ<\/a><\/p>\n\n\n\n<p>Pyta\u0107 zawsze &#8211; dok\u0105d, dok\u0105d?<br>Gdzie jest prawda, ziemi s\u00f3l,<br>Pyta\u0107 zawsze &#8211; jak zagubi\u0107,<br>Smutek wszelki, p\u0142acz i b\u00f3l<\/p>\n\n\n\n<p>Chwyta\u0107 my\u015bli nag\u0142e, jasne,<br>Szuka\u0107 tam, gdzie \u015bwiat\u0142a biel,<br>W Twoich oczach dwa ogniki,<br>Ju\u017c zwiastuj\u0105, znacz\u0105 cel,<\/p>\n\n\n\n<p>W Twoich oczach dwa ogniki,<br>Ju\u017c zwiastuj\u0105, znacz\u0105 cel.<\/p>\n\n\n\n<p>\u015awiecie nasz, \u015bwiecie nasz,<br>Chc\u0119 by\u0107 z Tob\u0105 w zmowie,<br>Z blaskiem twym, si\u0142\u0105 tw\u0105,<br>Co mi dasz &#8211; odpowiedz!<\/p>\n\n\n\n<p>\u015awiecie nasz &#8211; daj nam,<br>Daj nam wreszcie zgod\u0119,<br>Spok\u00f3j daj &#8211; zgub\u0119 we\u017a,<br>Zabierz j\u0105, odprowad\u017a.<\/p>\n\n\n\n<p>Szukaj dr\u00f3g gdzie jasny d\u017awi\u0119k,<br>W\u015br\u00f3d ogni z\u0142ych co budz\u0105 l\u0119k,<br>Nie prowad\u017a nas, powstrzymaj nas,<br>Powstrzymaj nas w pogoni&#8230;<\/p>\n\n\n\n<p>\u015awiecie nasz &#8211;<br>Daj nam wiele jasnych dni!<br>\u015awiecie nasz &#8211;<br>Daj nam w jasnym dniu oczekiwanie!<br>\u015awiecie nasz &#8211;<br>Daj ugasi\u0107 ogie\u0144 z\u0142y!<br>\u015awiecie nasz &#8211;<br>Daj nam rado\u015b\u0107, kt\u00f3rej tak szukamy!<br>\u015awiecie nasz &#8211;<br>Daj nam p\u0142omie\u0144, stal i d\u017awi\u0119k!<br>\u015awiecie nasz &#8211;<br>Daj otworzy\u0107 wszystkie ci\u0119\u017ckie bramy!<br>\u015awiecie nasz &#8211;<br>Daj pokona\u0107 ka\u017cdy l\u0119k!<br>\u015awiecie nasz &#8211;<br>Daj nam rado\u015b\u0107 blasku i odmiany!<br>\u015awiecie nasz &#8211;<br>Daj nam cie\u0144 wysokich traw!<br>\u015awiecie nasz &#8211;<br>Daj zagubi\u0107 si\u0119 w\u015br\u00f3d drzew poszumu!<br>\u015awiecie nasz &#8211;<br>Daj nam ciszy czarny staw!<br>\u015awiecie nasz &#8211;<br>Daj nam si\u0142\u0119 krzyku, \u015bpiewu, t\u0142umu!<br>\u015awiecie nasz &#8211;<br>Daj nam wiele jasnych dni!<br>\u015awiecie nasz &#8211;<br>Daj nam w jasnym dniu oczekiwanie!<br>\u015awiecie nasz &#8211;<br>Daj ugasi\u0107 ogie\u0144 z\u0142y!<br>\u015awiecie nasz&#8230;<\/p>\n\n\n\n<p>\u015awiecie nasz, \u015bwiecie nasz,<br>Chc\u0119 by\u0107 z Tob\u0105 w zmowie,<br>Z blaskiem twym, si\u0142\u0105 tw\u0105,<br>Co mi dasz &#8211; odpowiedz!<\/p>\n\n\n\n<figure class=\"wp-block-table\"><table><tbody><tr><th>Autor tekstu:<\/th><td>Marek Grechuta<\/td><\/tr><tr><th>Kompozytor:<\/th><td>Jan Kanty Pawlu\u015bkiewicz<\/td><\/tr><\/tbody><\/table><\/figure>\n\n\n\n<p><a href=\"https:\/\/www.tekstowo.pl\/piosenka,marek_grechuta,Swiecie_nasz.html\">https:\/\/www.tekstowo.pl\/piosenka,marek_grechuta,Swiecie_nasz.html<\/a><\/p>\n\n\n\n<hr class=\"wp-block-separator\"\/>\n\n\n\n<h4 class=\"wp-block-heading\">0-zz.com\/0 &#8211; 0-zz.com\/z :<\/h4>\n\n\n\n<p><small><strong><a href=\"http:\/\/0-zz.com\/0\">1\ufe0f\u20e31\ufe0f\u20e3-0<\/a> |<a href=\"http:\/\/0-zz.com\/1\">1\ufe0f\u20e32\ufe0f\u20e3-1<\/a> |<a href=\"http:\/\/0-zz.com\/2\">1\ufe0f\u20e33\ufe0f\u20e3-2<\/a> |<a href=\"http:\/\/0-zz.com\/3\">1\ufe0f\u20e34\ufe0f\u20e3-3<\/a> |<a href=\"http:\/\/0-zz.com\/4\">1\ufe0f\u20e35\ufe0f\u20e3-4<\/a> |<a href=\"http:\/\/0-zz.com\/5\">1\ufe0f\u20e36\ufe0f\u20e3-5<\/a> <\/strong><\/small><br><small> <strong><a href=\"http:\/\/0-zz.com\/6\">2\ufe0f\u20e31\ufe0f\u20e3-6<\/a> |<a href=\"http:\/\/0-zz.com\/7\">2\ufe0f\u20e32\ufe0f\u20e3-7<\/a> |<a href=\"http:\/\/0-zz.com\/8\">2\ufe0f\u20e33\ufe0f\u20e3-8<\/a> |<a href=\"http:\/\/0-zz.com\/9\">2\ufe0f\u20e34\ufe0f\u20e3-9<\/a> |<a href=\"http:\/\/0-zz.com\/a\">2\ufe0f\u20e35\ufe0f\u20e3-A<\/a> |<a href=\"http:\/\/0-zz.com\/b\">2\ufe0f\u20e36\ufe0f\u20e3-B<\/a><\/strong><\/small><br><small> <strong><a href=\"http:\/\/0-zz.com\/c\">3\ufe0f\u20e31\ufe0f\u20e3-C<\/a> |<a href=\"http:\/\/0-zz.com\/d\">3\ufe0f\u20e32\ufe0f\u20e3-D<\/a> |<a href=\"http:\/\/0-zz.com\/e\">3\ufe0f\u20e33\ufe0f\u20e3-E<\/a> |<a href=\"http:\/\/0-zz.com\/f\">3\ufe0f\u20e34\ufe0f\u20e3-F<\/a> |<a href=\"http:\/\/0-zz.com\/g\">3\ufe0f\u20e35\ufe0f\u20e3-G<\/a> |<a href=\"http:\/\/0-zz.com\/h\">3\ufe0f\u20e36\ufe0f\u20e3-H<\/a><\/strong><\/small><br><small> <strong><a href=\"http:\/\/0-zz.com\/i\">4\ufe0f\u20e31\ufe0f\u20e3-I<\/a> |<a href=\"http:\/\/0-zz.com\/j\">4\ufe0f\u20e32\ufe0f\u20e3-J<\/a> |<a href=\"http:\/\/0-zz.com\/k\">4\ufe0f\u20e33\ufe0f\u20e3-K<\/a> |<a href=\"http:\/\/0-zz.com\/l\">4\ufe0f\u20e34\ufe0f\u20e3-L<\/a> |<a href=\"http:\/\/0-zz.com\/m\">4\ufe0f\u20e35\ufe0f\u20e3-M<\/a> |<a href=\"http:\/\/0-zz.com\/n\">4\ufe0f\u20e36\ufe0f\u20e3-N<\/a><\/strong><\/small><br><small> <strong><a href=\"http:\/\/0-zz.com\/o\">5\ufe0f\u20e31\ufe0f\u20e3-O<\/a> |<a href=\"http:\/\/0-zz.com\/p\">5\ufe0f\u20e32\ufe0f\u20e3-P<\/a> |<a href=\"http:\/\/0-zz.com\/q\">5\ufe0f\u20e33\ufe0f\u20e3-Q<\/a> |<a href=\"http:\/\/0-zz.com\/r\">5\ufe0f\u20e34\ufe0f\u20e3-R<\/a> |<a href=\"http:\/\/0-zz.com\/s\">5\ufe0f\u20e35\ufe0f\u20e3-S<\/a> |<a href=\"http:\/\/0-zz.com\/t\">5\ufe0f\u20e36\ufe0f\u20e3-T<\/a><\/strong><\/small><br><small> <strong><a href=\"http:\/\/0-zz.com\/u\">6\ufe0f\u20e31\ufe0f\u20e3-U<\/a> |<a href=\"http:\/\/0-zz.com\/v\">6\ufe0f\u20e32\ufe0f\u20e3-V<\/a> |<a href=\"http:\/\/0-zz.com\/w\">6\ufe0f\u20e33\ufe0f\u20e3-W<\/a> |<a href=\"http:\/\/0-zz.com\/x\">6\ufe0f\u20e34\ufe0f\u20e3-X<\/a> |<a href=\"http:\/\/0-zz.com\/y\">6\ufe0f\u20e35\ufe0f\u20e3-Y<\/a> |<a href=\"http:\/\/0-zz.com\/z\">6\ufe0f\u20e36\ufe0f\u20e3-Z<\/a><\/strong><\/small><\/p>\n\n\n\n<p>Roll 2 dice ?? 1\ufe0f\u20e32\ufe0f\u20e33\ufe0f\u20e34\ufe0f\u20e35\ufe0f\u20e36\ufe0f\u20e3<\/p>\n\n\n\n<p><a href=\"https:\/\/www.random.org\/dice\/\">https:\/\/www.random.org\/dice\/<\/a><\/p>\n\n\n\n<p><a href=\"https:\/\/www.google.com\/search?q=dice+roller\">https:\/\/www.google.com\/search?q=dice+roller<\/a><\/p>\n\n\n\n<hr class=\"wp-block-separator\"\/>\n\n\n\n<p><a href=\"https:\/\/12r.pl\/ea\/\">12r.pl\/ea<\/a>&nbsp;-&gt;&nbsp;<a href=\"https:\/\/12r.uk\/ea\/\">12r.uk\/ea<\/a>&nbsp;-&gt;&nbsp;<a href=\"https:\/\/7hi7.com\/ea\/\">7hi7.com\/ea<\/a><\/p>\n\n\n\n<p>Wikipedia.org &#8211; Play game &#8211; portals, categories, states, cities, capital cities<\/p>\n","protected":false},"excerpt":{"rendered":"<p>i &#8211; 04\/i &#8211; 04I Marek Grechuta \/ Anawa &#8211; \u015awiecie nasz [Official Audio] 716K views&nbsp;\u00b7&nbsp;2 years ago Polskie Nagrania SUBSCRIBED 108K subscribers https:\/\/m.youtube.com\/channel\/UCeAFhL7tQmtLp9zk7uQpNoQ Pyta\u0107 zawsze &#8211; dok\u0105d, dok\u0105d?Gdzie jest prawda, ziemi s\u00f3l,Pyta\u0107 zawsze &#8211; jak zagubi\u0107,Smutek wszelki, p\u0142acz i b\u00f3l Chwyta\u0107 my\u015bli nag\u0142e, jasne,Szuka\u0107 tam, gdzie \u015bwiat\u0142a biel,W Twoich oczach dwa ogniki,Ju\u017c zwiastuj\u0105, znacz\u0105 [&hellip;]<\/p>\n","protected":false},"author":1,"featured_media":0,"parent":0,"menu_order":0,"comment_status":"closed","ping_status":"closed","template":"","meta":{"footnotes":""},"class_list":["post-56","page","type-page","status-publish","hentry"],"_links":{"self":[{"href":"https:\/\/0-zz.com\/04\/wp-json\/wp\/v2\/pages\/56","targetHints":{"allow":["GET"]}}],"collection":[{"href":"https:\/\/0-zz.com\/04\/wp-json\/wp\/v2\/pages"}],"about":[{"href":"https:\/\/0-zz.com\/04\/wp-json\/wp\/v2\/types\/page"}],"author":[{"embeddable":true,"href":"https:\/\/0-zz.com\/04\/wp-json\/wp\/v2\/users\/1"}],"replies":[{"embeddable":true,"href":"https:\/\/0-zz.com\/04\/wp-json\/wp\/v2\/comments?post=56"}],"version-history":[{"count":3,"href":"https:\/\/0-zz.com\/04\/wp-json\/wp\/v2\/pages\/56\/revisions"}],"predecessor-version":[{"id":156,"href":"https:\/\/0-zz.com\/04\/wp-json\/wp\/v2\/pages\/56\/revisions\/156"}],"wp:attachment":[{"href":"https:\/\/0-zz.com\/04\/wp-json\/wp\/v2\/media?parent=56"}],"curies":[{"name":"wp","href":"https:\/\/api.w.org\/{rel}","templated":true}]}}