{"id":52,"date":"2022-02-21T18:22:19","date_gmt":"2022-02-22T06:22:19","guid":{"rendered":"https:\/\/0-zz.com\/04\/?page_id=52"},"modified":"2022-04-28T22:14:57","modified_gmt":"2022-04-29T10:14:57","slug":"g","status":"publish","type":"page","link":"https:\/\/0-zz.com\/04\/g\/","title":{"rendered":"G"},"content":{"rendered":"\n<h2 class=\"wp-block-heading\" id=\"g-04-g-04g\">g  &#8211; 04\/g &#8211; 04G<\/h2>\n\n\n\n<figure class=\"wp-block-embed is-type-video is-provider-youtube wp-block-embed-youtube wp-embed-aspect-16-9 wp-has-aspect-ratio\"><div class=\"wp-block-embed__wrapper\">\n<iframe loading=\"lazy\" title=\"AYA RL - SKORA (official video)\" width=\"580\" height=\"326\" src=\"https:\/\/www.youtube.com\/embed\/1cFzJUX99Ck?feature=oembed\" frameborder=\"0\" allow=\"accelerometer; autoplay; clipboard-write; encrypted-media; gyroscope; picture-in-picture; web-share\" referrerpolicy=\"strict-origin-when-cross-origin\" allowfullscreen><\/iframe>\n<\/div><\/figure>\n\n\n\n<h2 class=\"wp-block-heading\" id=\"aya-rl-skora-official-video\">AYA RL &#8211; SKORA (official video)<\/h2>\n\n\n\n<p>5.7M views&nbsp;\u00b7&nbsp;7 years ago<\/p>\n\n\n\n<h2 class=\"wp-block-heading\" id=\"aya-rl-official\">aya rl official<\/h2>\n\n\n\n<p>SUBSCRIBED 5.91K subscribers<\/p>\n\n\n\n<p><a href=\"https:\/\/m.youtube.com\/channel\/UCwCwQJo7G_ujQzoQN8I4KNQ\">https:\/\/m.youtube.com\/channel\/UCwCwQJo7G_ujQzoQN8I4KNQ<\/a><\/p>\n\n\n\n<p>Stoj\u0119 na ulicy z ni\u0105, stoj\u0119 twarz\u0105 w twarz<br>Kto\u015b przechodzi, tr\u0105ca \u0142okciem, wzrokiem pluje w nas<br>Szeptem m\u00f3wi\u0119 &#8211; Ma\u0142a patrz,<br>Cywilizowany \u015bwiat.<\/p>\n\n\n\n<p>Potem obejmuj\u0119 j\u0105, odp\u0142ywamy w dal<br>Nie dochodzi obcy g\u0142os, wolno p\u0142ynie czas<br>Odp\u0142ywamy w otch\u0142a\u0144 gwiazd,<br>Ma\u0142a zanu\u0107 to co ja<\/p>\n\n\n\n<p>\/Tam tam tam<br>tam ta ra ta ra tam\/ ( x4 )<\/p>\n\n\n\n<p>Stoj\u0119 na ulicy z ni\u0105, \u015bmiechy wko\u0142o nas<br>Kto\u015b przechodzi tr\u0105ca \u0142okciem, pluje Ma\u0142ej w twarz<br>G\u0142o\u015bno m\u00f3wi\u0119: Ma\u0142a patrz,<br>Cywilizowany \u015bwiat!<\/p>\n\n\n\n<p>Potem mu przestawiam nos, upad\u0142 ale wsta\u0142<br>Dooko\u0142a g\u0142os\u00f3w sto &#8211; Ten w sk\u00f3rze to dra\u0144!<br>Padam, dzisiaj by\u0142em sam,<br>Ma\u0142a zanu\u0107 to co ja<\/p>\n\n\n\n<p>\/Tam tam tam<br>tam ta ra ta ra tam\/ ( x4 )<\/p>\n\n\n\n<p>Wtedy obejmuj\u0119 j\u0105 odp\u0142ywamy w dal<br>Nie dochodzi obcy g\u0142os, wolno p\u0142ynie czas<br>Odp\u0142ywamy w otch\u0142a\u0144 gwiazd,<br>Ma\u0142a nuci to co ja:<\/p>\n\n\n\n<p>\/Tam tam tam<br>tam ta ra ta ra tam\/ ( x4 )<br>Pauza<br>\/Tam tam tam<br>tam ta ra ta ra tam\/ ( x4 )<\/p>\n\n\n\n<figure class=\"wp-block-table\"><table><tbody><tr><th>Autor tekstu:<\/th><td>Pawe\u0142 Kukiz<\/td><\/tr><tr><th>Kompozytor:<\/th><td>Igor Czerniawski<\/td><\/tr><\/tbody><\/table><\/figure>\n\n\n\n<p><a href=\"https:\/\/www.tekstowo.pl\/piosenka,aya_rl_,skora.html\">https:\/\/www.tekstowo.pl\/piosenka,aya_rl_,skora.html<\/a><\/p>\n\n\n\n<hr class=\"wp-block-separator\"\/>\n\n\n\n<h4 class=\"wp-block-heading\">0-zz.com\/0 &#8211; 0-zz.com\/z :<\/h4>\n\n\n\n<p><small><strong><a href=\"http:\/\/0-zz.com\/0\">1\ufe0f\u20e31\ufe0f\u20e3-0<\/a> |<a href=\"http:\/\/0-zz.com\/1\">1\ufe0f\u20e32\ufe0f\u20e3-1<\/a> |<a href=\"http:\/\/0-zz.com\/2\">1\ufe0f\u20e33\ufe0f\u20e3-2<\/a> |<a href=\"http:\/\/0-zz.com\/3\">1\ufe0f\u20e34\ufe0f\u20e3-3<\/a> |<a href=\"http:\/\/0-zz.com\/4\">1\ufe0f\u20e35\ufe0f\u20e3-4<\/a> |<a href=\"http:\/\/0-zz.com\/5\">1\ufe0f\u20e36\ufe0f\u20e3-5<\/a> <\/strong><\/small><br><small> <strong><a href=\"http:\/\/0-zz.com\/6\">2\ufe0f\u20e31\ufe0f\u20e3-6<\/a> |<a href=\"http:\/\/0-zz.com\/7\">2\ufe0f\u20e32\ufe0f\u20e3-7<\/a> |<a href=\"http:\/\/0-zz.com\/8\">2\ufe0f\u20e33\ufe0f\u20e3-8<\/a> |<a href=\"http:\/\/0-zz.com\/9\">2\ufe0f\u20e34\ufe0f\u20e3-9<\/a> |<a href=\"http:\/\/0-zz.com\/a\">2\ufe0f\u20e35\ufe0f\u20e3-A<\/a> |<a href=\"http:\/\/0-zz.com\/b\">2\ufe0f\u20e36\ufe0f\u20e3-B<\/a><\/strong><\/small><br><small> <strong><a href=\"http:\/\/0-zz.com\/c\">3\ufe0f\u20e31\ufe0f\u20e3-C<\/a> |<a href=\"http:\/\/0-zz.com\/d\">3\ufe0f\u20e32\ufe0f\u20e3-D<\/a> |<a href=\"http:\/\/0-zz.com\/e\">3\ufe0f\u20e33\ufe0f\u20e3-E<\/a> |<a href=\"http:\/\/0-zz.com\/f\">3\ufe0f\u20e34\ufe0f\u20e3-F<\/a> |<a href=\"http:\/\/0-zz.com\/g\">3\ufe0f\u20e35\ufe0f\u20e3-G<\/a> |<a href=\"http:\/\/0-zz.com\/h\">3\ufe0f\u20e36\ufe0f\u20e3-H<\/a><\/strong><\/small><br><small> <strong><a href=\"http:\/\/0-zz.com\/i\">4\ufe0f\u20e31\ufe0f\u20e3-I<\/a> |<a href=\"http:\/\/0-zz.com\/j\">4\ufe0f\u20e32\ufe0f\u20e3-J<\/a> |<a href=\"http:\/\/0-zz.com\/k\">4\ufe0f\u20e33\ufe0f\u20e3-K<\/a> |<a href=\"http:\/\/0-zz.com\/l\">4\ufe0f\u20e34\ufe0f\u20e3-L<\/a> |<a href=\"http:\/\/0-zz.com\/m\">4\ufe0f\u20e35\ufe0f\u20e3-M<\/a> |<a href=\"http:\/\/0-zz.com\/n\">4\ufe0f\u20e36\ufe0f\u20e3-N<\/a><\/strong><\/small><br><small> <strong><a href=\"http:\/\/0-zz.com\/o\">5\ufe0f\u20e31\ufe0f\u20e3-O<\/a> |<a href=\"http:\/\/0-zz.com\/p\">5\ufe0f\u20e32\ufe0f\u20e3-P<\/a> |<a href=\"http:\/\/0-zz.com\/q\">5\ufe0f\u20e33\ufe0f\u20e3-Q<\/a> |<a href=\"http:\/\/0-zz.com\/r\">5\ufe0f\u20e34\ufe0f\u20e3-R<\/a> |<a href=\"http:\/\/0-zz.com\/s\">5\ufe0f\u20e35\ufe0f\u20e3-S<\/a> |<a href=\"http:\/\/0-zz.com\/t\">5\ufe0f\u20e36\ufe0f\u20e3-T<\/a><\/strong><\/small><br><small> <strong><a href=\"http:\/\/0-zz.com\/u\">6\ufe0f\u20e31\ufe0f\u20e3-U<\/a> |<a href=\"http:\/\/0-zz.com\/v\">6\ufe0f\u20e32\ufe0f\u20e3-V<\/a> |<a href=\"http:\/\/0-zz.com\/w\">6\ufe0f\u20e33\ufe0f\u20e3-W<\/a> |<a href=\"http:\/\/0-zz.com\/x\">6\ufe0f\u20e34\ufe0f\u20e3-X<\/a> |<a href=\"http:\/\/0-zz.com\/y\">6\ufe0f\u20e35\ufe0f\u20e3-Y<\/a> |<a href=\"http:\/\/0-zz.com\/z\">6\ufe0f\u20e36\ufe0f\u20e3-Z<\/a><\/strong><\/small><\/p>\n\n\n\n<p>Roll 2 dice ?? 1\ufe0f\u20e32\ufe0f\u20e33\ufe0f\u20e34\ufe0f\u20e35\ufe0f\u20e36\ufe0f\u20e3<\/p>\n\n\n\n<p><a href=\"https:\/\/www.random.org\/dice\/\">https:\/\/www.random.org\/dice\/<\/a><\/p>\n\n\n\n<p><a href=\"https:\/\/www.google.com\/search?q=dice+roller\">https:\/\/www.google.com\/search?q=dice+roller<\/a><\/p>\n\n\n\n<hr class=\"wp-block-separator\"\/>\n\n\n\n<p><a href=\"https:\/\/12r.pl\/ea\/\">12r.pl\/ea<\/a>&nbsp;-&gt;&nbsp;<a href=\"https:\/\/12r.uk\/ea\/\">12r.uk\/ea<\/a>&nbsp;-&gt;&nbsp;<a href=\"https:\/\/7hi7.com\/ea\/\">7hi7.com\/ea<\/a><\/p>\n\n\n\n<p>Wikipedia.org &#8211; Play game &#8211; portals, categories, states, cities, capital cities<\/p>\n","protected":false},"excerpt":{"rendered":"<p>g &#8211; 04\/g &#8211; 04G AYA RL &#8211; SKORA (official video) 5.7M views&nbsp;\u00b7&nbsp;7 years ago aya rl official SUBSCRIBED 5.91K subscribers https:\/\/m.youtube.com\/channel\/UCwCwQJo7G_ujQzoQN8I4KNQ Stoj\u0119 na ulicy z ni\u0105, stoj\u0119 twarz\u0105 w twarzKto\u015b przechodzi, tr\u0105ca \u0142okciem, wzrokiem pluje w nasSzeptem m\u00f3wi\u0119 &#8211; Ma\u0142a patrz,Cywilizowany \u015bwiat. Potem obejmuj\u0119 j\u0105, odp\u0142ywamy w dalNie dochodzi obcy g\u0142os, wolno p\u0142ynie czasOdp\u0142ywamy [&hellip;]<\/p>\n","protected":false},"author":1,"featured_media":0,"parent":0,"menu_order":0,"comment_status":"closed","ping_status":"closed","template":"","meta":{"footnotes":""},"class_list":["post-52","page","type-page","status-publish","hentry"],"_links":{"self":[{"href":"https:\/\/0-zz.com\/04\/wp-json\/wp\/v2\/pages\/52","targetHints":{"allow":["GET"]}}],"collection":[{"href":"https:\/\/0-zz.com\/04\/wp-json\/wp\/v2\/pages"}],"about":[{"href":"https:\/\/0-zz.com\/04\/wp-json\/wp\/v2\/types\/page"}],"author":[{"embeddable":true,"href":"https:\/\/0-zz.com\/04\/wp-json\/wp\/v2\/users\/1"}],"replies":[{"embeddable":true,"href":"https:\/\/0-zz.com\/04\/wp-json\/wp\/v2\/comments?post=52"}],"version-history":[{"count":3,"href":"https:\/\/0-zz.com\/04\/wp-json\/wp\/v2\/pages\/52\/revisions"}],"predecessor-version":[{"id":154,"href":"https:\/\/0-zz.com\/04\/wp-json\/wp\/v2\/pages\/52\/revisions\/154"}],"wp:attachment":[{"href":"https:\/\/0-zz.com\/04\/wp-json\/wp\/v2\/media?parent=52"}],"curies":[{"name":"wp","href":"https:\/\/api.w.org\/{rel}","templated":true}]}}