{"id":44,"date":"2022-02-21T04:29:41","date_gmt":"2022-02-21T16:29:41","guid":{"rendered":"https:\/\/0-zz.com\/04\/?page_id=44"},"modified":"2022-04-28T22:02:08","modified_gmt":"2022-04-29T10:02:08","slug":"c","status":"publish","type":"page","link":"https:\/\/0-zz.com\/04\/c\/","title":{"rendered":"C"},"content":{"rendered":"\n<h2 class=\"wp-block-heading\" id=\"c-04-c-04c\">c &#8211; 04\/c &#8211; 04C<\/h2>\n\n\n\n<figure class=\"wp-block-embed is-type-video is-provider-youtube wp-block-embed-youtube wp-embed-aspect-16-9 wp-has-aspect-ratio\"><div class=\"wp-block-embed__wrapper\">\n<iframe loading=\"lazy\" title=\"Dwa plus Jeden - Chod\u017a, pomaluj m\u00f3j \u015bwiat [Official Audio]\" width=\"580\" height=\"326\" src=\"https:\/\/www.youtube.com\/embed\/3hYjSsmmzJs?feature=oembed\" frameborder=\"0\" allow=\"accelerometer; autoplay; clipboard-write; encrypted-media; gyroscope; picture-in-picture; web-share\" referrerpolicy=\"strict-origin-when-cross-origin\" allowfullscreen><\/iframe>\n<\/div><\/figure>\n\n\n\n<h2 class=\"wp-block-heading\" id=\"dwa-plus-jeden-chodz-pomaluj-moj-swiat-official-audio\">Dwa plus Jeden &#8211; Chod\u017a, pomaluj m\u00f3j \u015bwiat [Official Audio]<\/h2>\n\n\n\n<p>159K views&nbsp;\u00b7&nbsp;7 months ago<\/p>\n\n\n\n<h2 class=\"wp-block-heading\" id=\"polskie-nagrania\">Polskie Nagrania<\/h2>\n\n\n\n<p>SUBSCRIBED 108K subscribers<\/p>\n\n\n\n<p><a href=\"https:\/\/m.youtube.com\/channel\/UCeAFhL7tQmtLp9zk7uQpNoQ\">https:\/\/m.youtube.com\/channel\/UCeAFhL7tQmtLp9zk7uQpNoQ<\/a><\/p>\n\n\n\n<p>Piszesz mi w li\u015bcie, \u017ce kiedy pada,<br>Kiedy nasturcje na deszczu mokn\u0105,<br>Siadasz przy stole, wyjmujesz farby<br>I kolorowe otwierasz okno.<\/p>\n\n\n\n<p>Trawy i drzewa s\u0105 takie szare,<br>Barw\u0119 popio\u0142u przybra\u0142y nieba.<br>W ciszy tak smutno, szepce zegarek<br>O czasie, co mi go nie potrzeba.<\/p>\n\n\n\n<p>Ref. : Wi\u0119c chod\u017a, pomaluj m\u00f3j \u015bwiat<br>Na \u017c\u00f3\u0142to i na niebiesko,<br>Niech na niebie stanie t\u0119cza<br>Malowana twoj\u0105 kredk\u0105.<br>Wi\u0119c chod\u017a, pomaluj mi \u017cycie,<br>Niech \u015bwiat m\u00f3j si\u0119 zarumieni,<br>Niech mi zal\u015bni w pe\u0142nym s\u0142o\u0144cu,<br>Kolorami ca\u0142ej Ziemi.<\/p>\n\n\n\n<p>Za si\u00f3dm\u0105 g\u00f3r\u0105, za si\u00f3dm\u0105 rzek\u0105,<br>Twoje sny zamieniasz na pejza\u017ce.<br>Niebem si\u0119 wlecze wyblak\u0142e s\u0142o\u0144ce,<br>O\u015bwietla ludzkie wyblak\u0142e twarze.<\/p>\n\n\n\n<p>Ref. x2: Wi\u0119c chod\u017a, pomaluj m\u00f3j \u015bwiat<br>Na \u017c\u00f3\u0142to i na niebiesko,<br>Niech na niebie stanie t\u0119cza<br>Malowana twoj\u0105 kredk\u0105.<br>Wi\u0119c chod\u017a, pomaluj mi \u017cycie,<br>Niech \u015bwiat m\u00f3j si\u0119 zarumieni,<br>Niech mi zal\u015bni w pe\u0142nym s\u0142o\u0144cu,<br>Kolorami ca\u0142ej Ziemi.<\/p>\n\n\n\n<figure class=\"wp-block-table\"><table><tbody><tr><th>Autor tekstu:<\/th><td>Marek Dutkiewicz<\/td><\/tr><tr><th>Kompozytor:<\/th><td>Janusz Kruk<\/td><\/tr><\/tbody><\/table><\/figure>\n\n\n\n<p><a href=\"https:\/\/www.tekstowo.pl\/piosenka,dwa_plus_jeden,chod__pomaluj_moj_swiat.html\">https:\/\/www.tekstowo.pl\/piosenka,dwa_plus_jeden,chod__pomaluj_moj_swiat.html<\/a><\/p>\n\n\n\n<hr class=\"wp-block-separator\"\/>\n\n\n\n<h4 class=\"wp-block-heading\">0-zz.com\/0 &#8211; 0-zz.com\/z :<\/h4>\n\n\n\n<p><small><strong><a href=\"http:\/\/0-zz.com\/0\">1\ufe0f\u20e31\ufe0f\u20e3-0<\/a> |<a href=\"http:\/\/0-zz.com\/1\">1\ufe0f\u20e32\ufe0f\u20e3-1<\/a> |<a href=\"http:\/\/0-zz.com\/2\">1\ufe0f\u20e33\ufe0f\u20e3-2<\/a> |<a href=\"http:\/\/0-zz.com\/3\">1\ufe0f\u20e34\ufe0f\u20e3-3<\/a> |<a href=\"http:\/\/0-zz.com\/4\">1\ufe0f\u20e35\ufe0f\u20e3-4<\/a> |<a href=\"http:\/\/0-zz.com\/5\">1\ufe0f\u20e36\ufe0f\u20e3-5<\/a> <\/strong><\/small><br><small> <strong><a href=\"http:\/\/0-zz.com\/6\">2\ufe0f\u20e31\ufe0f\u20e3-6<\/a> |<a href=\"http:\/\/0-zz.com\/7\">2\ufe0f\u20e32\ufe0f\u20e3-7<\/a> |<a href=\"http:\/\/0-zz.com\/8\">2\ufe0f\u20e33\ufe0f\u20e3-8<\/a> |<a href=\"http:\/\/0-zz.com\/9\">2\ufe0f\u20e34\ufe0f\u20e3-9<\/a> |<a href=\"http:\/\/0-zz.com\/a\">2\ufe0f\u20e35\ufe0f\u20e3-A<\/a> |<a href=\"http:\/\/0-zz.com\/b\">2\ufe0f\u20e36\ufe0f\u20e3-B<\/a><\/strong><\/small><br><small> <strong><a href=\"http:\/\/0-zz.com\/c\">3\ufe0f\u20e31\ufe0f\u20e3-C<\/a> |<a href=\"http:\/\/0-zz.com\/d\">3\ufe0f\u20e32\ufe0f\u20e3-D<\/a> |<a href=\"http:\/\/0-zz.com\/e\">3\ufe0f\u20e33\ufe0f\u20e3-E<\/a> |<a href=\"http:\/\/0-zz.com\/f\">3\ufe0f\u20e34\ufe0f\u20e3-F<\/a> |<a href=\"http:\/\/0-zz.com\/g\">3\ufe0f\u20e35\ufe0f\u20e3-G<\/a> |<a href=\"http:\/\/0-zz.com\/h\">3\ufe0f\u20e36\ufe0f\u20e3-H<\/a><\/strong><\/small><br><small> <strong><a href=\"http:\/\/0-zz.com\/i\">4\ufe0f\u20e31\ufe0f\u20e3-I<\/a> |<a href=\"http:\/\/0-zz.com\/j\">4\ufe0f\u20e32\ufe0f\u20e3-J<\/a> |<a href=\"http:\/\/0-zz.com\/k\">4\ufe0f\u20e33\ufe0f\u20e3-K<\/a> |<a href=\"http:\/\/0-zz.com\/l\">4\ufe0f\u20e34\ufe0f\u20e3-L<\/a> |<a href=\"http:\/\/0-zz.com\/m\">4\ufe0f\u20e35\ufe0f\u20e3-M<\/a> |<a href=\"http:\/\/0-zz.com\/n\">4\ufe0f\u20e36\ufe0f\u20e3-N<\/a><\/strong><\/small><br><small> <strong><a href=\"http:\/\/0-zz.com\/o\">5\ufe0f\u20e31\ufe0f\u20e3-O<\/a> |<a href=\"http:\/\/0-zz.com\/p\">5\ufe0f\u20e32\ufe0f\u20e3-P<\/a> |<a href=\"http:\/\/0-zz.com\/q\">5\ufe0f\u20e33\ufe0f\u20e3-Q<\/a> |<a href=\"http:\/\/0-zz.com\/r\">5\ufe0f\u20e34\ufe0f\u20e3-R<\/a> |<a href=\"http:\/\/0-zz.com\/s\">5\ufe0f\u20e35\ufe0f\u20e3-S<\/a> |<a href=\"http:\/\/0-zz.com\/t\">5\ufe0f\u20e36\ufe0f\u20e3-T<\/a><\/strong><\/small><br><small> <strong><a href=\"http:\/\/0-zz.com\/u\">6\ufe0f\u20e31\ufe0f\u20e3-U<\/a> |<a href=\"http:\/\/0-zz.com\/v\">6\ufe0f\u20e32\ufe0f\u20e3-V<\/a> |<a href=\"http:\/\/0-zz.com\/w\">6\ufe0f\u20e33\ufe0f\u20e3-W<\/a> |<a href=\"http:\/\/0-zz.com\/x\">6\ufe0f\u20e34\ufe0f\u20e3-X<\/a> |<a href=\"http:\/\/0-zz.com\/y\">6\ufe0f\u20e35\ufe0f\u20e3-Y<\/a> |<a href=\"http:\/\/0-zz.com\/z\">6\ufe0f\u20e36\ufe0f\u20e3-Z<\/a><\/strong><\/small><\/p>\n\n\n\n<p>Roll 2 dice ?? 1\ufe0f\u20e32\ufe0f\u20e33\ufe0f\u20e34\ufe0f\u20e35\ufe0f\u20e36\ufe0f\u20e3<\/p>\n\n\n\n<p><a href=\"https:\/\/www.random.org\/dice\/\">https:\/\/www.random.org\/dice\/<\/a><\/p>\n\n\n\n<p><a href=\"https:\/\/www.google.com\/search?q=dice+roller\">https:\/\/www.google.com\/search?q=dice+roller<\/a><\/p>\n\n\n\n<hr class=\"wp-block-separator\"\/>\n\n\n\n<p><a href=\"https:\/\/12r.pl\/ea\/\">12r.pl\/ea<\/a>&nbsp;-&gt;&nbsp;<a href=\"https:\/\/12r.uk\/ea\/\">12r.uk\/ea<\/a>&nbsp;-&gt;&nbsp;<a href=\"https:\/\/7hi7.com\/ea\/\">7hi7.com\/ea<\/a><\/p>\n\n\n\n<p>Wikipedia.org &#8211; Play game &#8211; portals, categories, states, cities, capital cities<\/p>\n","protected":false},"excerpt":{"rendered":"<p>c &#8211; 04\/c &#8211; 04C Dwa plus Jeden &#8211; Chod\u017a, pomaluj m\u00f3j \u015bwiat [Official Audio] 159K views&nbsp;\u00b7&nbsp;7 months ago Polskie Nagrania SUBSCRIBED 108K subscribers https:\/\/m.youtube.com\/channel\/UCeAFhL7tQmtLp9zk7uQpNoQ Piszesz mi w li\u015bcie, \u017ce kiedy pada,Kiedy nasturcje na deszczu mokn\u0105,Siadasz przy stole, wyjmujesz farbyI kolorowe otwierasz okno. Trawy i drzewa s\u0105 takie szare,Barw\u0119 popio\u0142u przybra\u0142y nieba.W ciszy tak smutno, [&hellip;]<\/p>\n","protected":false},"author":1,"featured_media":0,"parent":0,"menu_order":0,"comment_status":"closed","ping_status":"closed","template":"","meta":{"footnotes":""},"class_list":["post-44","page","type-page","status-publish","hentry"],"_links":{"self":[{"href":"https:\/\/0-zz.com\/04\/wp-json\/wp\/v2\/pages\/44","targetHints":{"allow":["GET"]}}],"collection":[{"href":"https:\/\/0-zz.com\/04\/wp-json\/wp\/v2\/pages"}],"about":[{"href":"https:\/\/0-zz.com\/04\/wp-json\/wp\/v2\/types\/page"}],"author":[{"embeddable":true,"href":"https:\/\/0-zz.com\/04\/wp-json\/wp\/v2\/users\/1"}],"replies":[{"embeddable":true,"href":"https:\/\/0-zz.com\/04\/wp-json\/wp\/v2\/comments?post=44"}],"version-history":[{"count":3,"href":"https:\/\/0-zz.com\/04\/wp-json\/wp\/v2\/pages\/44\/revisions"}],"predecessor-version":[{"id":148,"href":"https:\/\/0-zz.com\/04\/wp-json\/wp\/v2\/pages\/44\/revisions\/148"}],"wp:attachment":[{"href":"https:\/\/0-zz.com\/04\/wp-json\/wp\/v2\/media?parent=44"}],"curies":[{"name":"wp","href":"https:\/\/api.w.org\/{rel}","templated":true}]}}