{"id":40,"date":"2022-02-21T04:15:41","date_gmt":"2022-02-21T16:15:41","guid":{"rendered":"https:\/\/0-zz.com\/04\/?page_id=40"},"modified":"2022-04-28T22:00:13","modified_gmt":"2022-04-29T10:00:13","slug":"a","status":"publish","type":"page","link":"https:\/\/0-zz.com\/04\/a\/","title":{"rendered":"A"},"content":{"rendered":"\n<h2 class=\"wp-block-heading\" id=\"a-04-a-04a\">a &#8211; 04\/a &#8211; 04A<\/h2>\n\n\n\n<figure class=\"wp-block-embed is-type-video is-provider-youtube wp-block-embed-youtube wp-embed-aspect-16-9 wp-has-aspect-ratio\"><div class=\"wp-block-embed__wrapper\">\n<iframe loading=\"lazy\" title=\"Kalina J\u0119drusik  - Bo we mnie jest seks [Official Audio]\" width=\"580\" height=\"326\" src=\"https:\/\/www.youtube.com\/embed\/hl2eFX59ZhA?feature=oembed\" frameborder=\"0\" allow=\"accelerometer; autoplay; clipboard-write; encrypted-media; gyroscope; picture-in-picture; web-share\" referrerpolicy=\"strict-origin-when-cross-origin\" allowfullscreen><\/iframe>\n<\/div><\/figure>\n\n\n\n<h2 class=\"wp-block-heading\" id=\"kalina-jedrusik-bo-we-mnie-jest-seks-official-audio\">Kalina J\u0119drusik &#8211; Bo we mnie jest seks [Official Audio]<\/h2>\n\n\n\n<p>3.7K views&nbsp;\u00b7&nbsp;1 year ago<\/p>\n\n\n\n<h2 class=\"wp-block-heading\" id=\"polskie-nagrania\">Polskie Nagrania<\/h2>\n\n\n\n<p>SUBSCRIBED 108K subscribers<\/p>\n\n\n\n<p><a href=\"https:\/\/m.youtube.com\/channel\/UCeAFhL7tQmtLp9zk7uQpNoQ\">https:\/\/m.youtube.com\/channel\/UCeAFhL7tQmtLp9zk7uQpNoQ<\/a><\/p>\n\n\n\n<p>Bo we mnie jest seks,<br>Gor\u0105cy jak samum.<br>Bo we mnie jest seks,<br>Kt\u00f3\u017c oprze\u0107 si\u0119 ma mu?<br>On mi biodra op\u0142ywa, wype\u0142nia mi biust,<br>\u017bar s\u0105czy do ust.<br>Bo we mnie jest seks,<br>Co pali i niszczy.<br>Dziesi\u0105tki ju\u017c serc<br>Wypali\u0142 do zgliszczy.<br>Kogo zmys\u0142\u00f3w po\u017cog\u0105 ogarnie, ju\u017c ten,<br>Nie zazna ju\u017c ten,<br>Co spok\u00f3j i sen.<br>Lecz gdy ofiar\u0119<br>m\u0105 trawi\u0119 \u017carem-to cierpie\u0107 musz\u0119<br>\u017ce ja me cia\u0142o tak op\u0119ta\u0142o<br>cho\u0107 opr\u00f3cz cia\u0142a mam przecie\u017c i dusz\u0119!<br>Lecz we mnie ten seks,<br>Jak chwast j\u0105 zag\u0142usza.<br>Nikt nie wie, \u017ce jest<br>Pod sexem i dusza.<br>Wi\u0119c o takim wci\u0105\u017c marz\u0119, co ca\u0142o\u015b\u0107 ogarnie<br>I duszy latarnie<br>Ze zmys\u0142\u00f3w wygarnie.<br>Takiemu ja oddam w\u015br\u00f3d \u0142ez<br>I dusz\u0119, i seks!<br>Dlaczego stale z\u0142y losu palec<br>dotyka mnie tym nadmiarem?<br>Za jakie grzechy p\u0142ci mojej cechy<br>zmys\u0142owym dr\u0119cz\u0105 parem.<br>Niech tylko lekko pochyl\u0119 dekolt<br>ju\u017c m\u0119ski \u015bciele si\u0119 trup<br>jak wypn\u0119 odrobineczk\u0119 biodro ju\u017c rz\u0119\u017c\u0105 \u017c\u0105dze u st\u00f3p<br>Bo we mnie jest seks,<br>Gor\u0105cy jak samum.<br>Bo we mnie jest seks,<br>Kt\u00f3\u017c oprze\u0107 si\u0119 ma mu?<br>On mi biodra op\u0142ywa, wype\u0142nia mi biust,<br>\u017bar s\u0105czy do ust.<br>Bo we mnie jest seks,<br>Co pali i niszczy.<br>Dziesi\u0105tki ju\u017c serc<br>Wypali\u0142 do zgliszczy.<br>Kogo zmys\u0142\u00f3w po\u017cog\u0105 ogarnie, ju\u017c ten,<br>Nie zazna ju\u017c ten,<br>Co spok\u00f3j i sen.<br>Lecz gdy ofiar\u0119<br>m\u0105 trawi\u0119 \u017carem-to cierpie\u0107 musz\u0119<br>\u017ce ja me cia\u0142o tak op\u0119ta\u0142o<br>cho\u0107 opr\u00f3cz cia\u0142a mam przecie\u017c i dusz\u0119!<br>Lecz we mnie ten seks,<br>Jak chwast j\u0105 zag\u0142usza.<br>Nikt nie wie, \u017ce jest<br>Pod sexem i dusza.<br>Wi\u0119c o takim wci\u0105\u017c marz\u0119, co ca\u0142o\u015b\u0107 ogarnie<br>I duszy latarnie<br>Ze zmys\u0142\u00f3w wygarnie.<br>Takiemu ja oddam w\u015br\u00f3d \u0142ez<br>I dusz\u0119, i seks! I dusz\u0119 i sex!<\/p>\n\n\n\n<figure class=\"wp-block-table\"><table><tbody><tr><th>Autor tekstu:<\/th><td>Jeremi Przybora<\/td><\/tr><tr><th>Kompozytor:<\/th><td>Jerzy Wasowski<\/td><\/tr><\/tbody><\/table><\/figure>\n\n\n\n<p><a href=\"https:\/\/www.tekstowo.pl\/piosenka,kalina_jedrusik,bo_we_mnie_jest_seks.html\">https:\/\/www.tekstowo.pl\/piosenka,kalina_jedrusik,bo_we_mnie_jest_seks.html<\/a><\/p>\n\n\n\n<hr class=\"wp-block-separator\"\/>\n\n\n\n<h4 class=\"wp-block-heading\">0-zz.com\/0 &#8211; 0-zz.com\/z :<\/h4>\n\n\n\n<p><small><strong><a href=\"http:\/\/0-zz.com\/0\">1\ufe0f\u20e31\ufe0f\u20e3-0<\/a> |<a href=\"http:\/\/0-zz.com\/1\">1\ufe0f\u20e32\ufe0f\u20e3-1<\/a> |<a href=\"http:\/\/0-zz.com\/2\">1\ufe0f\u20e33\ufe0f\u20e3-2<\/a> |<a href=\"http:\/\/0-zz.com\/3\">1\ufe0f\u20e34\ufe0f\u20e3-3<\/a> |<a href=\"http:\/\/0-zz.com\/4\">1\ufe0f\u20e35\ufe0f\u20e3-4<\/a> |<a href=\"http:\/\/0-zz.com\/5\">1\ufe0f\u20e36\ufe0f\u20e3-5<\/a> <\/strong><\/small><br><small> <strong><a href=\"http:\/\/0-zz.com\/6\">2\ufe0f\u20e31\ufe0f\u20e3-6<\/a> |<a href=\"http:\/\/0-zz.com\/7\">2\ufe0f\u20e32\ufe0f\u20e3-7<\/a> |<a href=\"http:\/\/0-zz.com\/8\">2\ufe0f\u20e33\ufe0f\u20e3-8<\/a> |<a href=\"http:\/\/0-zz.com\/9\">2\ufe0f\u20e34\ufe0f\u20e3-9<\/a> |<a href=\"http:\/\/0-zz.com\/a\">2\ufe0f\u20e35\ufe0f\u20e3-A<\/a> |<a href=\"http:\/\/0-zz.com\/b\">2\ufe0f\u20e36\ufe0f\u20e3-B<\/a><\/strong><\/small><br><small> <strong><a href=\"http:\/\/0-zz.com\/c\">3\ufe0f\u20e31\ufe0f\u20e3-C<\/a> |<a href=\"http:\/\/0-zz.com\/d\">3\ufe0f\u20e32\ufe0f\u20e3-D<\/a> |<a href=\"http:\/\/0-zz.com\/e\">3\ufe0f\u20e33\ufe0f\u20e3-E<\/a> |<a href=\"http:\/\/0-zz.com\/f\">3\ufe0f\u20e34\ufe0f\u20e3-F<\/a> |<a href=\"http:\/\/0-zz.com\/g\">3\ufe0f\u20e35\ufe0f\u20e3-G<\/a> |<a href=\"http:\/\/0-zz.com\/h\">3\ufe0f\u20e36\ufe0f\u20e3-H<\/a><\/strong><\/small><br><small> <strong><a href=\"http:\/\/0-zz.com\/i\">4\ufe0f\u20e31\ufe0f\u20e3-I<\/a> |<a href=\"http:\/\/0-zz.com\/j\">4\ufe0f\u20e32\ufe0f\u20e3-J<\/a> |<a href=\"http:\/\/0-zz.com\/k\">4\ufe0f\u20e33\ufe0f\u20e3-K<\/a> |<a href=\"http:\/\/0-zz.com\/l\">4\ufe0f\u20e34\ufe0f\u20e3-L<\/a> |<a href=\"http:\/\/0-zz.com\/m\">4\ufe0f\u20e35\ufe0f\u20e3-M<\/a> |<a href=\"http:\/\/0-zz.com\/n\">4\ufe0f\u20e36\ufe0f\u20e3-N<\/a><\/strong><\/small><br><small> <strong><a href=\"http:\/\/0-zz.com\/o\">5\ufe0f\u20e31\ufe0f\u20e3-O<\/a> |<a href=\"http:\/\/0-zz.com\/p\">5\ufe0f\u20e32\ufe0f\u20e3-P<\/a> |<a href=\"http:\/\/0-zz.com\/q\">5\ufe0f\u20e33\ufe0f\u20e3-Q<\/a> |<a href=\"http:\/\/0-zz.com\/r\">5\ufe0f\u20e34\ufe0f\u20e3-R<\/a> |<a href=\"http:\/\/0-zz.com\/s\">5\ufe0f\u20e35\ufe0f\u20e3-S<\/a> |<a href=\"http:\/\/0-zz.com\/t\">5\ufe0f\u20e36\ufe0f\u20e3-T<\/a><\/strong><\/small><br><small> <strong><a href=\"http:\/\/0-zz.com\/u\">6\ufe0f\u20e31\ufe0f\u20e3-U<\/a> |<a href=\"http:\/\/0-zz.com\/v\">6\ufe0f\u20e32\ufe0f\u20e3-V<\/a> |<a href=\"http:\/\/0-zz.com\/w\">6\ufe0f\u20e33\ufe0f\u20e3-W<\/a> |<a href=\"http:\/\/0-zz.com\/x\">6\ufe0f\u20e34\ufe0f\u20e3-X<\/a> |<a href=\"http:\/\/0-zz.com\/y\">6\ufe0f\u20e35\ufe0f\u20e3-Y<\/a> |<a href=\"http:\/\/0-zz.com\/z\">6\ufe0f\u20e36\ufe0f\u20e3-Z<\/a><\/strong><\/small><\/p>\n\n\n\n<p>Roll 2 dice ?? 1\ufe0f\u20e32\ufe0f\u20e33\ufe0f\u20e34\ufe0f\u20e35\ufe0f\u20e36\ufe0f\u20e3<\/p>\n\n\n\n<p><a href=\"https:\/\/www.random.org\/dice\/\">https:\/\/www.random.org\/dice\/<\/a><\/p>\n\n\n\n<p><a href=\"https:\/\/www.google.com\/search?q=dice+roller\">https:\/\/www.google.com\/search?q=dice+roller<\/a><\/p>\n\n\n\n<hr class=\"wp-block-separator\"\/>\n\n\n\n<p><a href=\"https:\/\/12r.pl\/ea\/\">12r.pl\/ea<\/a>&nbsp;-&gt;&nbsp;<a href=\"https:\/\/12r.uk\/ea\/\">12r.uk\/ea<\/a>&nbsp;-&gt;&nbsp;<a href=\"https:\/\/7hi7.com\/ea\/\">7hi7.com\/ea<\/a><\/p>\n\n\n\n<p>Wikipedia.org &#8211; Play game &#8211; portals, categories, states, cities, capital cities<\/p>\n","protected":false},"excerpt":{"rendered":"<p>a &#8211; 04\/a &#8211; 04A Kalina J\u0119drusik &#8211; Bo we mnie jest seks [Official Audio] 3.7K views&nbsp;\u00b7&nbsp;1 year ago Polskie Nagrania SUBSCRIBED 108K subscribers https:\/\/m.youtube.com\/channel\/UCeAFhL7tQmtLp9zk7uQpNoQ Bo we mnie jest seks,Gor\u0105cy jak samum.Bo we mnie jest seks,Kt\u00f3\u017c oprze\u0107 si\u0119 ma mu?On mi biodra op\u0142ywa, wype\u0142nia mi biust,\u017bar s\u0105czy do ust.Bo we mnie jest seks,Co pali i [&hellip;]<\/p>\n","protected":false},"author":1,"featured_media":0,"parent":0,"menu_order":0,"comment_status":"closed","ping_status":"closed","template":"","meta":{"footnotes":""},"class_list":["post-40","page","type-page","status-publish","hentry"],"_links":{"self":[{"href":"https:\/\/0-zz.com\/04\/wp-json\/wp\/v2\/pages\/40","targetHints":{"allow":["GET"]}}],"collection":[{"href":"https:\/\/0-zz.com\/04\/wp-json\/wp\/v2\/pages"}],"about":[{"href":"https:\/\/0-zz.com\/04\/wp-json\/wp\/v2\/types\/page"}],"author":[{"embeddable":true,"href":"https:\/\/0-zz.com\/04\/wp-json\/wp\/v2\/users\/1"}],"replies":[{"embeddable":true,"href":"https:\/\/0-zz.com\/04\/wp-json\/wp\/v2\/comments?post=40"}],"version-history":[{"count":3,"href":"https:\/\/0-zz.com\/04\/wp-json\/wp\/v2\/pages\/40\/revisions"}],"predecessor-version":[{"id":146,"href":"https:\/\/0-zz.com\/04\/wp-json\/wp\/v2\/pages\/40\/revisions\/146"}],"wp:attachment":[{"href":"https:\/\/0-zz.com\/04\/wp-json\/wp\/v2\/media?parent=40"}],"curies":[{"name":"wp","href":"https:\/\/api.w.org\/{rel}","templated":true}]}}