{"id":87,"date":"2022-02-21T02:12:00","date_gmt":"2022-02-21T14:12:00","guid":{"rendered":"https:\/\/0-zz.com\/03\/?page_id=87"},"modified":"2022-04-28T04:07:29","modified_gmt":"2022-04-28T16:07:29","slug":"v","status":"publish","type":"page","link":"https:\/\/0-zz.com\/03\/v\/","title":{"rendered":"V"},"content":{"rendered":"\n<h2 class=\"wp-block-heading\" id=\"v-03-v-03v\">v &#8211; 03\/v &#8211; 03V<\/h2>\n\n\n\n<figure class=\"wp-block-embed is-type-video is-provider-youtube wp-block-embed-youtube wp-embed-aspect-16-9 wp-has-aspect-ratio\"><div class=\"wp-block-embed__wrapper\">\n<iframe loading=\"lazy\" title=\"Karin Stanek - Jedziemy autostopem [Official Audio]\" width=\"580\" height=\"326\" src=\"https:\/\/www.youtube.com\/embed\/TZBbEGjbEbw?feature=oembed\" frameborder=\"0\" allow=\"accelerometer; autoplay; clipboard-write; encrypted-media; gyroscope; picture-in-picture; web-share\" referrerpolicy=\"strict-origin-when-cross-origin\" allowfullscreen><\/iframe>\n<\/div><\/figure>\n\n\n\n<h2 class=\"wp-block-heading\" id=\"karin-stanek-jedziemy-autostopem-official-audio\">Karin Stanek &#8211; Jedziemy autostopem [Official Audio]<\/h2>\n\n\n\n<p>29K views&nbsp;\u00b7&nbsp;2 years ago<\/p>\n\n\n\n<h2 class=\"wp-block-heading\" id=\"polskie-nagrania\">Polskie Nagrania<\/h2>\n\n\n\n<p>SUBSCRIBED 108K subscribers<\/p>\n\n\n\n<p><a href=\"https:\/\/m.youtube.com\/channel\/UCeAFhL7tQmtLp9zk7uQpNoQ\">https:\/\/m.youtube.com\/channel\/UCeAFhL7tQmtLp9zk7uQpNoQ<\/a><\/p>\n\n\n\n<p>Jedziemy autostopem<br>Jedziemy autostopem<br>W ten spos\u00f3b mo\u017cesz, bracie<br>Przejecha\u0107 Europ\u0119<br>Gdzie szosy bia\u0142a ni\u0107<br>Tam \u015bmia\u0142o, bracie, wyjd\u017a<br>I nie martw si\u0119, co b\u0119dzie potem<\/p>\n\n\n\n<p>Autostop, autostop<br>Wsiadaj, bracie, dalej, hop<br>Rusza w\u00f3z, b\u0119dzie wi\u00f3z\u0142<br>B\u0119dzie wi\u00f3z\u0142 nas dzi\u015b ten w\u00f3z<\/p>\n\n\n\n<p>Autostop, autostop<br>Wsiadaj, bracie, dalej, hop<br>Rusza w\u00f3z, b\u0119dzie wi\u00f3z\u0142<br>B\u0119dzie wi\u00f3z\u0142 nas dzi\u015b ten w\u00f3z<\/p>\n\n\n\n<p>Jedziemy autostopem<br>Jedziemy autostopem<br>Ech, uda\u0142 si\u0119 nam dzisiaj<br>W\u00f3z ten i jego szofer<br>Cho\u0107 deszcz zaczyna m\u017cy\u0107<br>Nam szosy bia\u0142a ni\u0107<br>Ucieka wci\u0105\u017c spod k\u00f3\u0142 galopem<\/p>\n\n\n\n<p>Autostop, autostop<br>Wsiadaj, bracie, dalej, hop<br>Rusza w\u00f3z, b\u0119dzie wi\u00f3z\u0142<br>B\u0119dzie wi\u00f3z\u0142 nas dzi\u015b ten w\u00f3z<\/p>\n\n\n\n<p>Autostop, autostop<br>Wsiadaj, bracie, dalej, hop<br>Rusza w\u00f3z, b\u0119dzie wi\u00f3z\u0142<br>B\u0119dzie wi\u00f3z\u0142 nas dzi\u015b ten w\u00f3z<\/p>\n\n\n\n<p>Jedziemy autostopem<br>Jedziemy autostopem<br>C\u00f3\u017c dla nas znaczy poci\u0105g<br>Na sp\u00f3\u0142k\u0119 z samolotem<br>Gdzie szosy bia\u0142a ni\u0107<br>Tam chce si\u0119, bracie, \u017cy\u0107<br>Czy naprz\u00f3d jedziesz, czy z powrotem<\/p>\n\n\n\n<p>Autostop, autostop<br>Wsiadaj, bracie, dalej, hop<br>Rusza w\u00f3z, b\u0119dzie wi\u00f3z\u0142<br>B\u0119dzie wi\u00f3z\u0142 nas dzi\u015b ten w\u00f3z<\/p>\n\n\n\n<p>Autostop, autostop<br>Wsiadaj, bracie, dalej, hop<br>Rusza w\u00f3z, b\u0119dzie wi\u00f3z\u0142<br>B\u0119dzie wi\u00f3z\u0142 nas dzi\u015b ten w\u00f3z<\/p>\n\n\n\n<p>Autostop, autostop<br>Autostop, autostop<br>Autostop<\/p>\n\n\n\n<figure class=\"wp-block-table\"><table><tbody><tr><th>Autor tekstu:<\/th><td>Bogus\u0142aw Choi\u0144ski \/ Jan Ga\u0142kowski<\/td><\/tr><tr><th>Kompozytor:<\/th><td>Mateusz \u015awi\u0119cicki<\/td><\/tr><\/tbody><\/table><\/figure>\n\n\n\n<p><a href=\"https:\/\/www.tekstowo.pl\/piosenka,karin_stanek,jedziemy_autostopem.html\">https:\/\/www.tekstowo.pl\/piosenka,karin_stanek,jedziemy_autostopem.html<\/a><\/p>\n\n\n\n<hr class=\"wp-block-separator\"\/>\n\n\n\n<h4 class=\"wp-block-heading\">0-zz.com\/0 &#8211; 0-zz.com\/z :<\/h4>\n\n\n\n<p><small><strong><a href=\"http:\/\/0-zz.com\/0\">1\ufe0f\u20e31\ufe0f\u20e3-0<\/a> |<a href=\"http:\/\/0-zz.com\/1\">1\ufe0f\u20e32\ufe0f\u20e3-1<\/a> |<a href=\"http:\/\/0-zz.com\/2\">1\ufe0f\u20e33\ufe0f\u20e3-2<\/a> |<a href=\"http:\/\/0-zz.com\/3\">1\ufe0f\u20e34\ufe0f\u20e3-3<\/a> |<a href=\"http:\/\/0-zz.com\/4\">1\ufe0f\u20e35\ufe0f\u20e3-4<\/a> |<a href=\"http:\/\/0-zz.com\/5\">1\ufe0f\u20e36\ufe0f\u20e3-5<\/a> <\/strong><\/small><br><small> <strong><a href=\"http:\/\/0-zz.com\/6\">2\ufe0f\u20e31\ufe0f\u20e3-6<\/a> |<a href=\"http:\/\/0-zz.com\/7\">2\ufe0f\u20e32\ufe0f\u20e3-7<\/a> |<a href=\"http:\/\/0-zz.com\/8\">2\ufe0f\u20e33\ufe0f\u20e3-8<\/a> |<a href=\"http:\/\/0-zz.com\/9\">2\ufe0f\u20e34\ufe0f\u20e3-9<\/a> |<a href=\"http:\/\/0-zz.com\/a\">2\ufe0f\u20e35\ufe0f\u20e3-A<\/a> |<a href=\"http:\/\/0-zz.com\/b\">2\ufe0f\u20e36\ufe0f\u20e3-B<\/a><\/strong><\/small><br><small> <strong><a href=\"http:\/\/0-zz.com\/c\">3\ufe0f\u20e31\ufe0f\u20e3-C<\/a> |<a href=\"http:\/\/0-zz.com\/d\">3\ufe0f\u20e32\ufe0f\u20e3-D<\/a> |<a href=\"http:\/\/0-zz.com\/e\">3\ufe0f\u20e33\ufe0f\u20e3-E<\/a> |<a href=\"http:\/\/0-zz.com\/f\">3\ufe0f\u20e34\ufe0f\u20e3-F<\/a> |<a href=\"http:\/\/0-zz.com\/g\">3\ufe0f\u20e35\ufe0f\u20e3-G<\/a> |<a href=\"http:\/\/0-zz.com\/h\">3\ufe0f\u20e36\ufe0f\u20e3-H<\/a><\/strong><\/small><br><small> <strong><a href=\"http:\/\/0-zz.com\/i\">4\ufe0f\u20e31\ufe0f\u20e3-I<\/a> |<a href=\"http:\/\/0-zz.com\/j\">4\ufe0f\u20e32\ufe0f\u20e3-J<\/a> |<a href=\"http:\/\/0-zz.com\/k\">4\ufe0f\u20e33\ufe0f\u20e3-K<\/a> |<a href=\"http:\/\/0-zz.com\/l\">4\ufe0f\u20e34\ufe0f\u20e3-L<\/a> |<a href=\"http:\/\/0-zz.com\/m\">4\ufe0f\u20e35\ufe0f\u20e3-M<\/a> |<a href=\"http:\/\/0-zz.com\/n\">4\ufe0f\u20e36\ufe0f\u20e3-N<\/a><\/strong><\/small><br><small> <strong><a href=\"http:\/\/0-zz.com\/o\">5\ufe0f\u20e31\ufe0f\u20e3-O<\/a> |<a href=\"http:\/\/0-zz.com\/p\">5\ufe0f\u20e32\ufe0f\u20e3-P<\/a> |<a href=\"http:\/\/0-zz.com\/q\">5\ufe0f\u20e33\ufe0f\u20e3-Q<\/a> |<a href=\"http:\/\/0-zz.com\/r\">5\ufe0f\u20e34\ufe0f\u20e3-R<\/a> |<a href=\"http:\/\/0-zz.com\/s\">5\ufe0f\u20e35\ufe0f\u20e3-S<\/a> |<a href=\"http:\/\/0-zz.com\/t\">5\ufe0f\u20e36\ufe0f\u20e3-T<\/a><\/strong><\/small><br><small> <strong><a href=\"http:\/\/0-zz.com\/u\">6\ufe0f\u20e31\ufe0f\u20e3-U<\/a> |<a href=\"http:\/\/0-zz.com\/v\">6\ufe0f\u20e32\ufe0f\u20e3-V<\/a> |<a href=\"http:\/\/0-zz.com\/w\">6\ufe0f\u20e33\ufe0f\u20e3-W<\/a> |<a href=\"http:\/\/0-zz.com\/x\">6\ufe0f\u20e34\ufe0f\u20e3-X<\/a> |<a href=\"http:\/\/0-zz.com\/y\">6\ufe0f\u20e35\ufe0f\u20e3-Y<\/a> |<a href=\"http:\/\/0-zz.com\/z\">6\ufe0f\u20e36\ufe0f\u20e3-Z<\/a><\/strong><\/small><\/p>\n\n\n\n<p>Roll 2 dice ?? 1\ufe0f\u20e32\ufe0f\u20e33\ufe0f\u20e34\ufe0f\u20e35\ufe0f\u20e36\ufe0f\u20e3<\/p>\n\n\n\n<p><a href=\"https:\/\/www.random.org\/dice\/\">https:\/\/www.random.org\/dice\/<\/a><\/p>\n\n\n\n<p><a href=\"https:\/\/www.google.com\/search?q=dice+roller\">https:\/\/www.google.com\/search?q=dice+roller<\/a><\/p>\n\n\n\n<hr class=\"wp-block-separator\"\/>\n\n\n\n<p><a href=\"https:\/\/12r.pl\/ea\/\">12r.pl\/ea<\/a>&nbsp;-&gt;&nbsp;<a href=\"https:\/\/12r.uk\/ea\/\">12r.uk\/ea<\/a>&nbsp;-&gt;&nbsp;<a href=\"https:\/\/7hi7.com\/ea\/\">7hi7.com\/ea<\/a><\/p>\n\n\n\n<p>Wikipedia.org &#8211; Play game &#8211; portals, categories, states, cities, capital cities<\/p>\n","protected":false},"excerpt":{"rendered":"<p>v &#8211; 03\/v &#8211; 03V Karin Stanek &#8211; Jedziemy autostopem [Official Audio] 29K views&nbsp;\u00b7&nbsp;2 years ago Polskie Nagrania SUBSCRIBED 108K subscribers https:\/\/m.youtube.com\/channel\/UCeAFhL7tQmtLp9zk7uQpNoQ Jedziemy autostopemJedziemy autostopemW ten spos\u00f3b mo\u017cesz, braciePrzejecha\u0107 Europ\u0119Gdzie szosy bia\u0142a ni\u0107Tam \u015bmia\u0142o, bracie, wyjd\u017aI nie martw si\u0119, co b\u0119dzie potem Autostop, autostopWsiadaj, bracie, dalej, hopRusza w\u00f3z, b\u0119dzie wi\u00f3z\u0142B\u0119dzie wi\u00f3z\u0142 nas dzi\u015b ten w\u00f3z [&hellip;]<\/p>\n","protected":false},"author":1,"featured_media":0,"parent":0,"menu_order":0,"comment_status":"closed","ping_status":"closed","template":"","meta":{"footnotes":""},"class_list":["post-87","page","type-page","status-publish","hentry"],"_links":{"self":[{"href":"https:\/\/0-zz.com\/03\/wp-json\/wp\/v2\/pages\/87","targetHints":{"allow":["GET"]}}],"collection":[{"href":"https:\/\/0-zz.com\/03\/wp-json\/wp\/v2\/pages"}],"about":[{"href":"https:\/\/0-zz.com\/03\/wp-json\/wp\/v2\/types\/page"}],"author":[{"embeddable":true,"href":"https:\/\/0-zz.com\/03\/wp-json\/wp\/v2\/users\/1"}],"replies":[{"embeddable":true,"href":"https:\/\/0-zz.com\/03\/wp-json\/wp\/v2\/comments?post=87"}],"version-history":[{"count":3,"href":"https:\/\/0-zz.com\/03\/wp-json\/wp\/v2\/pages\/87\/revisions"}],"predecessor-version":[{"id":168,"href":"https:\/\/0-zz.com\/03\/wp-json\/wp\/v2\/pages\/87\/revisions\/168"}],"wp:attachment":[{"href":"https:\/\/0-zz.com\/03\/wp-json\/wp\/v2\/media?parent=87"}],"curies":[{"name":"wp","href":"https:\/\/api.w.org\/{rel}","templated":true}]}}