{"id":50,"date":"2022-02-20T23:47:42","date_gmt":"2022-02-21T11:47:42","guid":{"rendered":"https:\/\/0-zz.com\/03\/?page_id=50"},"modified":"2022-04-28T03:47:23","modified_gmt":"2022-04-28T15:47:23","slug":"f","status":"publish","type":"page","link":"https:\/\/0-zz.com\/03\/f\/","title":{"rendered":"F"},"content":{"rendered":"\n<h2 class=\"wp-block-heading\" id=\"f-03-f-03f\">f &#8211; 03\/f &#8211; 03F<\/h2>\n\n\n\n<figure class=\"wp-block-embed is-type-video is-provider-youtube wp-block-embed-youtube wp-embed-aspect-16-9 wp-has-aspect-ratio\"><div class=\"wp-block-embed__wrapper\">\n<iframe loading=\"lazy\" title=\"Halina Fr\u0105ckowiak - Dancing Queen [Official Audio]\" width=\"580\" height=\"326\" src=\"https:\/\/www.youtube.com\/embed\/EVcFkWtsVAI?feature=oembed\" frameborder=\"0\" allow=\"accelerometer; autoplay; clipboard-write; encrypted-media; gyroscope; picture-in-picture; web-share\" referrerpolicy=\"strict-origin-when-cross-origin\" allowfullscreen><\/iframe>\n<\/div><\/figure>\n\n\n\n<h2 class=\"wp-block-heading\" id=\"halina-frackowiak-dancing-queen-official-audio\">Halina Fr\u0105ckowiak &#8211; Dancing Queen [Official Audio]<\/h2>\n\n\n\n<p>206K views&nbsp;\u00b7&nbsp;2 years ago<\/p>\n\n\n\n<h2 class=\"wp-block-heading\" id=\"polskie-nagrania\">Polskie Nagrania<\/h2>\n\n\n\n<p>SUBSCRIBED 108K subscribers<\/p>\n\n\n\n<p><a href=\"https:\/\/m.youtube.com\/channel\/UCeAFhL7tQmtLp9zk7uQpNoQ\">https:\/\/m.youtube.com\/channel\/UCeAFhL7tQmtLp9zk7uQpNoQ<\/a><\/p>\n\n\n\n<p>To ch\u0142\u00f3d,<br>O kt\u00f3rym wiesz ju\u017c wszystko.<br>By\u0142 \u015blub,<br>Modlitwa nad walizk\u0105.<\/p>\n\n\n\n<p>W tym tle,<br>Nadzieja na pogod\u0119.<br>I wsz\u0119dzie klamki z\u0142ote,<br>A Ty ju\u017c, ju\u017c dzi\u015b masz do\u015b\u0107.<\/p>\n\n\n\n<p>Do \u0142ez,<br>Telefon ka\u017cdy boli.<br>Kr\u00f3lowa bez korony,<br>T\u0142umisz strach i \u017cal, i stres.<\/p>\n\n\n\n<p>Ref.:<br>DANCING QUEEN &#8211; jeszcze masz styl i makija\u017c.<br>DANCING QUEEN &#8211; jeszcze wci\u0105\u017c grasz, to co chcesz.<br>DANCING QUEEN &#8211; tylko jak krzyk cichnie przyja\u017a\u0144.<br>DANCING QUEEN &#8211; przez w\u0142asne drzwi trudniej przej\u015b\u0107.<\/p>\n\n\n\n<p>Barwny slajd, raz \u0142\u0105czy, a raz dzieli,<br>Wi\u0119c sp\u00f3jrz, dziewczyna z fotografii,<br>Dziewczyna z akwareli,<br>Czy to Ty, to Ty sprzed lat?<\/p>\n\n\n\n<p>Wi\u0119c sp\u00f3jrz, dziewczyna z fotografii,<br>Dziewczyna z akwareli,<br>Czy to Ty,<br>To Ty sprzed lat?<\/p>\n\n\n\n<p>Ref.:<br>DANCING QUEEN &#8211; jeszcze masz styl i makija\u017c.<br>DANCING QUEEN &#8211; jeszcze wci\u0105\u017c grasz, to co chcesz.<br>DANCING QUEEN &#8211; tylko jak krzyk cichnie przyja\u017a\u0144.<br>DANCING QUEEN &#8211; przez w\u0142asne drzwi trudniej przej\u015b\u0107.<\/p>\n\n\n\n<p>Ty wiesz,<br>\u017be jeste\u015b i Ci\u0119 nie ma,<br>Bia\u0142y wiersz,<br>Nie w Tobie dzisiaj \u015bpiewa.<\/p>\n\n\n\n<p>(2x)<br>To nic &#8211; pod obcym, gorzkim niebem,<br>Odnajdziesz jeszcze siebie,<br>Zerwiesz si\u0119,<br>By by\u0107, by \u017cy\u0107.<\/p>\n\n\n\n<p>(c) 1987<\/p>\n\n\n\n<figure class=\"wp-block-table\"><table><tbody><tr><th>Autor tekstu:<\/th><td>Janusz Kondratowicz<\/td><\/tr><tr><th>Kompozytor:<\/th><td>Wojciech Trzci\u0144ski<\/td><\/tr><\/tbody><\/table><\/figure>\n\n\n\n<p><a href=\"https:\/\/www.tekstowo.pl\/piosenka,halina_frackowiak,dancing_queen.html\">https:\/\/www.tekstowo.pl\/piosenka,halina_frackowiak,dancing_queen.html<\/a><\/p>\n\n\n\n<hr class=\"wp-block-separator\"\/>\n\n\n\n<h4 class=\"wp-block-heading\">0-zz.com\/0 &#8211; 0-zz.com\/z :<\/h4>\n\n\n\n<p><small><strong><a href=\"http:\/\/0-zz.com\/0\">1\ufe0f\u20e31\ufe0f\u20e3-0<\/a> |<a href=\"http:\/\/0-zz.com\/1\">1\ufe0f\u20e32\ufe0f\u20e3-1<\/a> |<a href=\"http:\/\/0-zz.com\/2\">1\ufe0f\u20e33\ufe0f\u20e3-2<\/a> |<a href=\"http:\/\/0-zz.com\/3\">1\ufe0f\u20e34\ufe0f\u20e3-3<\/a> |<a href=\"http:\/\/0-zz.com\/4\">1\ufe0f\u20e35\ufe0f\u20e3-4<\/a> |<a href=\"http:\/\/0-zz.com\/5\">1\ufe0f\u20e36\ufe0f\u20e3-5<\/a> <\/strong><\/small><br><small> <strong><a href=\"http:\/\/0-zz.com\/6\">2\ufe0f\u20e31\ufe0f\u20e3-6<\/a> |<a href=\"http:\/\/0-zz.com\/7\">2\ufe0f\u20e32\ufe0f\u20e3-7<\/a> |<a href=\"http:\/\/0-zz.com\/8\">2\ufe0f\u20e33\ufe0f\u20e3-8<\/a> |<a href=\"http:\/\/0-zz.com\/9\">2\ufe0f\u20e34\ufe0f\u20e3-9<\/a> |<a href=\"http:\/\/0-zz.com\/a\">2\ufe0f\u20e35\ufe0f\u20e3-A<\/a> |<a href=\"http:\/\/0-zz.com\/b\">2\ufe0f\u20e36\ufe0f\u20e3-B<\/a><\/strong><\/small><br><small> <strong><a href=\"http:\/\/0-zz.com\/c\">3\ufe0f\u20e31\ufe0f\u20e3-C<\/a> |<a href=\"http:\/\/0-zz.com\/d\">3\ufe0f\u20e32\ufe0f\u20e3-D<\/a> |<a href=\"http:\/\/0-zz.com\/e\">3\ufe0f\u20e33\ufe0f\u20e3-E<\/a> |<a href=\"http:\/\/0-zz.com\/f\">3\ufe0f\u20e34\ufe0f\u20e3-F<\/a> |<a href=\"http:\/\/0-zz.com\/g\">3\ufe0f\u20e35\ufe0f\u20e3-G<\/a> |<a href=\"http:\/\/0-zz.com\/h\">3\ufe0f\u20e36\ufe0f\u20e3-H<\/a><\/strong><\/small><br><small> <strong><a href=\"http:\/\/0-zz.com\/i\">4\ufe0f\u20e31\ufe0f\u20e3-I<\/a> |<a href=\"http:\/\/0-zz.com\/j\">4\ufe0f\u20e32\ufe0f\u20e3-J<\/a> |<a href=\"http:\/\/0-zz.com\/k\">4\ufe0f\u20e33\ufe0f\u20e3-K<\/a> |<a href=\"http:\/\/0-zz.com\/l\">4\ufe0f\u20e34\ufe0f\u20e3-L<\/a> |<a href=\"http:\/\/0-zz.com\/m\">4\ufe0f\u20e35\ufe0f\u20e3-M<\/a> |<a href=\"http:\/\/0-zz.com\/n\">4\ufe0f\u20e36\ufe0f\u20e3-N<\/a><\/strong><\/small><br><small> <strong><a href=\"http:\/\/0-zz.com\/o\">5\ufe0f\u20e31\ufe0f\u20e3-O<\/a> |<a href=\"http:\/\/0-zz.com\/p\">5\ufe0f\u20e32\ufe0f\u20e3-P<\/a> |<a href=\"http:\/\/0-zz.com\/q\">5\ufe0f\u20e33\ufe0f\u20e3-Q<\/a> |<a href=\"http:\/\/0-zz.com\/r\">5\ufe0f\u20e34\ufe0f\u20e3-R<\/a> |<a href=\"http:\/\/0-zz.com\/s\">5\ufe0f\u20e35\ufe0f\u20e3-S<\/a> |<a href=\"http:\/\/0-zz.com\/t\">5\ufe0f\u20e36\ufe0f\u20e3-T<\/a><\/strong><\/small><br><small> <strong><a href=\"http:\/\/0-zz.com\/u\">6\ufe0f\u20e31\ufe0f\u20e3-U<\/a> |<a href=\"http:\/\/0-zz.com\/v\">6\ufe0f\u20e32\ufe0f\u20e3-V<\/a> |<a href=\"http:\/\/0-zz.com\/w\">6\ufe0f\u20e33\ufe0f\u20e3-W<\/a> |<a href=\"http:\/\/0-zz.com\/x\">6\ufe0f\u20e34\ufe0f\u20e3-X<\/a> |<a href=\"http:\/\/0-zz.com\/y\">6\ufe0f\u20e35\ufe0f\u20e3-Y<\/a> |<a href=\"http:\/\/0-zz.com\/z\">6\ufe0f\u20e36\ufe0f\u20e3-Z<\/a><\/strong><\/small><\/p>\n\n\n\n<p>Roll 2 dice ?? 1\ufe0f\u20e32\ufe0f\u20e33\ufe0f\u20e34\ufe0f\u20e35\ufe0f\u20e36\ufe0f\u20e3<\/p>\n\n\n\n<p><a href=\"https:\/\/www.random.org\/dice\/\">https:\/\/www.random.org\/dice\/<\/a><\/p>\n\n\n\n<p><a href=\"https:\/\/www.google.com\/search?q=dice+roller\">https:\/\/www.google.com\/search?q=dice+roller<\/a><\/p>\n\n\n\n<hr class=\"wp-block-separator\"\/>\n\n\n\n<p><a href=\"https:\/\/12r.pl\/ea\/\">12r.pl\/ea<\/a>&nbsp;-&gt;&nbsp;<a href=\"https:\/\/12r.uk\/ea\/\">12r.uk\/ea<\/a>&nbsp;-&gt;&nbsp;<a href=\"https:\/\/7hi7.com\/ea\/\">7hi7.com\/ea<\/a><\/p>\n\n\n\n<p>Wikipedia.org &#8211; Play game &#8211; portals, categories, states, cities, capital cities<\/p>\n","protected":false},"excerpt":{"rendered":"<p>f &#8211; 03\/f &#8211; 03F Halina Fr\u0105ckowiak &#8211; Dancing Queen [Official Audio] 206K views&nbsp;\u00b7&nbsp;2 years ago Polskie Nagrania SUBSCRIBED 108K subscribers https:\/\/m.youtube.com\/channel\/UCeAFhL7tQmtLp9zk7uQpNoQ To ch\u0142\u00f3d,O kt\u00f3rym wiesz ju\u017c wszystko.By\u0142 \u015blub,Modlitwa nad walizk\u0105. W tym tle,Nadzieja na pogod\u0119.I wsz\u0119dzie klamki z\u0142ote,A Ty ju\u017c, ju\u017c dzi\u015b masz do\u015b\u0107. Do \u0142ez,Telefon ka\u017cdy boli.Kr\u00f3lowa bez korony,T\u0142umisz strach i \u017cal, i [&hellip;]<\/p>\n","protected":false},"author":1,"featured_media":0,"parent":0,"menu_order":0,"comment_status":"closed","ping_status":"closed","template":"","meta":{"footnotes":""},"class_list":["post-50","page","type-page","status-publish","hentry"],"_links":{"self":[{"href":"https:\/\/0-zz.com\/03\/wp-json\/wp\/v2\/pages\/50","targetHints":{"allow":["GET"]}}],"collection":[{"href":"https:\/\/0-zz.com\/03\/wp-json\/wp\/v2\/pages"}],"about":[{"href":"https:\/\/0-zz.com\/03\/wp-json\/wp\/v2\/types\/page"}],"author":[{"embeddable":true,"href":"https:\/\/0-zz.com\/03\/wp-json\/wp\/v2\/users\/1"}],"replies":[{"embeddable":true,"href":"https:\/\/0-zz.com\/03\/wp-json\/wp\/v2\/comments?post=50"}],"version-history":[{"count":3,"href":"https:\/\/0-zz.com\/03\/wp-json\/wp\/v2\/pages\/50\/revisions"}],"predecessor-version":[{"id":151,"href":"https:\/\/0-zz.com\/03\/wp-json\/wp\/v2\/pages\/50\/revisions\/151"}],"wp:attachment":[{"href":"https:\/\/0-zz.com\/03\/wp-json\/wp\/v2\/media?parent=50"}],"curies":[{"name":"wp","href":"https:\/\/api.w.org\/{rel}","templated":true}]}}