{"id":73,"date":"2022-02-20T04:29:30","date_gmt":"2022-02-20T16:29:30","guid":{"rendered":"https:\/\/0-zz.com\/02\/?page_id=73"},"modified":"2022-04-28T03:13:45","modified_gmt":"2022-04-28T15:13:45","slug":"k","status":"publish","type":"page","link":"https:\/\/0-zz.com\/02\/k\/","title":{"rendered":"K"},"content":{"rendered":"\n<h2 class=\"wp-block-heading\" id=\"k-02-k-02k\">k &#8211; 02\/k &#8211; 02K<\/h2>\n\n\n\n<figure class=\"wp-block-embed is-type-video is-provider-youtube wp-block-embed-youtube wp-embed-aspect-16-9 wp-has-aspect-ratio\"><div class=\"wp-block-embed__wrapper\">\n<iframe loading=\"lazy\" title=\"Wojciech G\u0105ssowski - Gdzie si\u0119 podzia\u0142y tamte prywatki [Official Audio]\" width=\"580\" height=\"326\" src=\"https:\/\/www.youtube.com\/embed\/jPTmOicHxqI?feature=oembed\" frameborder=\"0\" allow=\"accelerometer; autoplay; clipboard-write; encrypted-media; gyroscope; picture-in-picture; web-share\" referrerpolicy=\"strict-origin-when-cross-origin\" allowfullscreen><\/iframe>\n<\/div><\/figure>\n\n\n\n<h2 class=\"wp-block-heading\" id=\"wojciech-gassowski-gdzie-sie-podzialy-tamte-prywatki-official-audio\">Wojciech G\u0105ssowski &#8211; Gdzie si\u0119 podzia\u0142y tamte prywatki [Official Audio]<\/h2>\n\n\n\n<p>164K views&nbsp;\u00b7&nbsp;2 years ago<\/p>\n\n\n\n<h2 class=\"wp-block-heading\" id=\"polskie-nagrania\">Polskie Nagrania<\/h2>\n\n\n\n<p>SUBSCRIBED 108K subscribers<\/p>\n\n\n\n<p><a href=\"https:\/\/m.youtube.com\/channel\/UCeAFhL7tQmtLp9zk7uQpNoQ\">https:\/\/m.youtube.com\/channel\/UCeAFhL7tQmtLp9zk7uQpNoQ<\/a><\/p>\n\n\n\n<p>bum bum bum bum&#8230; bum bum&#8230; bum bum&#8230; bum uuu uuu..<br>bum bum bum bum&#8230; bum bum&#8230; bum bum.. uu uu uu uua.<\/p>\n\n\n\n<p>Gdzie si\u0119 podzia\u0142y tamte prywatki niezapomniane<br>Elvis, Sedaca, Speedy Gonzales albo Diana<br>Pod paltem wino a w r\u0119ku kwiaty wiecz\u00f3r, Bambino i Ty<br>Same przeboje Czerwonych Gitar tak bardzo chcia\u0142o si\u0119 \u017cy\u0107<\/p>\n\n\n\n<p>Refren:<br>Gdzie si\u0119 podzia\u0142y tamte prywatki<br>Gdzie te dziewczyny, gdzie tamten \u015bwiat<br>Gdzie si\u0119 podzia\u0142y tamte wspomnienia<br>Tamtych szalonych wspania\u0142ych lat<\/p>\n\n\n\n<p>bum bum bum bum&#8230; bum bum&#8230; bum bum&#8230; bum uuu uuu..<br>bum bum bum bum&#8230; bum bum&#8230; bum bum.. uu uu uu uua.<\/p>\n\n\n\n<p>Rodzina w kinie na drugim seansie ju\u017c z nud\u00f3w ziewa<br>Tutaj Paul Anka, Stonesi, Beatlesi, Cliff Richard \u015bpiewa<br>Tu\u017c przed matur\u0105 kwit\u0142y kasztany, \u017cy\u0142o si\u0119 tak jak we \u015bnie<br>Gdzie te prywatki nie zapomniane, czy jeszcze pami\u0119tasz mnie<\/p>\n\n\n\n<p>Refren:<br>Gdzie si\u0119 podzia\u0142y tamte prywatki<br>Gdzie te dziewczyny, gdzie tamten \u015bwiat<br>Gdzie si\u0119 podzia\u0142y nasze wspomnienia<br>Tamtych szalonych wspania\u0142ych lat<\/p>\n\n\n\n<p>Gdzie si\u0119 podzia\u0142y tamte prywatki (aaaaa)<br>Gdzie te dziewczyny, gdzie tamten \u015bwiat<br>Gdzie si\u0119 podzia\u0142y nasze wspomnienia<br>Tamtych szalonych wspania\u0142ych lat<\/p>\n\n\n\n<p>bum bum bum bum&#8230; bum bum&#8230; bum bum&#8230; bum uuu uuu..<br>bum bum bum bum&#8230; bum bum&#8230; bum bum&#8230; bum uuu uuu..<br>bum bum bum bum&#8230; bum bum&#8230; bum bum&#8230; bum uuu uuu..<br>bum bum bum bum&#8230; bum bum&#8230; bum bum&#8230; bum uuu uuu..<br>bum bum bum bum&#8230; bum bum&#8230; bum bum..<\/p>\n\n\n\n<figure class=\"wp-block-table\"><table><tbody><tr><th>Autor tekstu:<\/th><td>Marek Gaszy\u0144ski<\/td><\/tr><tr><th>Kompozytor:<\/th><td>Ryszard Poznakowski<\/td><\/tr><\/tbody><\/table><\/figure>\n\n\n\n<p><a href=\"https:\/\/www.tekstowo.pl\/piosenka,wojciech_gassowski,gdzie_sie_podzialy_tamte_prywatki.html\">https:\/\/www.tekstowo.pl\/piosenka,wojciech_gassowski,gdzie_sie_podzialy_tamte_prywatki.html<\/a><\/p>\n\n\n\n<hr class=\"wp-block-separator\"\/>\n\n\n\n<h4 class=\"wp-block-heading\">0-zz.com\/0 &#8211; 0-zz.com\/z :<\/h4>\n\n\n\n<p><small><strong><a href=\"http:\/\/0-zz.com\/0\">1\ufe0f\u20e31\ufe0f\u20e3-0<\/a> |<a href=\"http:\/\/0-zz.com\/1\">1\ufe0f\u20e32\ufe0f\u20e3-1<\/a> |<a href=\"http:\/\/0-zz.com\/2\">1\ufe0f\u20e33\ufe0f\u20e3-2<\/a> |<a href=\"http:\/\/0-zz.com\/3\">1\ufe0f\u20e34\ufe0f\u20e3-3<\/a> |<a href=\"http:\/\/0-zz.com\/4\">1\ufe0f\u20e35\ufe0f\u20e3-4<\/a> |<a href=\"http:\/\/0-zz.com\/5\">1\ufe0f\u20e36\ufe0f\u20e3-5<\/a> <\/strong><\/small><br><small> <strong><a href=\"http:\/\/0-zz.com\/6\">2\ufe0f\u20e31\ufe0f\u20e3-6<\/a> |<a href=\"http:\/\/0-zz.com\/7\">2\ufe0f\u20e32\ufe0f\u20e3-7<\/a> |<a href=\"http:\/\/0-zz.com\/8\">2\ufe0f\u20e33\ufe0f\u20e3-8<\/a> |<a href=\"http:\/\/0-zz.com\/9\">2\ufe0f\u20e34\ufe0f\u20e3-9<\/a> |<a href=\"http:\/\/0-zz.com\/a\">2\ufe0f\u20e35\ufe0f\u20e3-A<\/a> |<a href=\"http:\/\/0-zz.com\/b\">2\ufe0f\u20e36\ufe0f\u20e3-B<\/a><\/strong><\/small><br><small> <strong><a href=\"http:\/\/0-zz.com\/c\">3\ufe0f\u20e31\ufe0f\u20e3-C<\/a> |<a href=\"http:\/\/0-zz.com\/d\">3\ufe0f\u20e32\ufe0f\u20e3-D<\/a> |<a href=\"http:\/\/0-zz.com\/e\">3\ufe0f\u20e33\ufe0f\u20e3-E<\/a> |<a href=\"http:\/\/0-zz.com\/f\">3\ufe0f\u20e34\ufe0f\u20e3-F<\/a> |<a href=\"http:\/\/0-zz.com\/g\">3\ufe0f\u20e35\ufe0f\u20e3-G<\/a> |<a href=\"http:\/\/0-zz.com\/h\">3\ufe0f\u20e36\ufe0f\u20e3-H<\/a><\/strong><\/small><br><small> <strong><a href=\"http:\/\/0-zz.com\/i\">4\ufe0f\u20e31\ufe0f\u20e3-I<\/a> |<a href=\"http:\/\/0-zz.com\/j\">4\ufe0f\u20e32\ufe0f\u20e3-J<\/a> |<a href=\"http:\/\/0-zz.com\/k\">4\ufe0f\u20e33\ufe0f\u20e3-K<\/a> |<a href=\"http:\/\/0-zz.com\/l\">4\ufe0f\u20e34\ufe0f\u20e3-L<\/a> |<a href=\"http:\/\/0-zz.com\/m\">4\ufe0f\u20e35\ufe0f\u20e3-M<\/a> |<a href=\"http:\/\/0-zz.com\/n\">4\ufe0f\u20e36\ufe0f\u20e3-N<\/a><\/strong><\/small><br><small> <strong><a href=\"http:\/\/0-zz.com\/o\">5\ufe0f\u20e31\ufe0f\u20e3-O<\/a> |<a href=\"http:\/\/0-zz.com\/p\">5\ufe0f\u20e32\ufe0f\u20e3-P<\/a> |<a href=\"http:\/\/0-zz.com\/q\">5\ufe0f\u20e33\ufe0f\u20e3-Q<\/a> |<a href=\"http:\/\/0-zz.com\/r\">5\ufe0f\u20e34\ufe0f\u20e3-R<\/a> |<a href=\"http:\/\/0-zz.com\/s\">5\ufe0f\u20e35\ufe0f\u20e3-S<\/a> |<a href=\"http:\/\/0-zz.com\/t\">5\ufe0f\u20e36\ufe0f\u20e3-T<\/a><\/strong><\/small><br><small> <strong><a href=\"http:\/\/0-zz.com\/u\">6\ufe0f\u20e31\ufe0f\u20e3-U<\/a> |<a href=\"http:\/\/0-zz.com\/v\">6\ufe0f\u20e32\ufe0f\u20e3-V<\/a> |<a href=\"http:\/\/0-zz.com\/w\">6\ufe0f\u20e33\ufe0f\u20e3-W<\/a> |<a href=\"http:\/\/0-zz.com\/x\">6\ufe0f\u20e34\ufe0f\u20e3-X<\/a> |<a href=\"http:\/\/0-zz.com\/y\">6\ufe0f\u20e35\ufe0f\u20e3-Y<\/a> |<a href=\"http:\/\/0-zz.com\/z\">6\ufe0f\u20e36\ufe0f\u20e3-Z<\/a><\/strong><\/small><\/p>\n\n\n\n<p>Roll 2 dice ?? 1\ufe0f\u20e32\ufe0f\u20e33\ufe0f\u20e34\ufe0f\u20e35\ufe0f\u20e36\ufe0f\u20e3<\/p>\n\n\n\n<p><a href=\"https:\/\/www.random.org\/dice\/\">https:\/\/www.random.org\/dice\/<\/a><\/p>\n\n\n\n<p><a href=\"https:\/\/www.google.com\/search?q=dice+roller\">https:\/\/www.google.com\/search?q=dice+roller<\/a><\/p>\n\n\n\n<hr class=\"wp-block-separator\"\/>\n\n\n\n<p><a href=\"https:\/\/12r.pl\/ea\/\">12r.pl\/ea<\/a>&nbsp;-&gt;&nbsp;<a href=\"https:\/\/12r.uk\/ea\/\">12r.uk\/ea<\/a>&nbsp;-&gt;&nbsp;<a href=\"https:\/\/7hi7.com\/ea\/\">7hi7.com\/ea<\/a><\/p>\n\n\n\n<p>Wikipedia.org &#8211; Play game &#8211; portals, categories, states, cities, capital cities<\/p>\n","protected":false},"excerpt":{"rendered":"<p>k &#8211; 02\/k &#8211; 02K Wojciech G\u0105ssowski &#8211; Gdzie si\u0119 podzia\u0142y tamte prywatki [Official Audio] 164K views&nbsp;\u00b7&nbsp;2 years ago Polskie Nagrania SUBSCRIBED 108K subscribers https:\/\/m.youtube.com\/channel\/UCeAFhL7tQmtLp9zk7uQpNoQ bum bum bum bum&#8230; bum bum&#8230; bum bum&#8230; bum uuu uuu..bum bum bum bum&#8230; bum bum&#8230; bum bum.. uu uu uu uua. Gdzie si\u0119 podzia\u0142y tamte prywatki niezapomnianeElvis, Sedaca, Speedy [&hellip;]<\/p>\n","protected":false},"author":1,"featured_media":0,"parent":0,"menu_order":0,"comment_status":"closed","ping_status":"closed","template":"","meta":{"footnotes":""},"class_list":["post-73","page","type-page","status-publish","hentry"],"_links":{"self":[{"href":"https:\/\/0-zz.com\/02\/wp-json\/wp\/v2\/pages\/73","targetHints":{"allow":["GET"]}}],"collection":[{"href":"https:\/\/0-zz.com\/02\/wp-json\/wp\/v2\/pages"}],"about":[{"href":"https:\/\/0-zz.com\/02\/wp-json\/wp\/v2\/types\/page"}],"author":[{"embeddable":true,"href":"https:\/\/0-zz.com\/02\/wp-json\/wp\/v2\/users\/1"}],"replies":[{"embeddable":true,"href":"https:\/\/0-zz.com\/02\/wp-json\/wp\/v2\/comments?post=73"}],"version-history":[{"count":4,"href":"https:\/\/0-zz.com\/02\/wp-json\/wp\/v2\/pages\/73\/revisions"}],"predecessor-version":[{"id":180,"href":"https:\/\/0-zz.com\/02\/wp-json\/wp\/v2\/pages\/73\/revisions\/180"}],"wp:attachment":[{"href":"https:\/\/0-zz.com\/02\/wp-json\/wp\/v2\/media?parent=73"}],"curies":[{"name":"wp","href":"https:\/\/api.w.org\/{rel}","templated":true}]}}