{"id":51,"date":"2022-02-20T03:51:05","date_gmt":"2022-02-20T15:51:05","guid":{"rendered":"https:\/\/0-zz.com\/02\/?page_id=51"},"modified":"2022-04-28T03:07:42","modified_gmt":"2022-04-28T15:07:42","slug":"g","status":"publish","type":"page","link":"https:\/\/0-zz.com\/02\/g\/","title":{"rendered":"G"},"content":{"rendered":"\n<h2 class=\"wp-block-heading\" id=\"g-02-g-02g\">g &#8211; 02\/g &#8211; 02G<\/h2>\n\n\n\n<figure class=\"wp-block-embed is-type-video is-provider-youtube wp-block-embed-youtube wp-embed-aspect-16-9 wp-has-aspect-ratio\"><div class=\"wp-block-embed__wrapper\">\n<iframe loading=\"lazy\" title=\"LemON - Scarlett [Official Music Video]\" width=\"580\" height=\"326\" src=\"https:\/\/www.youtube.com\/embed\/8GE2N8Ye5Tw?feature=oembed\" frameborder=\"0\" allow=\"accelerometer; autoplay; clipboard-write; encrypted-media; gyroscope; picture-in-picture; web-share\" referrerpolicy=\"strict-origin-when-cross-origin\" allowfullscreen><\/iframe>\n<\/div><\/figure>\n\n\n\n<h2 class=\"wp-block-heading\" id=\"lemon-scarlett-official-music-video\">LemON &#8211; Scarlett [Official Music Video]<\/h2>\n\n\n\n<p>19M views&nbsp;\u00b7&nbsp;7 years ago<\/p>\n\n\n\n<h2 class=\"wp-block-heading\" id=\"lemon\">LemON<\/h2>\n\n\n\n<p>SUBSCRIBED 129K subscribers<\/p>\n\n\n\n<p><a href=\"https:\/\/m.youtube.com\/channel\/UC5fg8nLaKt9qcBCejWMSC1g\">https:\/\/m.youtube.com\/channel\/UC5fg8nLaKt9qcBCejWMSC1g<\/a><\/p>\n\n\n\n<p>Dzie\u0144 w dzie\u0144, bardziej \u015bmieszysz mnie<br>Nie wiesz..<br>Nie wiesz czego chcesz, czego nie chcesz, wiesz<br>To nie pierwszy raz..<br>To nie pierwszy raz, gdy kto\u015b \u015blepo b\u0142\u0105dzi<br>Nic z tego nie b\u0119dzie, nic z tego nie b\u0119dzie.<\/p>\n\n\n\n<p>\u0141zy, sny, m\u00f3wisz jestem z\u0142y,<br>Wczoraj..<br>Wczoraj wo\u0142asz: b\u0105d\u017a, dzisiaj Wieszasz psy<br>Znowu&#8230;<br>Znowu racje mam, m\u00f3wisz b\u0119d\u0119 sam<br>Nic z tego nie b\u0119dzie, nic z tego nie b\u0119dzie.<\/p>\n\n\n\n<p>Refren<br>Scarlett, ma\u0142o mam<br>Przestrzeni i oddechu<br>Ma\u0142o mam<br>Scarlett, ma\u0142o mam<br>przez ciebie brak spokoju w sobie mam.<\/p>\n\n\n\n<p>Wsta\u0144, id\u017a, przesta\u0144 maza\u0107 si\u0119,<br>\u015awietnie..<br>\u015awietnie cie rozumiem, zacz\u0119li\u015bmy \u017ale<br>Co ty ze mn\u0105 masz, w co ty ze mn\u0105 grasz?<br>Nic z tego nie b\u0119dzie, nic z tego nie b\u0119dzie..<\/p>\n\n\n\n<p>Pu\u015b\u0107 mnie, przesta\u0144 szarpa\u0107 si\u0119<br>Je\u015bli..<br>Je\u015bli czego\u015b chcesz to od razu bierz<br>Z\u0142ap pu\u015b\u0107..<br>Z\u0142ap pu\u015b\u0107, mog\u0119 poda\u0107 Ci n\u00f3\u017c<br>Nic z tego nie b\u0119dzie, z tego nic nie b\u0119dzie.<\/p>\n\n\n\n<p>Scarlett, ma\u0142o mam<br>Przestrzeni i oddechu<br>Ma\u0142o mam<br>Scarlett, ma\u0142o mam<br>przez ciebie brak spokoju w sobie mam.<\/p>\n\n\n\n<p>BRIDGE<br>Usi\u0105d\u017a bo musz\u0119 na Ciebie patrze\u0107&#8230;<br>Bi\u0142em si\u0119 z my\u015blami, dobrze dzi\u015b wygl\u0105dasz, wiesz&#8230;<\/p>\n\n\n\n<p>Scarlett, ma\u0142o mam<br>Przestrzeni i oddechu,<br>Ma\u0142o mam<br>Scarlett..<br>Scarlett ma\u0142o mam,<br>przez ciebie brak spokoju w sobie mam<br>Scarlett ma\u0142o mam,<br>Przestrzeni i oddechu<br>Ma\u0142o mam<br>Scarlett ma\u0142o mam<br>przez ciebie brak spokoju w sobie mam.<\/p>\n\n\n\n<p>Scarlett&#8230; Scarlett&#8230; Scarlett&#8230;<\/p>\n\n\n\n<figure class=\"wp-block-table\"><table><tbody><tr><th>Autor tekstu:<\/th><td>Ma\u0142gorzata Dacko, Igor Herbut<\/td><\/tr><tr><th>Kompozytor:<\/th><td>LemON<\/td><\/tr><\/tbody><\/table><\/figure>\n\n\n\n<p><a href=\"https:\/\/www.tekstowo.pl\/piosenka,lemon_pl,scarlett.html\">https:\/\/www.tekstowo.pl\/piosenka,lemon_pl,scarlett.html<\/a><\/p>\n\n\n\n<figure class=\"wp-block-embed is-type-video is-provider-youtube wp-block-embed-youtube wp-embed-aspect-16-9 wp-has-aspect-ratio\"><div class=\"wp-block-embed__wrapper\">\n<iframe loading=\"lazy\" title=\"LemON - Napraw  [Official Music Video]\" width=\"580\" height=\"326\" src=\"https:\/\/www.youtube.com\/embed\/9GQqF8Q7wQY?feature=oembed\" frameborder=\"0\" allow=\"accelerometer; autoplay; clipboard-write; encrypted-media; gyroscope; picture-in-picture; web-share\" referrerpolicy=\"strict-origin-when-cross-origin\" allowfullscreen><\/iframe>\n<\/div><\/figure>\n\n\n\n<h2 class=\"wp-block-heading\" id=\"lemon-napraw-official-music-video\">LemON &#8211; Napraw [Official Music Video]<\/h2>\n\n\n\n<p>29M views&nbsp;\u00b7&nbsp;8 years ago<\/p>\n\n\n\n<p>Ty widzisz, \u017ce nawet, kiedy \u015bpi\u0119, p\u0142on\u0119.<br>Jedna my\u015bl, daj mi wody.<br>Po\u015br\u00f3d mych natchnie\u0144, Twoje \u0142zy, s\u0142one.<br>B\u0142agam, napraw mnie<\/p>\n\n\n\n<p>Ukryty w k\u0142amstwach, wobec prawd samych.<br>Pisz\u0105c co\u015b na kartkach starych.<br>W imi\u0119 tych ran nowych, kt\u00f3re zadaj\u0119.<br>B\u0142agam, napraw mnie!<\/p>\n\n\n\n<p>Czy dasz rad\u0119 kocha\u0107, mimo, \u017ce ja<br>Nie umiem ju\u017c sam, bez Ciebie wsta\u0107<br>Czy dasz rad\u0119 kocha\u0107, mimo Twych ran<br>Nie umiem ju\u017c sam bez Ciebie wsta\u0107<\/p>\n\n\n\n<p>Ostatni ju\u017c raz sprawi\u0142em, \u017ce jej oczy p\u0142acz\u0105.<\/p>\n\n\n\n<p>Po\u015br\u00f3d mych natchnie\u0144, Twoje \u0142zy, s\u0142one.<br>B\u0142agam, napraw mnie!<\/p>\n\n\n\n<p>Czy dasz rad\u0119 kocha\u0107, mimo, \u017ce ja<br>Nie umiem ju\u017c sam, bez Ciebie wsta\u0107<br>Czy dasz rad\u0119 kocha\u0107, mimo, \u017ce ja<br>Nie umiem ju\u017c sam, bez Ciebie wsta\u0107<br>Czy dasz rad\u0119 kocha\u0107, mimo, \u017ce ja<br>Nie umiem ju\u017c sam, bez Ciebie wsta\u0107<br>Czy dasz rad\u0119 kocha\u0107, mimo Twych ran<br>Nie umiem ju\u017c sam bez Ciebie wsta\u0107<\/p>\n\n\n\n<p>Ostatni ju\u017c raz sprawi\u0142em, \u017ce jej oczy p\u0142acz\u0105.<\/p>\n\n\n\n<p>Po\u015br\u00f3d mych natchnie\u0144, Twoje \u0142zy s\u0142one.<br>B\u0142agam, napraw mnie!<\/p>\n\n\n\n<figure class=\"wp-block-table\"><table><tbody><tr><th>Autor tekstu:<\/th><td>Igor Herbut<\/td><\/tr><tr><th>Kompozytor:<\/th><td>Igor Herbut<\/td><\/tr><\/tbody><\/table><\/figure>\n\n\n\n<p><a href=\"https:\/\/www.tekstowo.pl\/piosenka,lemon_pl,napraw.html\">https:\/\/www.tekstowo.pl\/piosenka,lemon_pl,napraw.html<\/a><\/p>\n\n\n\n<hr class=\"wp-block-separator\"\/>\n\n\n\n<h4 class=\"wp-block-heading\">0-zz.com\/0 &#8211; 0-zz.com\/z :<\/h4>\n\n\n\n<p><small><strong><a href=\"http:\/\/0-zz.com\/0\">1\ufe0f\u20e31\ufe0f\u20e3-0<\/a> |<a href=\"http:\/\/0-zz.com\/1\">1\ufe0f\u20e32\ufe0f\u20e3-1<\/a> |<a href=\"http:\/\/0-zz.com\/2\">1\ufe0f\u20e33\ufe0f\u20e3-2<\/a> |<a href=\"http:\/\/0-zz.com\/3\">1\ufe0f\u20e34\ufe0f\u20e3-3<\/a> |<a href=\"http:\/\/0-zz.com\/4\">1\ufe0f\u20e35\ufe0f\u20e3-4<\/a> |<a href=\"http:\/\/0-zz.com\/5\">1\ufe0f\u20e36\ufe0f\u20e3-5<\/a> <\/strong><\/small><br><small> <strong><a href=\"http:\/\/0-zz.com\/6\">2\ufe0f\u20e31\ufe0f\u20e3-6<\/a> |<a href=\"http:\/\/0-zz.com\/7\">2\ufe0f\u20e32\ufe0f\u20e3-7<\/a> |<a href=\"http:\/\/0-zz.com\/8\">2\ufe0f\u20e33\ufe0f\u20e3-8<\/a> |<a href=\"http:\/\/0-zz.com\/9\">2\ufe0f\u20e34\ufe0f\u20e3-9<\/a> |<a href=\"http:\/\/0-zz.com\/a\">2\ufe0f\u20e35\ufe0f\u20e3-A<\/a> |<a href=\"http:\/\/0-zz.com\/b\">2\ufe0f\u20e36\ufe0f\u20e3-B<\/a><\/strong><\/small><br><small> <strong><a href=\"http:\/\/0-zz.com\/c\">3\ufe0f\u20e31\ufe0f\u20e3-C<\/a> |<a href=\"http:\/\/0-zz.com\/d\">3\ufe0f\u20e32\ufe0f\u20e3-D<\/a> |<a href=\"http:\/\/0-zz.com\/e\">3\ufe0f\u20e33\ufe0f\u20e3-E<\/a> |<a href=\"http:\/\/0-zz.com\/f\">3\ufe0f\u20e34\ufe0f\u20e3-F<\/a> |<a href=\"http:\/\/0-zz.com\/g\">3\ufe0f\u20e35\ufe0f\u20e3-G<\/a> |<a href=\"http:\/\/0-zz.com\/h\">3\ufe0f\u20e36\ufe0f\u20e3-H<\/a><\/strong><\/small><br><small> <strong><a href=\"http:\/\/0-zz.com\/i\">4\ufe0f\u20e31\ufe0f\u20e3-I<\/a> |<a href=\"http:\/\/0-zz.com\/j\">4\ufe0f\u20e32\ufe0f\u20e3-J<\/a> |<a href=\"http:\/\/0-zz.com\/k\">4\ufe0f\u20e33\ufe0f\u20e3-K<\/a> |<a href=\"http:\/\/0-zz.com\/l\">4\ufe0f\u20e34\ufe0f\u20e3-L<\/a> |<a href=\"http:\/\/0-zz.com\/m\">4\ufe0f\u20e35\ufe0f\u20e3-M<\/a> |<a href=\"http:\/\/0-zz.com\/n\">4\ufe0f\u20e36\ufe0f\u20e3-N<\/a><\/strong><\/small><br><small> <strong><a href=\"http:\/\/0-zz.com\/o\">5\ufe0f\u20e31\ufe0f\u20e3-O<\/a> |<a href=\"http:\/\/0-zz.com\/p\">5\ufe0f\u20e32\ufe0f\u20e3-P<\/a> |<a href=\"http:\/\/0-zz.com\/q\">5\ufe0f\u20e33\ufe0f\u20e3-Q<\/a> |<a href=\"http:\/\/0-zz.com\/r\">5\ufe0f\u20e34\ufe0f\u20e3-R<\/a> |<a href=\"http:\/\/0-zz.com\/s\">5\ufe0f\u20e35\ufe0f\u20e3-S<\/a> |<a href=\"http:\/\/0-zz.com\/t\">5\ufe0f\u20e36\ufe0f\u20e3-T<\/a><\/strong><\/small><br><small> <strong><a href=\"http:\/\/0-zz.com\/u\">6\ufe0f\u20e31\ufe0f\u20e3-U<\/a> |<a href=\"http:\/\/0-zz.com\/v\">6\ufe0f\u20e32\ufe0f\u20e3-V<\/a> |<a href=\"http:\/\/0-zz.com\/w\">6\ufe0f\u20e33\ufe0f\u20e3-W<\/a> |<a href=\"http:\/\/0-zz.com\/x\">6\ufe0f\u20e34\ufe0f\u20e3-X<\/a> |<a href=\"http:\/\/0-zz.com\/y\">6\ufe0f\u20e35\ufe0f\u20e3-Y<\/a> |<a href=\"http:\/\/0-zz.com\/z\">6\ufe0f\u20e36\ufe0f\u20e3-Z<\/a><\/strong><\/small><\/p>\n\n\n\n<p>Roll 2 dice ?? 1\ufe0f\u20e32\ufe0f\u20e33\ufe0f\u20e34\ufe0f\u20e35\ufe0f\u20e36\ufe0f\u20e3<\/p>\n\n\n\n<p><a href=\"https:\/\/www.random.org\/dice\/\">https:\/\/www.random.org\/dice\/<\/a><\/p>\n\n\n\n<p><a href=\"https:\/\/www.google.com\/search?q=dice+roller\">https:\/\/www.google.com\/search?q=dice+roller<\/a><\/p>\n\n\n\n<hr class=\"wp-block-separator\"\/>\n\n\n\n<p><a href=\"https:\/\/12r.pl\/ea\/\">12r.pl\/ea<\/a>&nbsp;-&gt;&nbsp;<a href=\"https:\/\/12r.uk\/ea\/\">12r.uk\/ea<\/a>&nbsp;-&gt;&nbsp;<a href=\"https:\/\/7hi7.com\/ea\/\">7hi7.com\/ea<\/a><\/p>\n\n\n\n<p>Wikipedia.org &#8211; Play game &#8211; portals, categories, states, cities, capital cities<\/p>\n","protected":false},"excerpt":{"rendered":"<p>g &#8211; 02\/g &#8211; 02G LemON &#8211; Scarlett [Official Music Video] 19M views&nbsp;\u00b7&nbsp;7 years ago LemON SUBSCRIBED 129K subscribers https:\/\/m.youtube.com\/channel\/UC5fg8nLaKt9qcBCejWMSC1g Dzie\u0144 w dzie\u0144, bardziej \u015bmieszysz mnieNie wiesz..Nie wiesz czego chcesz, czego nie chcesz, wieszTo nie pierwszy raz..To nie pierwszy raz, gdy kto\u015b \u015blepo b\u0142\u0105dziNic z tego nie b\u0119dzie, nic z tego nie b\u0119dzie. \u0141zy, sny, [&hellip;]<\/p>\n","protected":false},"author":1,"featured_media":0,"parent":0,"menu_order":0,"comment_status":"closed","ping_status":"closed","template":"","meta":{"footnotes":""},"class_list":["post-51","page","type-page","status-publish","hentry"],"_links":{"self":[{"href":"https:\/\/0-zz.com\/02\/wp-json\/wp\/v2\/pages\/51","targetHints":{"allow":["GET"]}}],"collection":[{"href":"https:\/\/0-zz.com\/02\/wp-json\/wp\/v2\/pages"}],"about":[{"href":"https:\/\/0-zz.com\/02\/wp-json\/wp\/v2\/types\/page"}],"author":[{"embeddable":true,"href":"https:\/\/0-zz.com\/02\/wp-json\/wp\/v2\/users\/1"}],"replies":[{"embeddable":true,"href":"https:\/\/0-zz.com\/02\/wp-json\/wp\/v2\/comments?post=51"}],"version-history":[{"count":5,"href":"https:\/\/0-zz.com\/02\/wp-json\/wp\/v2\/pages\/51\/revisions"}],"predecessor-version":[{"id":174,"href":"https:\/\/0-zz.com\/02\/wp-json\/wp\/v2\/pages\/51\/revisions\/174"}],"wp:attachment":[{"href":"https:\/\/0-zz.com\/02\/wp-json\/wp\/v2\/media?parent=51"}],"curies":[{"name":"wp","href":"https:\/\/api.w.org\/{rel}","templated":true}]}}