{"id":31,"date":"2022-02-20T02:33:26","date_gmt":"2022-02-20T14:33:26","guid":{"rendered":"https:\/\/0-zz.com\/02\/?page_id=31"},"modified":"2022-04-28T02:49:34","modified_gmt":"2022-04-28T14:49:34","slug":"6-2","status":"publish","type":"page","link":"https:\/\/0-zz.com\/02\/6-2\/","title":{"rendered":"6"},"content":{"rendered":"\n<h2 class=\"wp-block-heading\" id=\"6-02-6-026\">6 &#8211; 02\/6 &#8211; 026<\/h2>\n\n\n\n<figure class=\"wp-block-embed is-type-video is-provider-youtube wp-block-embed-youtube wp-embed-aspect-16-9 wp-has-aspect-ratio\"><div class=\"wp-block-embed__wrapper\">\n<iframe loading=\"lazy\" title=\"Krzysztof Kilja\u0144ski feat. Kayah - Pr\u00f3cz Ciebie nic (Official Video)\" width=\"580\" height=\"326\" src=\"https:\/\/www.youtube.com\/embed\/xEGrNHGXPdY?feature=oembed\" frameborder=\"0\" allow=\"accelerometer; autoplay; clipboard-write; encrypted-media; gyroscope; picture-in-picture; web-share\" referrerpolicy=\"strict-origin-when-cross-origin\" allowfullscreen><\/iframe>\n<\/div><\/figure>\n\n\n\n<h2 class=\"wp-block-heading\" id=\"krzysztof-kiljanski-feat-kayah-procz-ciebie-nic-official-video\">Krzysztof Kilja\u0144ski feat. Kayah &#8211; Pr\u00f3cz Ciebie nic (Official Video)<\/h2>\n\n\n\n<p>2M views&nbsp;\u00b7&nbsp;4 years ago<\/p>\n\n\n\n<h2 class=\"wp-block-heading\" id=\"kayaxtv\">KayaxTV<\/h2>\n\n\n\n<p>SUBSCRIBED 332K subscribers<\/p>\n\n\n\n<p><a href=\"https:\/\/m.youtube.com\/channel\/UCEKf3LX2AP3RaT_MG6-ApgQ\">https:\/\/m.youtube.com\/channel\/UCEKf3LX2AP3RaT_MG6-ApgQ<\/a><\/p>\n\n\n\n<p>\u015awiat szybki jak m\u0142ody wiatr<br>P\u0119dzi co tchu<br>I nie ma czasu na mi\u0142o\u015b\u0107 ju\u017c<\/p>\n\n\n\n<p>Wi\u0119c prosz\u0119 ci\u0119, blisko b\u0105d\u017a<br>Kochaj mnie, trwaj przy mnie, bo<br>Wok\u00f3\u0142 wzburzone morze<br>Tylko twoja d\u0142o\u0144 \u2013 sta\u0142y l\u0105d<\/p>\n\n\n\n<p>\u017byj z ca\u0142ych si\u0142<br>\u017bycie tli si\u0119 p\u0142omieniem, co<br>W\u0105t\u0142y i \u0142atwo zagasi\u0107 go<\/p>\n\n\n\n<p>Wi\u0119c prosz\u0119 ci\u0119, blisko b\u0105d\u017a<br>Kochaj mnie, trwaj przy mnie, bo<br>Wok\u00f3\u0142 wzburzone morze<br>Tylko twoja d\u0142o\u0144 \u2013 sta\u0142y l\u0105d<\/p>\n\n\n\n<p>Co los chce da\u0107 lub zabra\u0107 mi<br>Dzi\u015b opr\u00f3cz ciebie, wiem, nie mam nic (x2)<\/p>\n\n\n\n<p>Wi\u0119c blisko b\u0105d\u017a i kochaj mnie<br>Trwaj przy mnie, bo<br>Wok\u00f3\u0142 wzburzone morze<br>Tylko twoja d\u0142o\u0144 \u2013 sta\u0142y l\u0105d<\/p>\n\n\n\n<figure class=\"wp-block-table\"><table><tbody><tr><th>Autor tekstu:<\/th><td>Kayah (Katarzyna Szczot)<\/td><\/tr><tr><th>Kompozytor:<\/th><td>Witold Cis\u0142o<\/td><\/tr><\/tbody><\/table><\/figure>\n\n\n\n<p><a href=\"https:\/\/www.tekstowo.pl\/piosenka,krzysztof_kilja_ski___kayah,procz_ciebie_nic.html\">https:\/\/www.tekstowo.pl\/piosenka,krzysztof_kilja_ski___kayah,procz_ciebie_nic.html<\/a><\/p>\n\n\n\n<hr class=\"wp-block-separator\"\/>\n\n\n\n<h4 class=\"wp-block-heading\">0-zz.com\/0 &#8211; 0-zz.com\/z :<\/h4>\n\n\n\n<p><small><strong><a href=\"http:\/\/0-zz.com\/0\">1\ufe0f\u20e31\ufe0f\u20e3-0<\/a> |<a href=\"http:\/\/0-zz.com\/1\">1\ufe0f\u20e32\ufe0f\u20e3-1<\/a> |<a href=\"http:\/\/0-zz.com\/2\">1\ufe0f\u20e33\ufe0f\u20e3-2<\/a> |<a href=\"http:\/\/0-zz.com\/3\">1\ufe0f\u20e34\ufe0f\u20e3-3<\/a> |<a href=\"http:\/\/0-zz.com\/4\">1\ufe0f\u20e35\ufe0f\u20e3-4<\/a> |<a href=\"http:\/\/0-zz.com\/5\">1\ufe0f\u20e36\ufe0f\u20e3-5<\/a> <\/strong><\/small><br><small> <strong><a href=\"http:\/\/0-zz.com\/6\">2\ufe0f\u20e31\ufe0f\u20e3-6<\/a> |<a href=\"http:\/\/0-zz.com\/7\">2\ufe0f\u20e32\ufe0f\u20e3-7<\/a> |<a href=\"http:\/\/0-zz.com\/8\">2\ufe0f\u20e33\ufe0f\u20e3-8<\/a> |<a href=\"http:\/\/0-zz.com\/9\">2\ufe0f\u20e34\ufe0f\u20e3-9<\/a> |<a href=\"http:\/\/0-zz.com\/a\">2\ufe0f\u20e35\ufe0f\u20e3-A<\/a> |<a href=\"http:\/\/0-zz.com\/b\">2\ufe0f\u20e36\ufe0f\u20e3-B<\/a><\/strong><\/small><br><small> <strong><a href=\"http:\/\/0-zz.com\/c\">3\ufe0f\u20e31\ufe0f\u20e3-C<\/a> |<a href=\"http:\/\/0-zz.com\/d\">3\ufe0f\u20e32\ufe0f\u20e3-D<\/a> |<a href=\"http:\/\/0-zz.com\/e\">3\ufe0f\u20e33\ufe0f\u20e3-E<\/a> |<a href=\"http:\/\/0-zz.com\/f\">3\ufe0f\u20e34\ufe0f\u20e3-F<\/a> |<a href=\"http:\/\/0-zz.com\/g\">3\ufe0f\u20e35\ufe0f\u20e3-G<\/a> |<a href=\"http:\/\/0-zz.com\/h\">3\ufe0f\u20e36\ufe0f\u20e3-H<\/a><\/strong><\/small><br><small> <strong><a href=\"http:\/\/0-zz.com\/i\">4\ufe0f\u20e31\ufe0f\u20e3-I<\/a> |<a href=\"http:\/\/0-zz.com\/j\">4\ufe0f\u20e32\ufe0f\u20e3-J<\/a> |<a href=\"http:\/\/0-zz.com\/k\">4\ufe0f\u20e33\ufe0f\u20e3-K<\/a> |<a href=\"http:\/\/0-zz.com\/l\">4\ufe0f\u20e34\ufe0f\u20e3-L<\/a> |<a href=\"http:\/\/0-zz.com\/m\">4\ufe0f\u20e35\ufe0f\u20e3-M<\/a> |<a href=\"http:\/\/0-zz.com\/n\">4\ufe0f\u20e36\ufe0f\u20e3-N<\/a><\/strong><\/small><br><small> <strong><a href=\"http:\/\/0-zz.com\/o\">5\ufe0f\u20e31\ufe0f\u20e3-O<\/a> |<a href=\"http:\/\/0-zz.com\/p\">5\ufe0f\u20e32\ufe0f\u20e3-P<\/a> |<a href=\"http:\/\/0-zz.com\/q\">5\ufe0f\u20e33\ufe0f\u20e3-Q<\/a> |<a href=\"http:\/\/0-zz.com\/r\">5\ufe0f\u20e34\ufe0f\u20e3-R<\/a> |<a href=\"http:\/\/0-zz.com\/s\">5\ufe0f\u20e35\ufe0f\u20e3-S<\/a> |<a href=\"http:\/\/0-zz.com\/t\">5\ufe0f\u20e36\ufe0f\u20e3-T<\/a><\/strong><\/small><br><small> <strong><a href=\"http:\/\/0-zz.com\/u\">6\ufe0f\u20e31\ufe0f\u20e3-U<\/a> |<a href=\"http:\/\/0-zz.com\/v\">6\ufe0f\u20e32\ufe0f\u20e3-V<\/a> |<a href=\"http:\/\/0-zz.com\/w\">6\ufe0f\u20e33\ufe0f\u20e3-W<\/a> |<a href=\"http:\/\/0-zz.com\/x\">6\ufe0f\u20e34\ufe0f\u20e3-X<\/a> |<a href=\"http:\/\/0-zz.com\/y\">6\ufe0f\u20e35\ufe0f\u20e3-Y<\/a> |<a href=\"http:\/\/0-zz.com\/z\">6\ufe0f\u20e36\ufe0f\u20e3-Z<\/a><\/strong><\/small><\/p>\n\n\n\n<p>Roll 2 dice ?? 1\ufe0f\u20e32\ufe0f\u20e33\ufe0f\u20e34\ufe0f\u20e35\ufe0f\u20e36\ufe0f\u20e3<\/p>\n\n\n\n<p><a href=\"https:\/\/www.random.org\/dice\/\">https:\/\/www.random.org\/dice\/<\/a><\/p>\n\n\n\n<p><a href=\"https:\/\/www.google.com\/search?q=dice+roller\">https:\/\/www.google.com\/search?q=dice+roller<\/a><\/p>\n\n\n\n<hr class=\"wp-block-separator\"\/>\n\n\n\n<p><a href=\"https:\/\/12r.pl\/ea\/\">12r.pl\/ea<\/a>&nbsp;-&gt;&nbsp;<a href=\"https:\/\/12r.uk\/ea\/\">12r.uk\/ea<\/a>&nbsp;-&gt;&nbsp;<a href=\"https:\/\/7hi7.com\/ea\/\">7hi7.com\/ea<\/a><\/p>\n\n\n\n<p>Wikipedia.org &#8211; Play game &#8211; portals, categories, states, cities, capital cities<\/p>\n","protected":false},"excerpt":{"rendered":"<p>6 &#8211; 02\/6 &#8211; 026 Krzysztof Kilja\u0144ski feat. Kayah &#8211; Pr\u00f3cz Ciebie nic (Official Video) 2M views&nbsp;\u00b7&nbsp;4 years ago KayaxTV SUBSCRIBED 332K subscribers https:\/\/m.youtube.com\/channel\/UCEKf3LX2AP3RaT_MG6-ApgQ \u015awiat szybki jak m\u0142ody wiatrP\u0119dzi co tchuI nie ma czasu na mi\u0142o\u015b\u0107 ju\u017c Wi\u0119c prosz\u0119 ci\u0119, blisko b\u0105d\u017aKochaj mnie, trwaj przy mnie, boWok\u00f3\u0142 wzburzone morzeTylko twoja d\u0142o\u0144 \u2013 sta\u0142y l\u0105d \u017byj [&hellip;]<\/p>\n","protected":false},"author":1,"featured_media":0,"parent":0,"menu_order":0,"comment_status":"closed","ping_status":"closed","template":"","meta":{"footnotes":""},"class_list":["post-31","page","type-page","status-publish","hentry"],"_links":{"self":[{"href":"https:\/\/0-zz.com\/02\/wp-json\/wp\/v2\/pages\/31","targetHints":{"allow":["GET"]}}],"collection":[{"href":"https:\/\/0-zz.com\/02\/wp-json\/wp\/v2\/pages"}],"about":[{"href":"https:\/\/0-zz.com\/02\/wp-json\/wp\/v2\/types\/page"}],"author":[{"embeddable":true,"href":"https:\/\/0-zz.com\/02\/wp-json\/wp\/v2\/users\/1"}],"replies":[{"embeddable":true,"href":"https:\/\/0-zz.com\/02\/wp-json\/wp\/v2\/comments?post=31"}],"version-history":[{"count":3,"href":"https:\/\/0-zz.com\/02\/wp-json\/wp\/v2\/pages\/31\/revisions"}],"predecessor-version":[{"id":164,"href":"https:\/\/0-zz.com\/02\/wp-json\/wp\/v2\/pages\/31\/revisions\/164"}],"wp:attachment":[{"href":"https:\/\/0-zz.com\/02\/wp-json\/wp\/v2\/media?parent=31"}],"curies":[{"name":"wp","href":"https:\/\/api.w.org\/{rel}","templated":true}]}}