{"id":30,"date":"2022-02-20T22:47:54","date_gmt":"2022-02-20T08:47:54","guid":{"rendered":"https:\/\/0-zz.com\/01\/?page_id=30"},"modified":"2022-04-29T04:06:34","modified_gmt":"2022-04-28T14:06:34","slug":"4-2","status":"publish","type":"page","link":"https:\/\/0-zz.com\/01\/4-2\/","title":{"rendered":"4"},"content":{"rendered":"\n<h2 class=\"wp-block-heading\" id=\"4-01-4-014\">4 &#8211; 01\/4 &#8211; 014<\/h2>\n\n\n\n<figure class=\"wp-block-embed is-type-video is-provider-youtube wp-block-embed-youtube wp-embed-aspect-16-9 wp-has-aspect-ratio\"><div class=\"wp-block-embed__wrapper\">\n<iframe loading=\"lazy\" title=\"Sarsa - Zakryj (Lyric Video)\" width=\"580\" height=\"326\" src=\"https:\/\/www.youtube.com\/embed\/1wGKtojNVA8?feature=oembed\" frameborder=\"0\" allow=\"accelerometer; autoplay; clipboard-write; encrypted-media; gyroscope; picture-in-picture; web-share\" referrerpolicy=\"strict-origin-when-cross-origin\" allowfullscreen><\/iframe>\n<\/div><\/figure>\n\n\n\n<h2 class=\"wp-block-heading\" id=\"sarsa-zakryj-lyric-video\">Sarsa &#8211; Zakryj (Lyric Video)<\/h2>\n\n\n\n<p>42M views&nbsp;\u00b7&nbsp;3 years ago<\/p>\n\n\n\n<h2 class=\"wp-block-heading\" id=\"sarsa\">SARSA<\/h2>\n\n\n\n<p>SUBSCRIBED 399K subscribers<\/p>\n\n\n\n<p><a href=\"https:\/\/m.youtube.com\/channel\/UCbb8K_9uAjSL85oV12SYvMA\">https:\/\/m.youtube.com\/channel\/UCbb8K_9uAjSL85oV12SYvMA<\/a><\/p>\n\n\n\n<p>Zakryj moje oczy, nie chc\u0119 by\u015b zobaczy\u0142<br>ile razy myli\u0142am si\u0119<br>Zakryj moje usta, nie chc\u0119 by\u015b us\u0142ysza\u0142<br>s\u0142\u00f3w, kt\u00f3rych nie cofn\u0119<\/p>\n\n\n\n<p>Wiesz, z tob\u0105 \u0142atwiej jest znosi\u0107 ca\u0142y \u015bwiat<br>Dzieli\u0107 dzie\u0144 za dniem, gdy wko\u0142o tyle k\u0142amstw<br>Z tob\u0105 \u0142atwiej jest mi zrozumie\u0107 gdzie<br>pope\u0142ni\u0142am b\u0142\u0105d i kim sta\u0142am si\u0119<\/p>\n\n\n\n<p>Jestem bez \u017cadnych szans, kiedy jeste\u015b obok mnie<br>Z tob\u0105 \u0142atwiej dzieli\u0107 dzie\u0144 za dniem<br>Jestem bez \u017cadnych szans, kiedy obok jeste\u015b ty<br>Niech zostanie wszystko tak, jak jest<\/p>\n\n\n\n<p>A kiedy latarni blask o\u015blepia nas<br>Ja zakrywam oczy kolejny raz<br>Jestem bez \u017cadnych szans, gdy jeste\u015b obok mnie<br>Z tob\u0105 \u0142atwiej dzieli\u0107 dzie\u0144 za dniem<\/p>\n\n\n\n<p>Tu gdzie teraz jestem wszystko widz\u0119 lepiej<br>z odleg\u0142o\u015bci tych kilku lat<br>Z tob\u0105 mog\u0119 wi\u0119cej, niech to trwa najd\u0142u\u017cej,<br>je\u015bli tylko B\u00f3g da<\/p>\n\n\n\n<p>Wiesz, z tob\u0105 \u0142atwiej jest znosi\u0107 ca\u0142y \u015bwiat<br>Dzieli\u0107 dzie\u0144 za dniem, gdy wko\u0142o tyle k\u0142amstw<br>Z tob\u0105 \u0142atwiej jest mi zrozumie\u0107 gdzie<br>pope\u0142ni\u0142am b\u0142\u0105d i kim sta\u0142am si\u0119<\/p>\n\n\n\n<p>Jestem bez \u017cadnych szans, kiedy jeste\u015b obok mnie<br>Z tob\u0105 \u0142atwiej dzieli\u0107 dzie\u0144 za dniem<br>Jestem bez \u017cadnych szans, kiedy obok jeste\u015b ty<br>Niech zostanie wszystko tak, jak jest<\/p>\n\n\n\n<p>A kiedy latarni blask o\u015blepia nas<br>Ja zakrywam oczy kolejny raz<br>Jestem bez \u017cadnych szans, gdy jeste\u015b obok mnie<br>Z tob\u0105 \u0142atwiej dzieli\u0107 dzie\u0144 za dniem<\/p>\n\n\n\n<p>Z tob\u0105 \u0142atwiej jest znosi\u0107 ca\u0142y \u015bwiat<br>Dzieli\u0107 dzie\u0144 za dniem, gdy wko\u0142o tyle k\u0142amstw<br>Z tob\u0105 \u0142atwiej jest mi zrozumie\u0107 gdzie<br>pope\u0142ni\u0142am b\u0142\u0105d i kim sta\u0142am si\u0119<\/p>\n\n\n\n<p>Jestem bez \u017cadnych szans, kiedy jeste\u015b obok mnie<br>Z tob\u0105 \u0142atwiej dzieli\u0107 dzie\u0144 za dniem<br>Jestem bez \u017cadnych szans, kiedy obok jeste\u015b ty<br>Niech zostanie wszystko tak, jak jest<\/p>\n\n\n\n<p>A kiedy latarni blask o\u015blepia nas<br>Ja zakrywam oczy kolejny raz<br>Jestem bez \u017cadnych szans, gdy jeste\u015b obok mnie<br>Z tob\u0105 \u0142atwiej dzieli\u0107 dzie\u0144 za dniem<\/p>\n\n\n\n<figure class=\"wp-block-table\"><table><tbody><tr><th>Autor tekstu:<\/th><td>Sarsa<\/td><\/tr><tr><th>Kompozytor:<\/th><td>Pawe\u0142 Smakulski, Sarsa<\/td><\/tr><\/tbody><\/table><\/figure>\n\n\n\n<p><a href=\"https:\/\/www.tekstowo.pl\/piosenka,sarsa_markiewicz,zakryj.html\">https:\/\/www.tekstowo.pl\/piosenka,sarsa_markiewicz,zakryj.html<\/a><\/p>\n\n\n\n<hr class=\"wp-block-separator\"\/>\n\n\n\n<h4 class=\"wp-block-heading\">0-zz.com\/0 &#8211; 0-zz.com\/z :<\/h4>\n\n\n\n<p><small><strong><a href=\"http:\/\/0-zz.com\/0\">1\ufe0f\u20e31\ufe0f\u20e3-0<\/a> |<a href=\"http:\/\/0-zz.com\/1\">1\ufe0f\u20e32\ufe0f\u20e3-1<\/a> |<a href=\"http:\/\/0-zz.com\/2\">1\ufe0f\u20e33\ufe0f\u20e3-2<\/a> |<a href=\"http:\/\/0-zz.com\/3\">1\ufe0f\u20e34\ufe0f\u20e3-3<\/a> |<a href=\"http:\/\/0-zz.com\/4\">1\ufe0f\u20e35\ufe0f\u20e3-4<\/a> |<a href=\"http:\/\/0-zz.com\/5\">1\ufe0f\u20e36\ufe0f\u20e3-5<\/a> <\/strong><\/small><br><small> <strong><a href=\"http:\/\/0-zz.com\/6\">2\ufe0f\u20e31\ufe0f\u20e3-6<\/a> |<a href=\"http:\/\/0-zz.com\/7\">2\ufe0f\u20e32\ufe0f\u20e3-7<\/a> |<a href=\"http:\/\/0-zz.com\/8\">2\ufe0f\u20e33\ufe0f\u20e3-8<\/a> |<a href=\"http:\/\/0-zz.com\/9\">2\ufe0f\u20e34\ufe0f\u20e3-9<\/a> |<a href=\"http:\/\/0-zz.com\/a\">2\ufe0f\u20e35\ufe0f\u20e3-A<\/a> |<a href=\"http:\/\/0-zz.com\/b\">2\ufe0f\u20e36\ufe0f\u20e3-B<\/a><\/strong><\/small><br><small> <strong><a href=\"http:\/\/0-zz.com\/c\">3\ufe0f\u20e31\ufe0f\u20e3-C<\/a> |<a href=\"http:\/\/0-zz.com\/d\">3\ufe0f\u20e32\ufe0f\u20e3-D<\/a> |<a href=\"http:\/\/0-zz.com\/e\">3\ufe0f\u20e33\ufe0f\u20e3-E<\/a> |<a href=\"http:\/\/0-zz.com\/f\">3\ufe0f\u20e34\ufe0f\u20e3-F<\/a> |<a href=\"http:\/\/0-zz.com\/g\">3\ufe0f\u20e35\ufe0f\u20e3-G<\/a> |<a href=\"http:\/\/0-zz.com\/h\">3\ufe0f\u20e36\ufe0f\u20e3-H<\/a><\/strong><\/small><br><small> <strong><a href=\"http:\/\/0-zz.com\/i\">4\ufe0f\u20e31\ufe0f\u20e3-I<\/a> |<a href=\"http:\/\/0-zz.com\/j\">4\ufe0f\u20e32\ufe0f\u20e3-J<\/a> |<a href=\"http:\/\/0-zz.com\/k\">4\ufe0f\u20e33\ufe0f\u20e3-K<\/a> |<a href=\"http:\/\/0-zz.com\/l\">4\ufe0f\u20e34\ufe0f\u20e3-L<\/a> |<a href=\"http:\/\/0-zz.com\/m\">4\ufe0f\u20e35\ufe0f\u20e3-M<\/a> |<a href=\"http:\/\/0-zz.com\/n\">4\ufe0f\u20e36\ufe0f\u20e3-N<\/a><\/strong><\/small><br><small> <strong><a href=\"http:\/\/0-zz.com\/o\">5\ufe0f\u20e31\ufe0f\u20e3-O<\/a> |<a href=\"http:\/\/0-zz.com\/p\">5\ufe0f\u20e32\ufe0f\u20e3-P<\/a> |<a href=\"http:\/\/0-zz.com\/q\">5\ufe0f\u20e33\ufe0f\u20e3-Q<\/a> |<a href=\"http:\/\/0-zz.com\/r\">5\ufe0f\u20e34\ufe0f\u20e3-R<\/a> |<a href=\"http:\/\/0-zz.com\/s\">5\ufe0f\u20e35\ufe0f\u20e3-S<\/a> |<a href=\"http:\/\/0-zz.com\/t\">5\ufe0f\u20e36\ufe0f\u20e3-T<\/a><\/strong><\/small><br><small> <strong><a href=\"http:\/\/0-zz.com\/u\">6\ufe0f\u20e31\ufe0f\u20e3-U<\/a> |<a href=\"http:\/\/0-zz.com\/v\">6\ufe0f\u20e32\ufe0f\u20e3-V<\/a> |<a href=\"http:\/\/0-zz.com\/w\">6\ufe0f\u20e33\ufe0f\u20e3-W<\/a> |<a href=\"http:\/\/0-zz.com\/x\">6\ufe0f\u20e34\ufe0f\u20e3-X<\/a> |<a href=\"http:\/\/0-zz.com\/y\">6\ufe0f\u20e35\ufe0f\u20e3-Y<\/a> |<a href=\"http:\/\/0-zz.com\/z\">6\ufe0f\u20e36\ufe0f\u20e3-Z<\/a><\/strong><\/small><\/p>\n\n\n\n<p>Roll 2 dice ?? 1\ufe0f\u20e32\ufe0f\u20e33\ufe0f\u20e34\ufe0f\u20e35\ufe0f\u20e36\ufe0f\u20e3<\/p>\n\n\n\n<p><a href=\"https:\/\/www.random.org\/dice\/\">https:\/\/www.random.org\/dice\/<\/a><\/p>\n\n\n\n<p><a href=\"https:\/\/www.google.com\/search?q=dice+roller\">https:\/\/www.google.com\/search?q=dice+roller<\/a><\/p>\n\n\n\n<hr class=\"wp-block-separator\"\/>\n\n\n\n<p><a href=\"https:\/\/12r.pl\/ea\/\">12r.pl\/ea<\/a>&nbsp;-&gt;&nbsp;<a href=\"https:\/\/12r.uk\/ea\/\">12r.uk\/ea<\/a>&nbsp;-&gt;&nbsp;<a href=\"https:\/\/7hi7.com\/ea\/\">7hi7.com\/ea<\/a><\/p>\n\n\n\n<p>Wikipedia.org &#8211; Play game &#8211; portals, categories, states, cities, capital cities<\/p>\n","protected":false},"excerpt":{"rendered":"<p>4 &#8211; 01\/4 &#8211; 014 Sarsa &#8211; Zakryj (Lyric Video) 42M views&nbsp;\u00b7&nbsp;3 years ago SARSA SUBSCRIBED 399K subscribers https:\/\/m.youtube.com\/channel\/UCbb8K_9uAjSL85oV12SYvMA Zakryj moje oczy, nie chc\u0119 by\u015b zobaczy\u0142ile razy myli\u0142am si\u0119Zakryj moje usta, nie chc\u0119 by\u015b us\u0142ysza\u0142s\u0142\u00f3w, kt\u00f3rych nie cofn\u0119 Wiesz, z tob\u0105 \u0142atwiej jest znosi\u0107 ca\u0142y \u015bwiatDzieli\u0107 dzie\u0144 za dniem, gdy wko\u0142o tyle k\u0142amstwZ tob\u0105 \u0142atwiej [&hellip;]<\/p>\n","protected":false},"author":1,"featured_media":0,"parent":0,"menu_order":0,"comment_status":"closed","ping_status":"closed","template":"","meta":{"footnotes":""},"class_list":["post-30","page","type-page","status-publish","hentry"],"_links":{"self":[{"href":"https:\/\/0-zz.com\/01\/wp-json\/wp\/v2\/pages\/30","targetHints":{"allow":["GET"]}}],"collection":[{"href":"https:\/\/0-zz.com\/01\/wp-json\/wp\/v2\/pages"}],"about":[{"href":"https:\/\/0-zz.com\/01\/wp-json\/wp\/v2\/types\/page"}],"author":[{"embeddable":true,"href":"https:\/\/0-zz.com\/01\/wp-json\/wp\/v2\/users\/1"}],"replies":[{"embeddable":true,"href":"https:\/\/0-zz.com\/01\/wp-json\/wp\/v2\/comments?post=30"}],"version-history":[{"count":3,"href":"https:\/\/0-zz.com\/01\/wp-json\/wp\/v2\/pages\/30\/revisions"}],"predecessor-version":[{"id":194,"href":"https:\/\/0-zz.com\/01\/wp-json\/wp\/v2\/pages\/30\/revisions\/194"}],"wp:attachment":[{"href":"https:\/\/0-zz.com\/01\/wp-json\/wp\/v2\/media?parent=30"}],"curies":[{"name":"wp","href":"https:\/\/api.w.org\/{rel}","templated":true}]}}