{"id":50,"date":"2020-04-07T20:17:52","date_gmt":"2020-04-08T08:17:52","guid":{"rendered":"http:\/\/0-zz.com\/00\/?page_id=50"},"modified":"2022-04-28T01:39:23","modified_gmt":"2022-04-28T13:39:23","slug":"f","status":"publish","type":"page","link":"https:\/\/0-zz.com\/00\/f\/","title":{"rendered":"F"},"content":{"rendered":"\n<h2 class=\"wp-block-heading\" id=\"f-00-f-00f\">f &#8211; 00\/f &#8211; 00F<\/h2>\n\n\n\n<figure class=\"wp-block-embed is-type-video is-provider-youtube wp-block-embed-youtube wp-embed-aspect-16-9 wp-has-aspect-ratio\"><div class=\"wp-block-embed__wrapper\">\n<iframe loading=\"lazy\" title=\"Kasia Kowalska - Prowadz mnie\" width=\"580\" height=\"326\" src=\"https:\/\/www.youtube.com\/embed\/03nH7AmuNQU?feature=oembed\" frameborder=\"0\" allow=\"accelerometer; autoplay; clipboard-write; encrypted-media; gyroscope; picture-in-picture; web-share\" referrerpolicy=\"strict-origin-when-cross-origin\" allowfullscreen><\/iframe>\n<\/div><\/figure>\n\n\n\n<h2 class=\"wp-block-heading\" id=\"kasia-kowalska-prowadz-mnie\">Kasia Kowalska &#8211; Prowadz mnie<\/h2>\n\n\n\n<p>5.3M views&nbsp;\u00b7&nbsp;10 years ago<\/p>\n\n\n\n<h2 class=\"wp-block-heading\" id=\"kasia-kowalska\">Kasia Kowalska<\/h2>\n\n\n\n<p>SUBSCRIBED 44.8K subscribers<\/p>\n\n\n\n<p><a href=\"https:\/\/m.youtube.com\/channel\/UCfZMQa4TL-6lhlUxvZGdJ_w\">https:\/\/m.youtube.com\/channel\/UCfZMQa4TL-6lhlUxvZGdJ_w<\/a><\/p>\n\n\n\n<p>Ta noc ko\u0144czy si\u0119<br>Nie pozw\u00f3lmy odej\u015b\u0107 jej<br>G\u0142odni wra\u017ce\u0144 obiecanych<br>W jeden wiecz\u00f3r, jeden taniec<br>By smak poczu\u0107 dzi\u015b<br>Ch\u0142on\u0119 ka\u017cd\u0105 z dusznych chwil<br>W bezlitosny, bo ostatni<br>Jeden wiecz\u00f3r oddaj prosz\u0119<br>Jeden taniec<\/p>\n\n\n\n<p>Prowad\u017a mnie<br>Niech ca\u0142y \u015bwiat mi raz zazdro\u015bci<br>\u017badnych \u0142ez<br>Dop\u00f3ki \u015bwit nas nie roz\u0142\u0105czy<br>Prowad\u017a mnie<br>Tak trudno oprze\u0107 si\u0119 rozkoszy mi\u0142o\u015bci<\/p>\n\n\n\n<p>W t\u0119 noc ta\u0144czy\u0107 chc\u0119<br>To dla ciebie stroj\u0119 si\u0119<br>Chc\u0119 ubrana w swe s\u0142abo\u015bci<br>Czerwie\u0144 warg mych z twymi z\u0142\u0105czy\u0107<br>Czu\u0107 tak blisko\u015b\u0107 by<br>Spija\u0107 z ust twych s\u0142owa<br>I g\u0142\u00f3d nasyci\u0107 przed rozstaniem<br>W jeden wiecz\u00f3r &#8211; ten ostatni<br>Daj mi taniec<\/p>\n\n\n\n<p>Prowad\u017a mnie<br>Niech ca\u0142y \u015bwiat mi raz zazdro\u015bci<br>\u017badnych \u0142ez<br>Dop\u00f3ki \u015bwit nas nie roz\u0142\u0105czy<br>Prowad\u017a mnie<br>Tak trudno oprze\u0107 si\u0119 rozkoszy mi\u0142o\u015bci<\/p>\n\n\n\n<p>Nikt ze mn\u0105 tak nie ta\u0144czy\u0142<br>Nikt na mnie tak nie patrzy\u0142<\/p>\n\n\n\n<p>Prowad\u017a mnie<br>Niech ca\u0142y \u015bwiat mi raz zazdro\u015bci<br>\u017badnych \u0142ez<br>Dop\u00f3ki \u015bwit nas nie roz\u0142\u0105czy<br>Prowad\u017a mnie<br>Tak trudno oprze\u0107 si\u0119 rozkoszy mi\u0142o\u015bci<\/p>\n\n\n\n<p>Ta noc ko\u0144czy si\u0119<\/p>\n\n\n\n<figure class=\"wp-block-table\"><table><tbody><tr><th>Autor tekstu:<\/th><td>Katarzyna Kowalska<\/td><\/tr><tr><th>Kompozytor:<\/th><td>Zdzis\u0142aw Zio\u0142o<\/td><\/tr><\/tbody><\/table><\/figure>\n\n\n\n<p><a href=\"https:\/\/www.tekstowo.pl\/piosenka,kasia_kowalska,prowad__mnie.html\">https:\/\/www.tekstowo.pl\/piosenka,kasia_kowalska,prowad__mnie.html<\/a><\/p>\n\n\n\n<hr class=\"wp-block-separator\"\/>\n\n\n\n<h4 class=\"wp-block-heading\">0-zz.com\/0 &#8211; 0-zz.com\/z :<\/h4>\n\n\n\n<p><small><strong><a href=\"http:\/\/0-zz.com\/0\">1\ufe0f\u20e31\ufe0f\u20e3-0<\/a> |<a href=\"http:\/\/0-zz.com\/1\">1\ufe0f\u20e32\ufe0f\u20e3-1<\/a> |<a href=\"http:\/\/0-zz.com\/2\">1\ufe0f\u20e33\ufe0f\u20e3-2<\/a> |<a href=\"http:\/\/0-zz.com\/3\">1\ufe0f\u20e34\ufe0f\u20e3-3<\/a> |<a href=\"http:\/\/0-zz.com\/4\">1\ufe0f\u20e35\ufe0f\u20e3-4<\/a> |<a href=\"http:\/\/0-zz.com\/5\">1\ufe0f\u20e36\ufe0f\u20e3-5<\/a> <\/strong><\/small><br><small> <strong><a href=\"http:\/\/0-zz.com\/6\">2\ufe0f\u20e31\ufe0f\u20e3-6<\/a> |<a href=\"http:\/\/0-zz.com\/7\">2\ufe0f\u20e32\ufe0f\u20e3-7<\/a> |<a href=\"http:\/\/0-zz.com\/8\">2\ufe0f\u20e33\ufe0f\u20e3-8<\/a> |<a href=\"http:\/\/0-zz.com\/9\">2\ufe0f\u20e34\ufe0f\u20e3-9<\/a> |<a href=\"http:\/\/0-zz.com\/a\">2\ufe0f\u20e35\ufe0f\u20e3-A<\/a> |<a href=\"http:\/\/0-zz.com\/b\">2\ufe0f\u20e36\ufe0f\u20e3-B<\/a><\/strong><\/small><br><small> <strong><a href=\"http:\/\/0-zz.com\/c\">3\ufe0f\u20e31\ufe0f\u20e3-C<\/a> |<a href=\"http:\/\/0-zz.com\/d\">3\ufe0f\u20e32\ufe0f\u20e3-D<\/a> |<a href=\"http:\/\/0-zz.com\/e\">3\ufe0f\u20e33\ufe0f\u20e3-E<\/a> |<a href=\"http:\/\/0-zz.com\/f\">3\ufe0f\u20e34\ufe0f\u20e3-F<\/a> |<a href=\"http:\/\/0-zz.com\/g\">3\ufe0f\u20e35\ufe0f\u20e3-G<\/a> |<a href=\"http:\/\/0-zz.com\/h\">3\ufe0f\u20e36\ufe0f\u20e3-H<\/a><\/strong><\/small><br><small> <strong><a href=\"http:\/\/0-zz.com\/i\">4\ufe0f\u20e31\ufe0f\u20e3-I<\/a> |<a href=\"http:\/\/0-zz.com\/j\">4\ufe0f\u20e32\ufe0f\u20e3-J<\/a> |<a href=\"http:\/\/0-zz.com\/k\">4\ufe0f\u20e33\ufe0f\u20e3-K<\/a> |<a href=\"http:\/\/0-zz.com\/l\">4\ufe0f\u20e34\ufe0f\u20e3-L<\/a> |<a href=\"http:\/\/0-zz.com\/m\">4\ufe0f\u20e35\ufe0f\u20e3-M<\/a> |<a href=\"http:\/\/0-zz.com\/n\">4\ufe0f\u20e36\ufe0f\u20e3-N<\/a><\/strong><\/small><br><small> <strong><a href=\"http:\/\/0-zz.com\/o\">5\ufe0f\u20e31\ufe0f\u20e3-O<\/a> |<a href=\"http:\/\/0-zz.com\/p\">5\ufe0f\u20e32\ufe0f\u20e3-P<\/a> |<a href=\"http:\/\/0-zz.com\/q\">5\ufe0f\u20e33\ufe0f\u20e3-Q<\/a> |<a href=\"http:\/\/0-zz.com\/r\">5\ufe0f\u20e34\ufe0f\u20e3-R<\/a> |<a href=\"http:\/\/0-zz.com\/s\">5\ufe0f\u20e35\ufe0f\u20e3-S<\/a> |<a href=\"http:\/\/0-zz.com\/t\">5\ufe0f\u20e36\ufe0f\u20e3-T<\/a><\/strong><\/small><br><small> <strong><a href=\"http:\/\/0-zz.com\/u\">6\ufe0f\u20e31\ufe0f\u20e3-U<\/a> |<a href=\"http:\/\/0-zz.com\/v\">6\ufe0f\u20e32\ufe0f\u20e3-V<\/a> |<a href=\"http:\/\/0-zz.com\/w\">6\ufe0f\u20e33\ufe0f\u20e3-W<\/a> |<a href=\"http:\/\/0-zz.com\/x\">6\ufe0f\u20e34\ufe0f\u20e3-X<\/a> |<a href=\"http:\/\/0-zz.com\/y\">6\ufe0f\u20e35\ufe0f\u20e3-Y<\/a> |<a href=\"http:\/\/0-zz.com\/z\">6\ufe0f\u20e36\ufe0f\u20e3-Z<\/a><\/strong><\/small><\/p>\n\n\n\n<p>Roll 2 dice ?? 1\ufe0f\u20e32\ufe0f\u20e33\ufe0f\u20e34\ufe0f\u20e35\ufe0f\u20e36\ufe0f\u20e3<\/p>\n\n\n\n<p><a href=\"https:\/\/www.random.org\/dice\/\">https:\/\/www.random.org\/dice\/<\/a><\/p>\n\n\n\n<p><a href=\"https:\/\/www.google.com\/search?q=dice+roller\">https:\/\/www.google.com\/search?q=dice+roller<\/a><\/p>\n\n\n\n<hr class=\"wp-block-separator\"\/>\n\n\n\n<p><a href=\"https:\/\/12r.pl\/ea\/\">12r.pl\/ea<\/a>&nbsp;-&gt;&nbsp;<a href=\"https:\/\/12r.uk\/ea\/\">12r.uk\/ea<\/a>&nbsp;-&gt;&nbsp;<a href=\"https:\/\/7hi7.com\/ea\/\">7hi7.com\/ea<\/a><\/p>\n\n\n\n<p>Wikipedia.org &#8211; Play game &#8211; portals, categories, states, cities, capital cities<\/p>\n","protected":false},"excerpt":{"rendered":"<p>f &#8211; 00\/f &#8211; 00F Kasia Kowalska &#8211; Prowadz mnie 5.3M views&nbsp;\u00b7&nbsp;10 years ago Kasia Kowalska SUBSCRIBED 44.8K subscribers https:\/\/m.youtube.com\/channel\/UCfZMQa4TL-6lhlUxvZGdJ_w Ta noc ko\u0144czy si\u0119Nie pozw\u00f3lmy odej\u015b\u0107 jejG\u0142odni wra\u017ce\u0144 obiecanychW jeden wiecz\u00f3r, jeden taniecBy smak poczu\u0107 dzi\u015bCh\u0142on\u0119 ka\u017cd\u0105 z dusznych chwilW bezlitosny, bo ostatniJeden wiecz\u00f3r oddaj prosz\u0119Jeden taniec Prowad\u017a mnieNiech ca\u0142y \u015bwiat mi raz zazdro\u015bci\u017badnych \u0142ezDop\u00f3ki [&hellip;]<\/p>\n","protected":false},"author":1,"featured_media":0,"parent":0,"menu_order":0,"comment_status":"closed","ping_status":"closed","template":"","meta":{"footnotes":""},"class_list":["post-50","page","type-page","status-publish","hentry"],"_links":{"self":[{"href":"https:\/\/0-zz.com\/00\/wp-json\/wp\/v2\/pages\/50","targetHints":{"allow":["GET"]}}],"collection":[{"href":"https:\/\/0-zz.com\/00\/wp-json\/wp\/v2\/pages"}],"about":[{"href":"https:\/\/0-zz.com\/00\/wp-json\/wp\/v2\/types\/page"}],"author":[{"embeddable":true,"href":"https:\/\/0-zz.com\/00\/wp-json\/wp\/v2\/users\/1"}],"replies":[{"embeddable":true,"href":"https:\/\/0-zz.com\/00\/wp-json\/wp\/v2\/comments?post=50"}],"version-history":[{"count":5,"href":"https:\/\/0-zz.com\/00\/wp-json\/wp\/v2\/pages\/50\/revisions"}],"predecessor-version":[{"id":289,"href":"https:\/\/0-zz.com\/00\/wp-json\/wp\/v2\/pages\/50\/revisions\/289"}],"wp:attachment":[{"href":"https:\/\/0-zz.com\/00\/wp-json\/wp\/v2\/media?parent=50"}],"curies":[{"name":"wp","href":"https:\/\/api.w.org\/{rel}","templated":true}]}}