{"id":44,"date":"2020-04-07T20:17:21","date_gmt":"2020-04-08T08:17:21","guid":{"rendered":"http:\/\/0-zz.com\/00\/?page_id=44"},"modified":"2022-04-28T01:36:03","modified_gmt":"2022-04-28T13:36:03","slug":"c","status":"publish","type":"page","link":"https:\/\/0-zz.com\/00\/c\/","title":{"rendered":"C"},"content":{"rendered":"\n<h2 class=\"wp-block-heading\" id=\"c-00-c-00c\">c &#8211; 00\/c &#8211; 00C<\/h2>\n\n\n\n<figure class=\"wp-block-embed is-type-video is-provider-youtube wp-block-embed-youtube wp-embed-aspect-4-3 wp-has-aspect-ratio\"><div class=\"wp-block-embed__wrapper\">\n<iframe loading=\"lazy\" title=\"Sylwester z Dw\u00f3jk\u0105 - Vox - Szcz\u0119\u015bliwej drogi ju\u017c czas\" width=\"580\" height=\"435\" src=\"https:\/\/www.youtube.com\/embed\/mBebeJ3w9EQ?feature=oembed\" frameborder=\"0\" allow=\"accelerometer; autoplay; clipboard-write; encrypted-media; gyroscope; picture-in-picture; web-share\" referrerpolicy=\"strict-origin-when-cross-origin\" allowfullscreen><\/iframe>\n<\/div><\/figure>\n\n\n\n<h2 class=\"wp-block-heading\" id=\"sylwester-z-dwojka-vox-szczesliwej-drogi-juz-czas\">Sylwester z Dw\u00f3jk\u0105 &#8211; Vox &#8211; Szcz\u0119\u015bliwej drogi ju\u017c czas<\/h2>\n\n\n\n<p>37K views&nbsp;\u00b7&nbsp;8 years ago<\/p>\n\n\n\n<h2 class=\"wp-block-heading\" id=\"tvp-vod\">TVP VOD<\/h2>\n\n\n\n<p>SUBSCRIBED 906K subscribers<\/p>\n\n\n\n<p><a href=\"https:\/\/m.youtube.com\/channel\/UC03sVDw-tRhwDuQACRFBpGw\">https:\/\/m.youtube.com\/channel\/UC03sVDw-tRhwDuQACRFBpGw<\/a><\/p>\n\n\n\n<p>Los Ci\u0119 w drog\u0119 pchn\u0105\u0142<br>I ukradkiem drwi\u0105c si\u0119 \u015bmia\u0142,<br>Bo nadziej\u0119 daj\u0105c Ci,<br>Fa\u0142szywy klejnot da\u0142.<br>A Ty id\u0105c w \u015bwiat<br>Patrzysz w klejnot ten co dnia<br>Chocia\u017c rozpacz ju\u017c od lat<br>Wyziera z jego dna ( co dnia )<\/p>\n\n\n\n<p>Na rozstaju dr\u00f3g<br>Gdzie przydro\u017cny Chrystus sta\u0142<br>Zapyta\u0142e\u015b dok\u0105d i\u015b\u0107<br>Frasobliw\u0105 min\u0119 mia\u0142<br>Przystan\u0105\u0142e\u015b wi\u0119c<br>Z p\u0142aczem brz\u00f3z sprzymierzy\u0107 si\u0119<br>I uroni\u0107 pierwszy raz<br>W czerwone wino \u0142z\u0119 (w wino \u0142z\u0119)<\/p>\n\n\n\n<p>Szcz\u0119\u015bliwej drogi ju\u017c czas<br>Map\u0119 \u017cycia w sercu masz<br>Jeste\u015b jak m\u0142ody ptak<br>G\u0142uchy jest los, nadaremnie wzywasz go, bo tw\u00f3j g\u0142os&#8230;<\/p>\n\n\n\n<p>Idziesz wiecznie sam<br>I ju\u017c nic nie zmieni si\u0119<br>Poza tym, \u017ce raz jest za<br>Raz przed tob\u0105 tw\u00f3j cie\u0144<br>Los ci\u0119 w drog\u0119 pchn\u0105\u0142<br>I ukradkiem drwi\u0105c si\u0119 \u015bmia\u0142<br>Bo nadziej\u0119 daj\u0105c Ci<br>Fa\u0142szywy klejnot da\u0142 (tak chcia\u0142)<\/p>\n\n\n\n<p>Szcz\u0119\u015bliwej drogi ju\u017c czas<br>Map\u0119 \u017cycia w sercu masz<br>Jeste\u015b jak m\u0142ody ptak<br>G\u0142uchy jest los, nadaremnie wzywasz go<br>Idziesz sam, wiecznie sam<br>Szcz\u0119\u015bliwej drogi ju\u017c czas<br>Map\u0119 \u017cycia w sercu masz<br>Jeste\u015b jak m\u0142ody ptak<br>G\u0142uchy jest los, nadaremnie wzywasz go, bo tw\u00f3j g\u0142os&#8230;<\/p>\n\n\n\n<figure class=\"wp-block-table\"><table><tbody><tr><th>Autor tekstu:<\/th><td>Marek Skolarski<\/td><\/tr><tr><th>Kompozytor:<\/th><td>Ryszard Rynkowski<\/td><\/tr><\/tbody><\/table><\/figure>\n\n\n\n<p><a href=\"https:\/\/www.tekstowo.pl\/piosenka,vox,szczesliwej_drogi_juz_czas.html\">https:\/\/www.tekstowo.pl\/piosenka,vox,szczesliwej_drogi_juz_czas.html<\/a><\/p>\n\n\n\n<figure class=\"wp-block-embed is-type-video is-provider-youtube wp-block-embed-youtube wp-embed-aspect-16-9 wp-has-aspect-ratio\"><div class=\"wp-block-embed__wrapper\">\n<iframe loading=\"lazy\" title=\"VOX - Bananowy song\" width=\"580\" height=\"326\" src=\"https:\/\/www.youtube.com\/embed\/T5eknXd2K2o?feature=oembed\" frameborder=\"0\" allow=\"accelerometer; autoplay; clipboard-write; encrypted-media; gyroscope; picture-in-picture; web-share\" referrerpolicy=\"strict-origin-when-cross-origin\" allowfullscreen><\/iframe>\n<\/div><\/figure>\n\n\n\n<h2 class=\"wp-block-heading\" id=\"vox-bananowy-song\">VOX &#8211; Bananowy song<\/h2>\n\n\n\n<p>48K views&nbsp;\u00b7&nbsp;4 years ago<\/p>\n\n\n\n<h2 class=\"wp-block-heading\" id=\"mtj-wytwornia-muzyczna\">MTJ Wytw\u00f3rnia Muzyczna<\/h2>\n\n\n\n<p>SUBSCRIBED 145K subscribers<\/p>\n\n\n\n<p><a href=\"https:\/\/m.youtube.com\/channel\/UCXFStfWXu51kine3l-pimbw\">https:\/\/m.youtube.com\/channel\/UCXFStfWXu51kine3l-pimbw<\/a><\/p>\n\n\n\n<p>Kiedy budz\u0119 si\u0119 po prostu dziarski chwat<br>a za oknem zn\u00f3w po prostu smutny \u015bwiat<br>zazwyczaj wtedy w my\u015blach si\u0119 wybieram<br>na pi\u0119kn\u0105 wysp\u0119, istn\u0105 dzicz<br>dech zapiera, taka pi\u0119kna jest, po prostu<br>rzek\u0142by\u015b kicz<br>o no, no, no, no, no po prostu rzek\u0142by\u015b kicz<\/p>\n\n\n\n<p>Hamak zwalnia mi leniwy my\u015bli tok<br>gdzie\u015b na niebie grzmi, leniwie wznosz\u0119 wzrok<br>ptakowi z blachy gdzie\u015b tam w brzuchu burczy<br>po prostu po\u0142kn\u0105\u0142 ludzi t\u0142um<br>a tu s\u0142ysz\u0119 ten beztroski \u015bpiew i morza cichy<br>szum<br>o no, no, no, no, no i morza cichy szum<\/p>\n\n\n\n<p>Bananowy jest po prostu \u017cywot m\u00f3j<br>kr\u0105\u017cy wok\u00f3\u0142 mnie pi\u0119kno\u015bci \u015bniadych r\u00f3j<br>rz\u0119sami w rytm muzyki mnie wachluj\u0105<br>i zataczaj\u0105 w transie kr\u0105g<br>Tak je uj\u0105\u0142 ten banalny wr\u0119cz, nasz bananowy song<br>o no, no, no, no, no nasz bananowy song<\/p>\n\n\n\n<figure class=\"wp-block-table\"><table><tbody><tr><th>Autor tekstu:<\/th><td>Marek Skolarski (ps. Tomasz Rayer)<\/td><\/tr><tr><th>Kompozytor:<\/th><td>Ryszard Rynkowski<\/td><\/tr><\/tbody><\/table><\/figure>\n\n\n\n<p><a href=\"https:\/\/www.tekstowo.pl\/piosenka,vox,bananowy_song.html\">https:\/\/www.tekstowo.pl\/piosenka,vox,bananowy_song.html<\/a><\/p>\n\n\n\n<hr class=\"wp-block-separator\"\/>\n\n\n\n<h4 class=\"wp-block-heading\">0-zz.com\/0 &#8211; 0-zz.com\/z :<\/h4>\n\n\n\n<p><small><strong><a href=\"http:\/\/0-zz.com\/0\">1\ufe0f\u20e31\ufe0f\u20e3-0<\/a> |<a href=\"http:\/\/0-zz.com\/1\">1\ufe0f\u20e32\ufe0f\u20e3-1<\/a> |<a href=\"http:\/\/0-zz.com\/2\">1\ufe0f\u20e33\ufe0f\u20e3-2<\/a> |<a href=\"http:\/\/0-zz.com\/3\">1\ufe0f\u20e34\ufe0f\u20e3-3<\/a> |<a href=\"http:\/\/0-zz.com\/4\">1\ufe0f\u20e35\ufe0f\u20e3-4<\/a> |<a href=\"http:\/\/0-zz.com\/5\">1\ufe0f\u20e36\ufe0f\u20e3-5<\/a> <\/strong><\/small><br><small> <strong><a href=\"http:\/\/0-zz.com\/6\">2\ufe0f\u20e31\ufe0f\u20e3-6<\/a> |<a href=\"http:\/\/0-zz.com\/7\">2\ufe0f\u20e32\ufe0f\u20e3-7<\/a> |<a href=\"http:\/\/0-zz.com\/8\">2\ufe0f\u20e33\ufe0f\u20e3-8<\/a> |<a href=\"http:\/\/0-zz.com\/9\">2\ufe0f\u20e34\ufe0f\u20e3-9<\/a> |<a href=\"http:\/\/0-zz.com\/a\">2\ufe0f\u20e35\ufe0f\u20e3-A<\/a> |<a href=\"http:\/\/0-zz.com\/b\">2\ufe0f\u20e36\ufe0f\u20e3-B<\/a><\/strong><\/small><br><small> <strong><a href=\"http:\/\/0-zz.com\/c\">3\ufe0f\u20e31\ufe0f\u20e3-C<\/a> |<a href=\"http:\/\/0-zz.com\/d\">3\ufe0f\u20e32\ufe0f\u20e3-D<\/a> |<a href=\"http:\/\/0-zz.com\/e\">3\ufe0f\u20e33\ufe0f\u20e3-E<\/a> |<a href=\"http:\/\/0-zz.com\/f\">3\ufe0f\u20e34\ufe0f\u20e3-F<\/a> |<a href=\"http:\/\/0-zz.com\/g\">3\ufe0f\u20e35\ufe0f\u20e3-G<\/a> |<a href=\"http:\/\/0-zz.com\/h\">3\ufe0f\u20e36\ufe0f\u20e3-H<\/a><\/strong><\/small><br><small> <strong><a href=\"http:\/\/0-zz.com\/i\">4\ufe0f\u20e31\ufe0f\u20e3-I<\/a> |<a href=\"http:\/\/0-zz.com\/j\">4\ufe0f\u20e32\ufe0f\u20e3-J<\/a> |<a href=\"http:\/\/0-zz.com\/k\">4\ufe0f\u20e33\ufe0f\u20e3-K<\/a> |<a href=\"http:\/\/0-zz.com\/l\">4\ufe0f\u20e34\ufe0f\u20e3-L<\/a> |<a href=\"http:\/\/0-zz.com\/m\">4\ufe0f\u20e35\ufe0f\u20e3-M<\/a> |<a href=\"http:\/\/0-zz.com\/n\">4\ufe0f\u20e36\ufe0f\u20e3-N<\/a><\/strong><\/small><br><small> <strong><a href=\"http:\/\/0-zz.com\/o\">5\ufe0f\u20e31\ufe0f\u20e3-O<\/a> |<a href=\"http:\/\/0-zz.com\/p\">5\ufe0f\u20e32\ufe0f\u20e3-P<\/a> |<a href=\"http:\/\/0-zz.com\/q\">5\ufe0f\u20e33\ufe0f\u20e3-Q<\/a> |<a href=\"http:\/\/0-zz.com\/r\">5\ufe0f\u20e34\ufe0f\u20e3-R<\/a> |<a href=\"http:\/\/0-zz.com\/s\">5\ufe0f\u20e35\ufe0f\u20e3-S<\/a> |<a href=\"http:\/\/0-zz.com\/t\">5\ufe0f\u20e36\ufe0f\u20e3-T<\/a><\/strong><\/small><br><small> <strong><a href=\"http:\/\/0-zz.com\/u\">6\ufe0f\u20e31\ufe0f\u20e3-U<\/a> |<a href=\"http:\/\/0-zz.com\/v\">6\ufe0f\u20e32\ufe0f\u20e3-V<\/a> |<a href=\"http:\/\/0-zz.com\/w\">6\ufe0f\u20e33\ufe0f\u20e3-W<\/a> |<a href=\"http:\/\/0-zz.com\/x\">6\ufe0f\u20e34\ufe0f\u20e3-X<\/a> |<a href=\"http:\/\/0-zz.com\/y\">6\ufe0f\u20e35\ufe0f\u20e3-Y<\/a> |<a href=\"http:\/\/0-zz.com\/z\">6\ufe0f\u20e36\ufe0f\u20e3-Z<\/a><\/strong><\/small><\/p>\n\n\n\n<p>Roll 2 dice ?? 1\ufe0f\u20e32\ufe0f\u20e33\ufe0f\u20e34\ufe0f\u20e35\ufe0f\u20e36\ufe0f\u20e3<\/p>\n\n\n\n<p><a href=\"https:\/\/www.random.org\/dice\/\">https:\/\/www.random.org\/dice\/<\/a><\/p>\n\n\n\n<p><a href=\"https:\/\/www.google.com\/search?q=dice+roller\">https:\/\/www.google.com\/search?q=dice+roller<\/a><\/p>\n\n\n\n<hr class=\"wp-block-separator\"\/>\n\n\n\n<p><a href=\"https:\/\/12r.pl\/ea\/\">12r.pl\/ea<\/a>&nbsp;-&gt;&nbsp;<a href=\"https:\/\/12r.uk\/ea\/\">12r.uk\/ea<\/a>&nbsp;-&gt;&nbsp;<a href=\"https:\/\/7hi7.com\/ea\/\">7hi7.com\/ea<\/a><\/p>\n\n\n\n<p>Wikipedia.org &#8211; Play game &#8211; portals, categories, states, cities, capital cities<\/p>\n","protected":false},"excerpt":{"rendered":"<p>c &#8211; 00\/c &#8211; 00C Sylwester z Dw\u00f3jk\u0105 &#8211; Vox &#8211; Szcz\u0119\u015bliwej drogi ju\u017c czas 37K views&nbsp;\u00b7&nbsp;8 years ago TVP VOD SUBSCRIBED 906K subscribers https:\/\/m.youtube.com\/channel\/UC03sVDw-tRhwDuQACRFBpGw Los Ci\u0119 w drog\u0119 pchn\u0105\u0142I ukradkiem drwi\u0105c si\u0119 \u015bmia\u0142,Bo nadziej\u0119 daj\u0105c Ci,Fa\u0142szywy klejnot da\u0142.A Ty id\u0105c w \u015bwiatPatrzysz w klejnot ten co dniaChocia\u017c rozpacz ju\u017c od latWyziera z jego dna [&hellip;]<\/p>\n","protected":false},"author":1,"featured_media":0,"parent":0,"menu_order":0,"comment_status":"closed","ping_status":"closed","template":"","meta":{"footnotes":""},"class_list":["post-44","page","type-page","status-publish","hentry"],"_links":{"self":[{"href":"https:\/\/0-zz.com\/00\/wp-json\/wp\/v2\/pages\/44","targetHints":{"allow":["GET"]}}],"collection":[{"href":"https:\/\/0-zz.com\/00\/wp-json\/wp\/v2\/pages"}],"about":[{"href":"https:\/\/0-zz.com\/00\/wp-json\/wp\/v2\/types\/page"}],"author":[{"embeddable":true,"href":"https:\/\/0-zz.com\/00\/wp-json\/wp\/v2\/users\/1"}],"replies":[{"embeddable":true,"href":"https:\/\/0-zz.com\/00\/wp-json\/wp\/v2\/comments?post=44"}],"version-history":[{"count":6,"href":"https:\/\/0-zz.com\/00\/wp-json\/wp\/v2\/pages\/44\/revisions"}],"predecessor-version":[{"id":286,"href":"https:\/\/0-zz.com\/00\/wp-json\/wp\/v2\/pages\/44\/revisions\/286"}],"wp:attachment":[{"href":"https:\/\/0-zz.com\/00\/wp-json\/wp\/v2\/media?parent=44"}],"curies":[{"name":"wp","href":"https:\/\/api.w.org\/{rel}","templated":true}]}}