{"id":19,"date":"2020-04-07T04:32:14","date_gmt":"2020-04-07T16:32:14","guid":{"rendered":"http:\/\/0-zz.com\/00\/?page_id=19"},"modified":"2022-04-28T01:20:21","modified_gmt":"2022-04-28T13:20:21","slug":"0-2","status":"publish","type":"page","link":"https:\/\/0-zz.com\/00\/0-2\/","title":{"rendered":"0"},"content":{"rendered":"\n<h2 class=\"wp-block-heading\" id=\"0-00-0-000\">0 &#8211; 00\/0 &#8211; 000<\/h2>\n\n\n\n<figure class=\"wp-block-embed is-type-video is-provider-youtube wp-block-embed-youtube wp-embed-aspect-16-9 wp-has-aspect-ratio\"><div class=\"wp-block-embed__wrapper\">\n<iframe loading=\"lazy\" title=\"Ania Karwan - Aleja gwiazd (Cover - Live)\" width=\"580\" height=\"326\" src=\"https:\/\/www.youtube.com\/embed\/n2vjJZ3xSXc?feature=oembed\" frameborder=\"0\" allow=\"accelerometer; autoplay; clipboard-write; encrypted-media; gyroscope; picture-in-picture; web-share\" referrerpolicy=\"strict-origin-when-cross-origin\" allowfullscreen><\/iframe>\n<\/div><\/figure>\n\n\n\n<h2 class=\"wp-block-heading\" id=\"ania-karwan-aleja-gwiazd-cover-live\">Ania Karwan &#8211; Aleja gwiazd (Cover &#8211; Live)<\/h2>\n\n\n\n<p>28M views&nbsp;\u00b7&nbsp;4 years ago<\/p>\n\n\n\n<h2 class=\"wp-block-heading\" id=\"aniakarwanvevo\">AniaKarwanVEVO<\/h2>\n\n\n\n<p>SUBSCRIBED 34.4K subscribers<\/p>\n\n\n\n<p><a href=\"https:\/\/m.youtube.com\/channel\/UC65e7FNs4dWHBvgxQ3jzCSg\">https:\/\/m.youtube.com\/channel\/UC65e7FNs4dWHBvgxQ3jzCSg<\/a><\/p>\n\n\n\n<p>Jab\u0142ko i grzech &#8211; tak musi by\u0107,<br>Wojna i \u015bmiech zaraz po niej&#8230;<br>Ziele\u0144 i br\u0105z, p\u0142omie\u0144 i dym,<br>\u017cebrak i kr\u00f3l w koronie&#8230;<\/p>\n\n\n\n<p>S\u0142o\u0144ce i grad, po nocy dzie\u0144,<br>\u015bwiat\u0142o i mrok rami\u0119 w rami\u0119,<br>szampan i kac, po \u017cyciu sen<br>I nic ci ju\u017c nie zostanie&#8230;<\/p>\n\n\n\n<p>Daj mi d\u0142o\u0144, tak daleko port&#8230;<br>Gdzie dzi\u015b dom, gdzie ulica s\u0142o\u0144c?<\/p>\n\n\n\n<p>Alej\u0105 gwiazd, alej\u0105 gwiazd biegniemy, B\u00f3g drog\u0119 zna,<br>Pod niebem gwiazd, pod niebem gwiazd \u017cyjemy, a ka\u017cdy sam.<\/p>\n\n\n\n<p>Tik potem tak, luz potem blues,<br>Ping potem pong &#8211; zawsze razem<br>Zach\u00f3d i wsch\u00f3d, dziad oraz mr\u00f3z<br>Anio\u0142 i str\u00f3\u017c id\u0105 w parze&#8230;<\/p>\n\n\n\n<p>Jab\u0142ko i grzech &#8211; tak musi by\u0107,<br>wojna i \u015bmiech zaraz po niej&#8230;<br>Ziele\u0144 i br\u0105z, p\u0142omie\u0144 i dym,<br>\u017cebrak i kr\u00f3l w koronie&#8230;<\/p>\n\n\n\n<p>Daj mi d\u0142o\u0144, tak daleko port,<br>Gdzie dzi\u015b dom? Gdzie ulica s\u0142o\u0144c?<\/p>\n\n\n\n<p>Alej\u0105 gwiazd, alej\u0105 gwiazd biegniemy, B\u00f3g drog\u0119 zna,<br>pod niebem gwiazd, pod niebem gwiazd \u017cyjemy.<br>Alej\u0105 gwiazd, alej\u0105 gwiazd biegniemy, B\u00f3g drog\u0119 zna,<br>pod niebem gwiazd, pod niebem gwiazd \u017cyjemy, a ka\u017cdy sam.<\/p>\n\n\n\n<p>Alej\u0105 gwiazd, alej\u0105 gwiazd biegniemy,<br>pod niebem gwiazd \u017cyjemy, ka\u017cdy sam.<\/p>\n\n\n\n<figure class=\"wp-block-table\"><table><tbody><tr><th>Autor tekstu:<\/th><td>Marek Wojciech Dutkiewicz<\/td><\/tr><tr><th>Kompozytor:<\/th><td>Romuald Ryszard Lipko<\/td><\/tr><\/tbody><\/table><\/figure>\n\n\n\n<p><a href=\"https:\/\/www.tekstowo.pl\/piosenka,anna_karwan,aleja_gwiazd.html\">https:\/\/www.tekstowo.pl\/piosenka,anna_karwan,aleja_gwiazd.html<\/a><\/p>\n\n\n\n<hr class=\"wp-block-separator\"\/>\n\n\n\n<h4 class=\"wp-block-heading\">0-zz.com\/0 &#8211; 0-zz.com\/z :<\/h4>\n\n\n\n<p><small><strong><a href=\"http:\/\/0-zz.com\/0\">1\ufe0f\u20e31\ufe0f\u20e3-0<\/a> |<a href=\"http:\/\/0-zz.com\/1\">1\ufe0f\u20e32\ufe0f\u20e3-1<\/a> |<a href=\"http:\/\/0-zz.com\/2\">1\ufe0f\u20e33\ufe0f\u20e3-2<\/a> |<a href=\"http:\/\/0-zz.com\/3\">1\ufe0f\u20e34\ufe0f\u20e3-3<\/a> |<a href=\"http:\/\/0-zz.com\/4\">1\ufe0f\u20e35\ufe0f\u20e3-4<\/a> |<a href=\"http:\/\/0-zz.com\/5\">1\ufe0f\u20e36\ufe0f\u20e3-5<\/a> <\/strong><\/small><br><small> <strong><a href=\"http:\/\/0-zz.com\/6\">2\ufe0f\u20e31\ufe0f\u20e3-6<\/a> |<a href=\"http:\/\/0-zz.com\/7\">2\ufe0f\u20e32\ufe0f\u20e3-7<\/a> |<a href=\"http:\/\/0-zz.com\/8\">2\ufe0f\u20e33\ufe0f\u20e3-8<\/a> |<a href=\"http:\/\/0-zz.com\/9\">2\ufe0f\u20e34\ufe0f\u20e3-9<\/a> |<a href=\"http:\/\/0-zz.com\/a\">2\ufe0f\u20e35\ufe0f\u20e3-A<\/a> |<a href=\"http:\/\/0-zz.com\/b\">2\ufe0f\u20e36\ufe0f\u20e3-B<\/a><\/strong><\/small><br><small> <strong><a href=\"http:\/\/0-zz.com\/c\">3\ufe0f\u20e31\ufe0f\u20e3-C<\/a> |<a href=\"http:\/\/0-zz.com\/d\">3\ufe0f\u20e32\ufe0f\u20e3-D<\/a> |<a href=\"http:\/\/0-zz.com\/e\">3\ufe0f\u20e33\ufe0f\u20e3-E<\/a> |<a href=\"http:\/\/0-zz.com\/f\">3\ufe0f\u20e34\ufe0f\u20e3-F<\/a> |<a href=\"http:\/\/0-zz.com\/g\">3\ufe0f\u20e35\ufe0f\u20e3-G<\/a> |<a href=\"http:\/\/0-zz.com\/h\">3\ufe0f\u20e36\ufe0f\u20e3-H<\/a><\/strong><\/small><br><small> <strong><a href=\"http:\/\/0-zz.com\/i\">4\ufe0f\u20e31\ufe0f\u20e3-I<\/a> |<a href=\"http:\/\/0-zz.com\/j\">4\ufe0f\u20e32\ufe0f\u20e3-J<\/a> |<a href=\"http:\/\/0-zz.com\/k\">4\ufe0f\u20e33\ufe0f\u20e3-K<\/a> |<a href=\"http:\/\/0-zz.com\/l\">4\ufe0f\u20e34\ufe0f\u20e3-L<\/a> |<a href=\"http:\/\/0-zz.com\/m\">4\ufe0f\u20e35\ufe0f\u20e3-M<\/a> |<a href=\"http:\/\/0-zz.com\/n\">4\ufe0f\u20e36\ufe0f\u20e3-N<\/a><\/strong><\/small><br><small> <strong><a href=\"http:\/\/0-zz.com\/o\">5\ufe0f\u20e31\ufe0f\u20e3-O<\/a> |<a href=\"http:\/\/0-zz.com\/p\">5\ufe0f\u20e32\ufe0f\u20e3-P<\/a> |<a href=\"http:\/\/0-zz.com\/q\">5\ufe0f\u20e33\ufe0f\u20e3-Q<\/a> |<a href=\"http:\/\/0-zz.com\/r\">5\ufe0f\u20e34\ufe0f\u20e3-R<\/a> |<a href=\"http:\/\/0-zz.com\/s\">5\ufe0f\u20e35\ufe0f\u20e3-S<\/a> |<a href=\"http:\/\/0-zz.com\/t\">5\ufe0f\u20e36\ufe0f\u20e3-T<\/a><\/strong><\/small><br><small> <strong><a href=\"http:\/\/0-zz.com\/u\">6\ufe0f\u20e31\ufe0f\u20e3-U<\/a> |<a href=\"http:\/\/0-zz.com\/v\">6\ufe0f\u20e32\ufe0f\u20e3-V<\/a> |<a href=\"http:\/\/0-zz.com\/w\">6\ufe0f\u20e33\ufe0f\u20e3-W<\/a> |<a href=\"http:\/\/0-zz.com\/x\">6\ufe0f\u20e34\ufe0f\u20e3-X<\/a> |<a href=\"http:\/\/0-zz.com\/y\">6\ufe0f\u20e35\ufe0f\u20e3-Y<\/a> |<a href=\"http:\/\/0-zz.com\/z\">6\ufe0f\u20e36\ufe0f\u20e3-Z<\/a><\/strong><\/small><\/p>\n\n\n\n<p>Roll 2 dice ?? 1\ufe0f\u20e32\ufe0f\u20e33\ufe0f\u20e34\ufe0f\u20e35\ufe0f\u20e36\ufe0f\u20e3<\/p>\n\n\n\n<p><a href=\"https:\/\/www.random.org\/dice\/\">https:\/\/www.random.org\/dice\/<\/a><\/p>\n\n\n\n<p><a href=\"https:\/\/www.google.com\/search?q=dice+roller\">https:\/\/www.google.com\/search?q=dice+roller<\/a><\/p>\n\n\n\n<hr class=\"wp-block-separator\"\/>\n\n\n\n<p><a href=\"https:\/\/12r.pl\/ea\/\">12r.pl\/ea<\/a>&nbsp;-&gt;&nbsp;<a href=\"https:\/\/12r.uk\/ea\/\">12r.uk\/ea<\/a>&nbsp;-&gt;&nbsp;<a href=\"https:\/\/7hi7.com\/ea\/\">7hi7.com\/ea<\/a><\/p>\n\n\n\n<p>Wikipedia.org &#8211; Play game &#8211; portals, categories, states, cities, capital cities<\/p>\n","protected":false},"excerpt":{"rendered":"<p>0 &#8211; 00\/0 &#8211; 000 Ania Karwan &#8211; Aleja gwiazd (Cover &#8211; Live) 28M views&nbsp;\u00b7&nbsp;4 years ago AniaKarwanVEVO SUBSCRIBED 34.4K subscribers https:\/\/m.youtube.com\/channel\/UC65e7FNs4dWHBvgxQ3jzCSg Jab\u0142ko i grzech &#8211; tak musi by\u0107,Wojna i \u015bmiech zaraz po niej&#8230;Ziele\u0144 i br\u0105z, p\u0142omie\u0144 i dym,\u017cebrak i kr\u00f3l w koronie&#8230; S\u0142o\u0144ce i grad, po nocy dzie\u0144,\u015bwiat\u0142o i mrok rami\u0119 w rami\u0119,szampan i [&hellip;]<\/p>\n","protected":false},"author":1,"featured_media":0,"parent":0,"menu_order":0,"comment_status":"closed","ping_status":"closed","template":"","meta":{"footnotes":""},"class_list":["post-19","page","type-page","status-publish","hentry"],"_links":{"self":[{"href":"https:\/\/0-zz.com\/00\/wp-json\/wp\/v2\/pages\/19","targetHints":{"allow":["GET"]}}],"collection":[{"href":"https:\/\/0-zz.com\/00\/wp-json\/wp\/v2\/pages"}],"about":[{"href":"https:\/\/0-zz.com\/00\/wp-json\/wp\/v2\/types\/page"}],"author":[{"embeddable":true,"href":"https:\/\/0-zz.com\/00\/wp-json\/wp\/v2\/users\/1"}],"replies":[{"embeddable":true,"href":"https:\/\/0-zz.com\/00\/wp-json\/wp\/v2\/comments?post=19"}],"version-history":[{"count":5,"href":"https:\/\/0-zz.com\/00\/wp-json\/wp\/v2\/pages\/19\/revisions"}],"predecessor-version":[{"id":273,"href":"https:\/\/0-zz.com\/00\/wp-json\/wp\/v2\/pages\/19\/revisions\/273"}],"wp:attachment":[{"href":"https:\/\/0-zz.com\/00\/wp-json\/wp\/v2\/media?parent=19"}],"curies":[{"name":"wp","href":"https:\/\/api.w.org\/{rel}","templated":true}]}}